000
CXUS56 KHNX 271146
CF6MCE
PRELIMINARY LOCAL CLIMATOLOGICAL DATA (WS FORM: F-6)

                                          STATION:   MERCED CA AIRPORT
                                          MONTH:     DECEMBER
                                          YEAR:      2014
                                          LATITUDE:   37 16 N
                                          LONGITUDE: 120 36 W

  TEMPERATURE IN F:       :PCPN:    SNOW:  WIND      :SUNSHINE: SKY     :PK WND
================================================================================
1   2   3   4   5  6A  6B    7    8   9   10  11  12  13   14  15   16   17  18
                                     12Z  AVG MX 2MIN
DY MAX MIN AVG DEP HDD CDD  WTR  SNW DPTH SPD SPD DIR MIN PSBL S-S WX    SPD DR
================================================================================

 1  71  45  58  11   7   0 0.00  0.0    0  2.4 10 220   M    M   1 18     13 210
 2  60  45  53   6  12   0 0.66  0.0    0 10.5 21 150   M    M   7 128    27 140
 3  70  60  65  18   0   0 0.20  0.0    0 13.8 24 140   M    M   9        31 150
 4  70  53  62  16   3   0 0.05  0.0    0  5.2 13 150   M    M   4 1      16 140
 5  66  53  60  14   5   0    T  0.0    0  5.5 14 120   M    M   5 18     16 120
 6  71  53  62  16   3   0    T  0.0    0  2.4 10 140   M    M   2 18     13 140
 7  65  47  56  10   9   0 0.00  0.0    0  3.0 10  80   M    M   1 128    12  70
 8  62  45  54   8  11   0 0.00  0.0    0  2.0 10 260   M    M   8 128    12 260
 9  57  51  54   9  11   0 0.00  0.0    0  3.5 15 300   M    M  10 12     28 320
10  56  51  54   9  11   0 0.00  0.0    0  7.2 14 130   M    M   7 128     M  M
11  67  51  59  14   6   0 0.60  0.0    0 15.9 35 140   M    M   5 18     46 150
12  53  50  52   7  13   0 1.26  0.0    0  3.9 13  60   M    M  10 1      15  60
13  54  44  49   4  16   0    T  0.0    0  3.2  8  30   M    M   8 128    10 320
14  54  42  48   4  17   0 0.00  0.0    0  4.8 12 130   M    M   5 128    16 170
15  54  44  49   5  16   0 0.18  0.0    0  7.3 22 130   M    M   9 128    28 130
16  63  44  54  10  11   0 0.21  0.0    0  8.7 16 150   M    M   4 1      20 140
17  59  45  52   8  13   0 0.06  0.0    0  3.0 10 110   M    M   5 128    13 120
18  61  47  54  10  11   0 0.01  0.0    0  5.8 13 130   M    M   3 18     15 140
19  58  44  51   7  14   0 0.05  0.0    0  6.1 15 130   M    M   6 1      18 150
20  60  53  57  13   8   0 0.07  0.0    0  3.4 10 120   M    M  10 18     13 110
21  65  49  57  13   8   0 0.00  0.0    0  4.4 16 320   M    M   6 128    20 320
22  58  50  54  10  11   0 0.01  0.0    0  4.1 10 350   M    M   9 12     17 360
23  64  45  55  11  10   0 0.00  0.0    0  2.5  7 270   M    M   4 128    11  90
24  58  43  51   7  14   0 0.03  0.0    0  6.1 17 320   M    M   4 128    22 320
25  57  39  48   4  17   0 0.00  0.0    0 17.9 30 330   M    M   0        39 320
26  53  33  43  -1  22   0 0.00  0.0    0  2.5  8  10   M    M   0 18      M  M
================================================================================
SM 1586 1226       279   0  3.39     0.0 155.1          M      142
================================================================================
AV 61.0 47.2                               6.0 FASTST   M    M   5    MAX(MPH)
                                 MISC ---->  # 35 140               # 46  150
================================================================================
NOTES:
# LAST OF SEVERAL OCCURRENCES

COLUMN 17 PEAK WIND IN M.P.H.

PRELIMINARY LOCAL CLIMATOLOGICAL DATA (WS FORM: F-6) , PAGE 2

                                          STATION:  MERCED CA AIRPORT
                                          MONTH:    DECEMBER
                                          YEAR:     2014
                                          LATITUDE:   37 16 N
                                          LONGITUDE: 120 36 W

[TEMPERATURE DATA]      [PRECIPITATION DATA]       SYMBOLS USED IN COLUMN 16

AVERAGE MONTHLY: 54.1   TOTAL FOR MONTH:   3.39    1 = FOG OR MIST
DPTR FM NORMAL:   9.2   DPTR FM NORMAL:    2.22    2 = FOG REDUCING VISIBILITY
HIGHEST:    71 ON  6, 1 GRTST 24HR  1.84 ON 11-12      TO 1/4 MILE OR LESS
LOWEST:     33 ON 26                               3 = THUNDER
                        SNOW, ICE PELLETS, HAIL    4 = ICE PELLETS
                        TOTAL MONTH:   0.0 INCH    5 = HAIL
                        GRTST 24HR     0.0         6 = FREEZING RAIN OR DRIZZLE
                        GRTST DEPTH:   0           7 = DUSTSTORM OR SANDSTORM:
                                                       VSBY 1/2 MILE OR LESS
                                                   8 = SMOKE OR HAZE
[NO. OF DAYS WITH]      [WEATHER - DAYS WITH]      9 = BLOWING SNOW
                                                   X = TORNADO
MAX 32 OR BELOW:   0    0.01 INCH OR MORE:  13
MAX 90 OR ABOVE:   0    0.10 INCH OR MORE:   6
MIN 32 OR BELOW:   0    0.50 INCH OR MORE:   3
MIN  0 OR BELOW:   0    1.00 INCH OR MORE:   1

[HDD (BASE 65) ]
TOTAL THIS MO.   279    CLEAR  (SCALE 0-3)   5
DPTR FM NORMAL  -243    PTCLDY (SCALE 4-7)  14
TOTAL FM JUL 1   564    CLOUDY (SCALE 8-10)  7
DPTR FM NORMAL  -447

[CDD (BASE 65) ]
TOTAL THIS MO.     0
DPTR FM NORMAL     0    [PRESSURE DATA]
TOTAL FM JAN 1  2147    HIGHEST SLP M ON M
DPTR FM NORMAL   739    LOWEST  SLP 29.59 ON 11

[REMARKS]
