000
CXAK56 PAFG 221405
CF6MCG
PRELIMINARY LOCAL CLIMATOLOGICAL DATA (WS FORM: F-6)

                                          STATION:   MCGRATH AK
                                          MONTH:     JULY
                                          YEAR:      2017
                                          LATITUDE:   62 57 N
                                          LONGITUDE: 155 36 W

  TEMPERATURE IN F:       :PCPN:    SNOW:  WIND      :SUNSHINE: SKY     :PK WND
================================================================================
1   2   3   4   5  6A  6B    7    8   9   10  11  12  13   14  15   16   17  18
                                     12Z  AVG MX 2MIN
DY MAX MIN AVG DEP HDD CDD  WTR  SNW DPTH SPD SPD DIR MIN PSBL S-S WX    SPD DR
================================================================================

 1  72  52  62   1   3   0 0.00  0.0    0  6.2 13 340   M    M   5        17 290
 2  74  52  63   2   2   0    T  0.0    0  4.2 14 360   M    M   6        17 330
 3  73  53  63   2   2   0 0.04  0.0    0  4.5 10 250   M    M   8         M  M
 4  75  56  66   5   0   1 0.05  0.0    0  3.5 14 250   M    M   6 13     17 290
 5  77  56  67   6   0   2 0.00  0.0    0  2.5  9 260   M    M   6        12 240
 6  78  57  68   7   0   3 0.00  0.0    0  5.5 15 230   M    M   5        22 210
 7  67  55  61   0   4   0    T  0.0    0  4.4 13 160   M    M   5        15 160
 8  78  49  64   3   1   0 0.01  0.0    0  1.8 12  40   M    M   5 1      16  40
 9  64  53  59  -2   6   0 0.90  0.0    0  7.7 20 200   M    M   9 1      31 170
10  71  50  61   0   4   0 0.00  0.0    0  4.0  8 350   M    M   4        12 320
11  73  55  64   3   1   0 0.00  0.0    0  6.2 15  30   M    M   7        21  30
12  82  56  69   8   0   4 0.00  0.0    0  5.6 12 350   M    M   3        16  10
13  85  62  74  13   0   9 0.00  0.0    0  3.1 12 350   M    M   1 8      15  20
14  80  56  68   7   0   3 0.00  0.0    0  4.5 20 200   M    M   1 8      29 210
15  72  59  66   5   0   1 0.00  0.0    0  7.6 13 210   M    M   7         M  M
16  71  52  62   2   3   0 0.00  0.0    0  3.4 12 230   M    M   7        15 150
17  71  53  62   2   3   0 0.00  0.0    0  7.2 20 200   M    M   6        27 190
18  63  56  60   0   5   0 0.27  0.0    0  4.9 13 220   M    M  10 1      17 220
19  75  54  65   5   0   0 0.03  0.0    0  5.7 17  80   M    M   5 1      25  60
20  74  50  62   2   3   0    T  0.0    0  2.9 10 310   M    M   8        13 320
21  78  58  68   8   0   3 0.00  0.0    0  4.4 12 340   M    M   3        17 330
================================================================================
SM 1553 1144        37  26  1.30     0.0  99.8          M      117
================================================================================
AV 74.0 54.5                               4.8 FASTST   M    M   6    MAX(MPH)
                                 MISC ---->  # 20 200               # 31  170
================================================================================
NOTES:
# LAST OF SEVERAL OCCURRENCES

COLUMN 17 PEAK WIND IN M.P.H.

PRELIMINARY LOCAL CLIMATOLOGICAL DATA (WS FORM: F-6) , PAGE 2

                                          STATION:  MCGRATH AK
                                          MONTH:    JULY
                                          YEAR:     2017
                                          LATITUDE:   62 57 N
                                          LONGITUDE: 155 36 W

[TEMPERATURE DATA]      [PRECIPITATION DATA]       SYMBOLS USED IN COLUMN 16

AVERAGE MONTHLY: 64.2   TOTAL FOR MONTH:   1.30    1 = FOG OR MIST
DPTR FM NORMAL:   3.5   DPTR FM NORMAL:   -0.23    2 = FOG REDUCING VISIBILITY
HIGHEST:    85 ON 13    GRTST 24HR  0.90 ON  9- 9      TO 1/4 MILE OR LESS
LOWEST:     49 ON  8                               3 = THUNDER
                        SNOW, ICE PELLETS, HAIL    4 = ICE PELLETS
                        TOTAL MONTH:   0.0 INCH    5 = HAIL
                        GRTST 24HR     0.0         6 = FREEZING RAIN OR DRIZZLE
                        GRTST DEPTH:   0           7 = DUSTSTORM OR SANDSTORM:
                                                       VSBY 1/2 MILE OR LESS
                                                   8 = SMOKE OR HAZE
[NO. OF DAYS WITH]      [WEATHER - DAYS WITH]      9 = BLOWING SNOW
                                                   X = TORNADO
MAX 32 OR BELOW:   0    0.01 INCH OR MORE:   6
MAX 90 OR ABOVE:   0    0.10 INCH OR MORE:   2
MIN 32 OR BELOW:   0    0.50 INCH OR MORE:   1
MIN  0 OR BELOW:   0    1.00 INCH OR MORE:   0

[HDD (BASE 65) ]
TOTAL THIS MO.    37    CLEAR  (SCALE 0-3)   3
DPTR FM NORMAL   -70    PTCLDY (SCALE 4-7)  15
TOTAL FM JUL 1    37    CLOUDY (SCALE 8-10)  3
DPTR FM NORMAL   -70

[CDD (BASE 65) ]
TOTAL THIS MO.    26
DPTR FM NORMAL    15    [PRESSURE DATA]
TOTAL FM JAN 1    27    HIGHEST SLP M ON M
DPTR FM NORMAL    10    LOWEST  SLP 29.53 ON 21

[REMARKS]
