000
CXUS53 KGLD 170800
CF6MCK
PRELIMINARY LOCAL CLIMATOLOGICAL DATA (WS FORM: F-6)

                                          STATION:   MCCOOK NE
                                          MONTH:     DECEMBER
                                          YEAR:      2017
                                          LATITUDE:   40 13 N
                                          LONGITUDE: 100 35 W

  TEMPERATURE IN F:       :PCPN:    SNOW:  WIND      :SUNSHINE: SKY     :PK WND
================================================================================
1   2   3   4   5  6A  6B    7    8   9   10  11  12  13   14  15   16   17  18
                                     12Z  AVG MX 2MIN
DY MAX MIN AVG DEP HDD CDD  WTR  SNW DPTH SPD SPD DIR MIN PSBL S-S WX    SPD DR
================================================================================

 1  56  19  38   7  27   0 0.00    M    M  3.8 10  10   M    M   0        14 220
 2  63  21  42  11  23   0 0.00    M    M  6.8 14 180   M    M   0        18 170
 3  60  28  44  14  21   0 0.00    M    M  5.8 18 160   M    M   0 1      25 160
 4  46  16  31   1  34   0 0.00    M    M 18.3 45 330   M    M   2 1      54 330
 5  47  12  30   0  35   0 0.00    M    M 13.7 25 290   M    M   1        33 310
 6  45  13  29   0  36   0    T    M    M 17.1 37 360   M    M   3 18     45 360
 7  35   3  19 -10  46   0 0.00    M    M  8.1 16 320   M    M   0        20 330
 8  48  28  38   9  27   0 0.00    M    M 16.0 32 340   M    M   5        40 360
 9  57  27  42  13  23   0 0.00    M    M 12.3 23 340   M    M   0        30 350
10  65  30  48  20  17   0 0.00    M    M 14.4 22 280   M    M   0        28 290
11  57  26  42  14  23   0 0.00    M    M 17.6 41 340   M    M   0        54 330
12  59  18  39  11  26   0 0.00    M    M  9.3 15 270   M    M   0        18 270
13  56  31  44  16  21   0 0.00    M    M 17.3 36 340   M    M   0 8      46 330
14  43  23  33   5  32   0 0.00    M    M 14.4 32 360   M    M   9        41 340
15  59  15  37   9  28   0 0.00    M    M  9.7 21 260   M    M   0        26 270
16  56  23  40  12  25   0 0.00    M    M 13.0 26  40   M    M   0        35  50
================================================================================
SM  852  333       444   0    T     M    197.6          M       20
================================================================================
AV 53.3 20.8                              12.4 FASTST   M    M   1    MAX(MPH)
                                 MISC ---->  # 45 330               # 54  330
================================================================================
NOTES:
# LAST OF SEVERAL OCCURRENCES

COLUMN 17 PEAK WIND IN M.P.H.

PRELIMINARY LOCAL CLIMATOLOGICAL DATA (WS FORM: F-6) , PAGE 2

                                          STATION:  MCCOOK NE
                                          MONTH:    DECEMBER
                                          YEAR:     2017
                                          LATITUDE:   40 13 N
                                          LONGITUDE: 100 35 W

[TEMPERATURE DATA]      [PRECIPITATION DATA]       SYMBOLS USED IN COLUMN 16

AVERAGE MONTHLY: 37.0   TOTAL FOR MONTH:      T    1 = FOG OR MIST
DPTR FM NORMAL:   8.0   DPTR FM NORMAL:   -0.34    2 = FOG REDUCING VISIBILITY
HIGHEST:    65 ON 10    GRTST 24HR    T  ON  6- 6      TO 1/4 MILE OR LESS
LOWEST:      3 ON  7                               3 = THUNDER
                        SNOW, ICE PELLETS, HAIL    4 = ICE PELLETS
                        TOTAL MONTH:    M          5 = HAIL
                        GRTST 24HR    M  ON   M    6 = FREEZING RAIN OR DRIZZLE
                        GRTST DEPTH:  M  ON   M    7 = DUSTSTORM OR SANDSTORM:
                                                       VSBY 1/2 MILE OR LESS
                                                   8 = SMOKE OR HAZE
[NO. OF DAYS WITH]      [WEATHER - DAYS WITH]      9 = BLOWING SNOW
                                                   X = TORNADO
MAX 32 OR BELOW:   0    0.01 INCH OR MORE:   0
MAX 90 OR ABOVE:   0    0.10 INCH OR MORE:   0
MIN 32 OR BELOW:  16    0.50 INCH OR MORE:   0
MIN  0 OR BELOW:   0    1.00 INCH OR MORE:   0

[HDD (BASE 65) ]
TOTAL THIS MO.   444    CLEAR  (SCALE 0-3)  13
DPTR FM NORMAL  -133    PTCLDY (SCALE 4-7)   2
TOTAL FM JUL 1  1574    CLOUDY (SCALE 8-10)  1
DPTR FM NORMAL  -366

[CDD (BASE 65) ]
TOTAL THIS MO.     0
DPTR FM NORMAL     0    [PRESSURE DATA]
TOTAL FM JAN 1  1241    HIGHEST SLP M ON M
DPTR FM NORMAL   285    LOWEST  SLP 29.40 ON  3

[REMARKS]
