000
CXUS52 KFFC 271110
CF6MCN
PRELIMINARY LOCAL CLIMATOLOGICAL DATA (WS FORM: F-6)

                                          STATION:   MACON
                                          MONTH:     FEBRUARY
                                          YEAR:      2015
                                          LATITUDE:   32 42 N
                                          LONGITUDE:  83 39 W

  TEMPERATURE IN F:       :PCPN:    SNOW:  WIND      :SUNSHINE: SKY     :PK WND
================================================================================
1   2   3   4   5  6A  6B    7    8   9   10  11  12  13   14  15   16   17  18
                                     12Z  AVG MX 2MIN
DY MAX MIN AVG DEP HDD CDD  WTR  SNW DPTH SPD SPD DIR MIN PSBL S-S WX    SPD DR
================================================================================

 1  66  33  50   2  15   0 0.14  0.0    0  6.0 17 190   M    M   5 1      28 180
 2  61  32  47  -1  18   0 0.10  0.0    0 13.0 29 310   M    M   5 1      38 300
 3  51  24  38 -10  27   0 0.00  0.0    0  1.3  9 340   M    M   0        12 350
 4  49  29  39  -9  26   0 0.07    M    0  1.0  6  50   M    M   4 1       7  50
 5  61  35  48   0  17   0 0.05    M    0  7.8 22  10   M    M   2 1      29  10
 6  52  23  38 -10  27   0 0.00  0.0    0  2.3  9 130   M    M   0        13  90
 7  63  24  44  -4  21   0 0.00  0.0    0  3.4 13 220   M    M   0        28 330
 8  69  31  50   1  15   0 0.00  0.0    0  4.3 15 220   M    M   0        21 220
 9  68  50  59  10   6   0 0.38  0.0    0  5.7 17 260   M    M   8 13     33 210
10  59  40  50   1  15   0 0.00  0.0    0  7.3 17 320   M    M   5        24 340
11  64  30  47  -2  18   0 0.00  0.0    0  3.5 13 250   M    M   0        18  10
12  60  30  45  -4  20   0 0.00  0.0    0 12.2 25 300   M    M   0        32 290
13  47  24  36 -14  29   0 0.00  0.0    0  3.6 14 340   M    M   0        18 340
14  61  23  42  -8  23   0 0.00  0.0    0  8.1 22 260   M    M   0 8      30 260
15  53  31  42  -8  23   0 0.00  0.0    0  6.3 20 330   M    M   1        28 330
16  61  34  48  -2  17   0 0.13  0.0    0  8.3 18 200   M    M   7 1      28 200
17  60  30  45  -5  20   0 0.55  0.0    0  8.5 20 330   M    M   5 1      26 200
18  49  25  37 -14  28   0 0.00  0.0    0 11.9 25 280   M    M   1        35 280
19  34  19  27 -24  38   0 0.00  0.0    0 10.7 22 330   M    M   0        32 320
20  37  18  28 -23  37   0 0.00  0.0    0  3.6 12 350   M    M   7        15 320
21  65  26  46  -5  19   0 0.00  0.0    0  7.9 22 170   M    M   4        29 210
22  69  49  59   7   6   0 0.39  0.0    0  3.4 15 230   M    M  10 18     20 230
23  61  46  54   2  11   0 0.49  0.0    0  7.1 18 320   M    M   7 1      24 340
24  46  36  41 -11  24   0 0.35    M    0  4.1 16 330   M    M   9 12     20  20
25  43  34  39 -13  26   0 1.66  0.0    0  4.3 16  90   M    M   8 12     21  80
26  52  37  45  -7  20   0 0.02  0.0    0  7.7 14 360   M    M   9 1      18 340
================================================================================
SM 1461  813       546   0  4.33     0.0 163.3          M       97
================================================================================
AV 56.2 31.3                               6.3 FASTST   M    M   4    MAX(MPH)
                                 MISC ---->  # 29 310               # 38  300
================================================================================
NOTES:
# LAST OF SEVERAL OCCURRENCES

COLUMN 17 PEAK WIND IN M.P.H.

PRELIMINARY LOCAL CLIMATOLOGICAL DATA (WS FORM: F-6) , PAGE 2

                                          STATION:  MACON
                                          MONTH:    FEBRUARY
                                          YEAR:     2015
                                          LATITUDE:   32 42 N
                                          LONGITUDE:  83 39 W

[TEMPERATURE DATA]      [PRECIPITATION DATA]       SYMBOLS USED IN COLUMN 16

AVERAGE MONTHLY: 43.7   TOTAL FOR MONTH:   4.33    1 = FOG OR MIST
DPTR FM NORMAL:  -6.1   DPTR FM NORMAL:    0.27    2 = FOG REDUCING VISIBILITY
HIGHEST:    69 ON 22, 8 GRTST 24HR  1.68 ON 25-26      TO 1/4 MILE OR LESS
LOWEST:     18 ON 20                               3 = THUNDER
                        SNOW, ICE PELLETS, HAIL    4 = ICE PELLETS
                        TOTAL MONTH:   0.0 INCH    5 = HAIL
                        GRTST 24HR     0.0         6 = FREEZING RAIN OR DRIZZLE
                        GRTST DEPTH:   0           7 = DUSTSTORM OR SANDSTORM:
                                                       VSBY 1/2 MILE OR LESS
                                                   8 = SMOKE OR HAZE
[NO. OF DAYS WITH]      [WEATHER - DAYS WITH]      9 = BLOWING SNOW
                                                   X = TORNADO
MAX 32 OR BELOW:   0    0.01 INCH OR MORE:  12
MAX 90 OR ABOVE:   0    0.10 INCH OR MORE:   9
MIN 32 OR BELOW:  16    0.50 INCH OR MORE:   2
MIN  0 OR BELOW:   0    1.00 INCH OR MORE:   1

[HDD (BASE 65) ]
TOTAL THIS MO.   546    CLEAR  (SCALE 0-3)  12
DPTR FM NORMAL   150    PTCLDY (SCALE 4-7)  11
TOTAL FM JUL 1  2170    CLOUDY (SCALE 8-10)  3
DPTR FM NORMAL   269

[CDD (BASE 65) ]
TOTAL THIS MO.     0
DPTR FM NORMAL     0    [PRESSURE DATA]
TOTAL FM JAN 1     0    HIGHEST SLP M ON M
DPTR FM NORMAL    -1    LOWEST  SLP 29.65 ON  2

[REMARKS]
