000
CXUS52 KFFC 261110
CF6MCN
PRELIMINARY LOCAL CLIMATOLOGICAL DATA (WS FORM: F-6)

                                          STATION:   MACON
                                          MONTH:     JULY
                                          YEAR:      2017
                                          LATITUDE:   32 42 N
                                          LONGITUDE:  83 39 W

  TEMPERATURE IN F:       :PCPN:    SNOW:  WIND      :SUNSHINE: SKY     :PK WND
================================================================================
1   2   3   4   5  6A  6B    7    8   9   10  11  12  13   14  15   16   17  18
                                     12Z  AVG MX 2MIN
DY MAX MIN AVG DEP HDD CDD  WTR  SNW DPTH SPD SPD DIR MIN PSBL S-S WX    SPD DR
================================================================================

 1  92  72  82   1   0  17 2.44  0.0    0  6.2 23 200   M    M   4 13     30 200
 2  90  70  80  -1   0  15 0.08  0.0    0  3.8 26 300   M    M   2 13     34 300
 3  91  73  82   1   0  17 0.00  0.0    0  4.8 17 280   M    M   3        22 290
 4  95  71  83   2   0  18 0.00  0.0    0  3.9 13 260   M    M   0 1      17 220
 5  95  71  83   2   0  18 0.00  0.0    0  2.7 16 290   M    M   1 1      21 290
 6  94  73  84   2   0  19 0.00  0.0    0  5.0 15 230   M    M   1 1      20 240
 7  94  74  84   2   0  19 0.13  0.0    0  6.9 31 240   M    M   1 3      37 240
 8  93  72  83   1   0  18 0.04  0.0    0  6.0 23 280   M    M   2 13     31 250
 9  90  71  81  -1   0  16 0.05  0.0    0  2.8 16 240   M    M   5 1238   21 240
10  92  71  82   0   0  17 0.00  0.0    0  3.5 21 180   M    M   1 13     29 170
11  91  72  82   0   0  17 0.00  0.0    0  3.8 10 200   M    M   4 13     14 200
12  95  72  84   2   0  19 0.00  0.0    0  2.3 16 280   M    M   2        20 280
13  95  73  84   2   0  19 0.00  0.0    0  3.6 12 160   M    M   1        15 190
14  95  71  83   1   0  18 0.00  0.0    0  2.9 12 170   M    M   1        16 110
15  94  73  84   2   0  19 0.03  0.0    0  3.9 24 230   M    M   1 13     33 240
16  92  72  82   0   0  17 0.05  0.0    0  4.9 26 220   M    M   5 3      36 230
17  88  71  80  -2   0  15 0.00  0.0    0  3.3  9 190   M    M   6        12 140
18  92  72  82   0   0  17 0.00  0.0    0  3.0  9 150   M    M   5 1      13 160
19  96  72  84   2   0  19    T  0.0    0  3.5 13 290   M    M   1 3      16 280
20  98  72  85   3   0  20 0.00  0.0    0  2.8 10 150   M    M   0 1      14 260
21  98  72  85   3   0  20 0.00  0.0    0  3.3 17 200   M    M   2 3      22 210
22  94  72  83   1   0  18 0.00  0.0    0  4.0 12 230   M    M   1        17 200
23  93  75  84   2   0  19 0.06  0.0    0  5.4 15  50   M    M   3 13     17  80
24  94  74  84   2   0  19 0.23  0.0    0  6.9 22 240   M    M   4 13     26 240
25  87  72  80  -2   0  15 0.06  0.0    0  2.5 10 250   M    M   3 13     13 250
================================================================================
SM 2328 1803         0 445  3.17     0.0 101.7          M       59
================================================================================
AV 93.1 72.1                               4.1 FASTST   M    M   2    MAX(MPH)
                                 MISC ---->  # 31 240               # 37  240
================================================================================
NOTES:
# LAST OF SEVERAL OCCURRENCES

COLUMN 17 PEAK WIND IN M.P.H.

PRELIMINARY LOCAL CLIMATOLOGICAL DATA (WS FORM: F-6) , PAGE 2

                                          STATION:  MACON
                                          MONTH:    JULY
                                          YEAR:     2017
                                          LATITUDE:   32 42 N
                                          LONGITUDE:  83 39 W

[TEMPERATURE DATA]      [PRECIPITATION DATA]       SYMBOLS USED IN COLUMN 16

AVERAGE MONTHLY: 82.6   TOTAL FOR MONTH:   3.17    1 = FOG OR MIST
DPTR FM NORMAL:   0.8   DPTR FM NORMAL:   -0.88    2 = FOG REDUCING VISIBILITY
HIGHEST:    98 ON 21,20 GRTST 24HR  2.44 ON  1- 1      TO 1/4 MILE OR LESS
LOWEST:     70 ON  2                               3 = THUNDER
                        SNOW, ICE PELLETS, HAIL    4 = ICE PELLETS
                        TOTAL MONTH:   0.0 INCH    5 = HAIL
                        GRTST 24HR     0.0         6 = FREEZING RAIN OR DRIZZLE
                        GRTST DEPTH:   0           7 = DUSTSTORM OR SANDSTORM:
                                                       VSBY 1/2 MILE OR LESS
                                                   8 = SMOKE OR HAZE
[NO. OF DAYS WITH]      [WEATHER - DAYS WITH]      9 = BLOWING SNOW
                                                   X = TORNADO
MAX 32 OR BELOW:   0    0.01 INCH OR MORE:  10
MAX 90 OR ABOVE:  23    0.10 INCH OR MORE:   3
MIN 32 OR BELOW:   0    0.50 INCH OR MORE:   1
MIN  0 OR BELOW:   0    1.00 INCH OR MORE:   1

[HDD (BASE 65) ]
TOTAL THIS MO.     0    CLEAR  (SCALE 0-3)  17
DPTR FM NORMAL     0    PTCLDY (SCALE 4-7)   8
TOTAL FM JUL 1     0    CLOUDY (SCALE 8-10)  0
DPTR FM NORMAL     0

[CDD (BASE 65) ]
TOTAL THIS MO.   445
DPTR FM NORMAL    26    [PRESSURE DATA]
TOTAL FM JAN 1  1284    HIGHEST SLP M ON M
DPTR FM NORMAL   133    LOWEST  SLP 29.82 ON 23

[REMARKS]
