000
CXUS52 KMLB 300953
CF6MCO
PRELIMINARY LOCAL CLIMATOLOGICAL DATA (WS FORM: F-6)

                                          STATION:   ORLANDO INTL
                                          MONTH:     SEPTEMBER
                                          YEAR:      2016
                                          LATITUDE:   28 25 N
                                          LONGITUDE:  81 19 W

  TEMPERATURE IN F:       :PCPN:    SNOW:  WIND      :SUNSHINE: SKY     :PK WND
================================================================================
1   2   3   4   5  6A  6B    7    8   9   10  11  12  13   14  15   16   17  18
                                     12Z  AVG MX 2MIN
DY MAX MIN AVG DEP HDD CDD  WTR  SNW DPTH SPD SPD DIR MIN PSBL S-S WX    SPD DR
================================================================================

 1  87  74  81  -1   0  16 0.17  0.0    0 10.6 24 160   M    M  10 13     29 170
 2  86  75  81  -1   0  16 0.35  0.0    0 12.7 29 190   M    M   9 13     39 180
 3  88  75  82   0   0  17 0.39  0.0    0  6.2 30 240   M    M   7 13     36 230
 4  92  73  83   1   0  18 2.32  0.0    0  3.2 28  10   M    M   7 13     33  10
 5  87  72  80  -2   0  15 0.03  0.0    0  9.7 21  30   M    M   7 1      25  40
 6  89  71  80  -2   0  15 0.00  0.0    0  8.9 17  60   M    M   3        23  70
 7  90  73  82   0   0  17 0.00  0.0    0  7.9 15  70   M    M   3        23  70
 8  90  72  81  -1   0  16 0.00  0.0    0  8.9 16  60   M    M   3        22  60
 9  91  74  83   1   0  18    T  0.0    0  8.1 16  80   M    M   5        21  30
10  92  76  84   2   0  19    T  0.0    0  5.2 22 100   M    M   4        26 100
11  92  76  84   2   0  19 0.00  0.0    0  5.2 17 110   M    M   4 3      25 100
12  91  77  84   2   0  19 0.02  0.0    0  9.2 23  90   M    M   7        27  90
13  88  76  82   0   0  17 1.26  0.0    0  9.3 23 150   M    M   8 13     30 160
14  89  75  82   1   0  17 0.03  0.0    0  6.5 20 190   M    M   8 13     26 190
15  91  75  83   2   0  18 0.01  0.0    0  3.9 17 300   M    M   7 13     22 310
16  92  74  83   2   0  18 0.03  0.0    0  6.3 18  70   M    M   4 38     22  70
17  92  76  84   3   0  19 0.12  0.0    0  5.8 14  80   M    M   5 3      17  80
18  93  76  85   4   0  20 0.00  0.0    0  4.2 12 330   M    M   5 3      20 320
19  94  74  84   3   0  19 0.85  0.0    0  5.1 30  50   M    M   6 13     37  50
20  90  72  81   0   0  16 0.24  0.0    0  3.5 23  20   M    M   6 13     29  60
21  92  76  84   3   0  19    T  0.0    0  4.8 15 120   M    M   8        19 300
22  93  76  85   5   0  20 0.07  0.0    0  4.3 18  30   M    M   6 13     23  10
23  92  74  83   3   0  18    T  0.0    0  4.4 16  70   M    M   6 1      19  70
24  94  75  85   5   0  20 0.00  0.0    0  3.8 18 110   M    M   7        23 110
25  93  75  84   4   0  19 0.04  0.0    0  4.1 21  30   M    M   5 13     26  50
26  87  72  80   0   0  15 0.19  0.0    0  3.3 15 190   M    M   7 13     19 190
27  90  70  80   0   0  15 0.16  0.0    0  4.3 20 180   M    M   5 13     23 170
28  90  71  81   1   0  16 0.03  0.0    0  5.5 16 290   M    M   5 13     20 290
29  89  71  80   1   0  15 0.01  0.0    0  6.9 21 250   M    M   5 13     28 230
================================================================================
SM 2624 2146         0 506  6.32     0.0 181.8          M      172
================================================================================
AV 90.5 74.0                               6.3 FASTST   M    M   6    MAX(MPH)
                                 MISC ---->  # 30 240               # 39  180
================================================================================
NOTES:
# LAST OF SEVERAL OCCURRENCES

COLUMN 17 PEAK WIND IN M.P.H.

PRELIMINARY LOCAL CLIMATOLOGICAL DATA (WS FORM: F-6) , PAGE 2

                                          STATION:  ORLANDO INTL
                                          MONTH:    SEPTEMBER
                                          YEAR:     2016
                                          LATITUDE:   28 25 N
                                          LONGITUDE:  81 19 W

[TEMPERATURE DATA]      [PRECIPITATION DATA]       SYMBOLS USED IN COLUMN 16

AVERAGE MONTHLY: 82.2   TOTAL FOR MONTH:   6.32    1 = FOG OR MIST
DPTR FM NORMAL:   1.1   DPTR FM NORMAL:    0.44    2 = FOG REDUCING VISIBILITY
HIGHEST:    94 ON 24,19 GRTST 24HR  2.35 ON  4- 5      TO 1/4 MILE OR LESS
LOWEST:     70 ON 27                               3 = THUNDER
                        SNOW, ICE PELLETS, HAIL    4 = ICE PELLETS
                        TOTAL MONTH:   0.0 INCH    5 = HAIL
                        GRTST 24HR     0.0         6 = FREEZING RAIN OR DRIZZLE
                        GRTST DEPTH:   0           7 = DUSTSTORM OR SANDSTORM:
                                                       VSBY 1/2 MILE OR LESS
                                                   8 = SMOKE OR HAZE
[NO. OF DAYS WITH]      [WEATHER - DAYS WITH]      9 = BLOWING SNOW
                                                   X = TORNADO
MAX 32 OR BELOW:   0    0.01 INCH OR MORE:  19
MAX 90 OR ABOVE:  20    0.10 INCH OR MORE:  10
MIN 32 OR BELOW:   0    0.50 INCH OR MORE:   3
MIN  0 OR BELOW:   0    1.00 INCH OR MORE:   2

[HDD (BASE 65) ]
TOTAL THIS MO.     0    CLEAR  (SCALE 0-3)   1
DPTR FM NORMAL     0    PTCLDY (SCALE 4-7)  25
TOTAL FM JUL 1     0    CLOUDY (SCALE 8-10)  3
DPTR FM NORMAL     0

[CDD (BASE 65) ]
TOTAL THIS MO.   506
DPTR FM NORMAL    38    [PRESSURE DATA]
TOTAL FM JAN 1  3179    HIGHEST SLP M ON M
DPTR FM NORMAL   318    LOWEST  SLP 29.79 ON  2

[REMARKS]
