826
CXUS53 KDMX 230920
CF6MCW
PRELIMINARY LOCAL CLIMATOLOGICAL DATA (WS FORM: F-6)

                                          STATION:   MASON CITY IA
                                          MONTH:     MAY
                                          YEAR:      2016
                                          LATITUDE:   43  9 N
                                          LONGITUDE:  93 20 W

  TEMPERATURE IN F:       :PCPN:    SNOW:  WIND      :SUNSHINE: SKY     :PK WND
================================================================================
1   2   3   4   5  6A  6B    7    8   9   10  11  12  13   14  15   16   17  18
                                     12Z  AVG MX 2MIN
DY MAX MIN AVG DEP HDD CDD  WTR  SNW DPTH SPD SPD DIR MIN PSBL S-S WX    SPD DR
================================================================================

 1  53  40  47  -6  18   0 0.06  0.0    0 12.1 25  40   M    M   9 1      31  40
 2  63  35  49  -5  16   0 0.00  0.0    0  3.5  8 160   M    M   5 12     11 160
 3  69  43  56   2   9   0    T  0.0    0 13.6 29 280   M    M   2        35 280
 4  67  39  53  -1  12   0 0.00  0.0    0 14.9 29 330   M    M   0        41 320
 5  74  34  54  -1  11   0 0.00  0.0    0  4.7 15 270   M    M   1        18 280
 6  87  52  70  15   0   5 0.00  0.0    0 15.2 28 300   M    M   1 3      33 310
 7  73  43  58   3   7   0    T  0.0    0 14.3 29  20   M    M   2 8      35  20
 8  74  38  56   0   9   0 0.00  0.0    0  7.8 20 120   M    M   2        25 150
 9  61  54  58   2   7   0 0.73  0.0    0 16.8 32 100   M    M   9 13     37 100
10  65  52  59   3   6   0    T  0.0    0 11.4 18 100   M    M  10 1      23 110
11  60  48  54  -3  11   0 0.15  0.0    0  7.5 16 150   M    M   9 12     20 150
12  59  41  50  -7  15   0 0.00  0.0    0 13.4 25 280   M    M   6 12     31 290
13  54  37  46 -12  19   0 0.23  0.0    0 13.6 29 330   M    M   5 1      36 320
14  53  33  43 -15  22   0 0.00  0.0    0 19.1 31 330   M    M   4        41 320
15  65  28  47 -11  18   0 0.00  0.0    0  8.2 21 290   M    M   3        28 310
16  69  47  58   0   7   0 0.09  0.0    0 11.4 21 260   M    M   4        27 220
17  66  43  55  -4  10   0 0.00  0.0    0 10.4 20  10   M    M   2        24  60
18  69  35  52  -7  13   0 0.00  0.0    0  4.8 15 120   M    M   1        19 140
19  73  41  57  -2   8   0 0.00  0.0    0  8.6 20 160   M    M   1        24 170
20  74  43  59  -1   6   0 0.00  0.0    0  6.1 17 150   M    M   3 8      21 160
21  79  46  63   3   2   0 0.00  0.0    0  5.3 12 100   M    M   0 8      18 110
22  84  47  66   6   0   1 0.00  0.0    0 12.1 26 170   M    M   0 8      36 170
================================================================================
SM 1491  919       226   6  1.26     0.0 234.8          M       79
================================================================================
AV 67.8 41.8                              10.7 FASTST   M    M   4    MAX(MPH)
                                 MISC ---->  # 32 100               # 41  320
================================================================================
NOTES:
# LAST OF SEVERAL OCCURRENCES

COLUMN 17 PEAK WIND IN M.P.H.

PRELIMINARY LOCAL CLIMATOLOGICAL DATA (WS FORM: F-6) , PAGE 2

                                          STATION:  MASON CITY IA
                                          MONTH:    MAY
                                          YEAR:     2016
                                          LATITUDE:   43  9 N
                                          LONGITUDE:  93 20 W

[TEMPERATURE DATA]      [PRECIPITATION DATA]       SYMBOLS USED IN COLUMN 16

AVERAGE MONTHLY: 54.8   TOTAL FOR MONTH:   1.26    1 = FOG OR MIST
DPTR FM NORMAL:  -2.1   DPTR FM NORMAL:   -2.00    2 = FOG REDUCING VISIBILITY
HIGHEST:    87 ON  6    GRTST 24HR  0.73 ON  9- 9      TO 1/4 MILE OR LESS
LOWEST:     28 ON 15                               3 = THUNDER
                        SNOW, ICE PELLETS, HAIL    4 = ICE PELLETS
                        TOTAL MONTH:   0.0 INCH    5 = HAIL
                        GRTST 24HR     0.0         6 = FREEZING RAIN OR DRIZZLE
                        GRTST DEPTH:   0           7 = DUSTSTORM OR SANDSTORM:
                                                       VSBY 1/2 MILE OR LESS
                                                   8 = SMOKE OR HAZE
[NO. OF DAYS WITH]      [WEATHER - DAYS WITH]      9 = BLOWING SNOW
                                                   X = TORNADO
MAX 32 OR BELOW:   0    0.01 INCH OR MORE:   5
MAX 90 OR ABOVE:   0    0.10 INCH OR MORE:   3
MIN 32 OR BELOW:   1    0.50 INCH OR MORE:   1
MIN  0 OR BELOW:   0    1.00 INCH OR MORE:   0

[HDD (BASE 65) ]
TOTAL THIS MO.   226    CLEAR  (SCALE 0-3)  12
DPTR FM NORMAL    33    PTCLDY (SCALE 4-7)   6
TOTAL FM JUL 1  6625    CLOUDY (SCALE 8-10)  4
DPTR FM NORMAL  -968

[CDD (BASE 65) ]
TOTAL THIS MO.     6
DPTR FM NORMAL    -8    [PRESSURE DATA]
TOTAL FM JAN 1    10    HIGHEST SLP M ON M
DPTR FM NORMAL    -9    LOWEST  SLP 29.64 ON  9

[REMARKS]
