000
CXUS53 KPAH 252302
CF6MDH
PRELIMINARY LOCAL CLIMATOLOGICAL DATA (WS FORM: F-6)

                                          STATION:   CARBONDALE IL
                                          MONTH:     OCTOBER
                                          YEAR:      2014
                                          LATITUDE:   37 46 N
                                          LONGITUDE:  89 15 W

  TEMPERATURE IN F:       :PCPN:    SNOW:  WIND      :SUNSHINE: SKY     :PK WND
================================================================================
1   2   3   4   5  6A  6B    7    8   9   10  11  12  13   14  15   16   17  18
                                     12Z  AVG MX 2MIN
DY MAX MIN AVG DEP HDD CDD  WTR  SNW DPTH SPD SPD DIR MIN PSBL S-S WX    SPD DR
================================================================================

 1  86  52  69   7   0   4 0.00  0.0    0  5.8 17 200   M    M   2 128    23 210
 2  83  63  73  11   0   8 0.49  0.0    0  9.6 25 310   M    M   6 13     36 330
 3  71  41  56  -5   9   0 0.03  0.0    0 13.3 30 310   M    M   7 1      41 310
 4  57  36  47 -14  18   0 0.00  0.0    0  8.7 22 300   M    M   2        29 310
 5  73  35  54  -7  11   0    T    M    0  5.7 21 220   M    M   4        27 210
 6  75  51  63   3   2   0 0.02  0.0    0  7.7 24 250   M    M   4 3      34 240
 7  81  49  65   5   0   0 0.06    M    0 10.5 23 220   M    M   3        31 240
 8  79  44  62   2   3   0 0.00  0.0    0  1.7 10 270   M    M   0 18     12 260
 9  72  55  64   4   1   0 0.17  0.0    0  4.7 14 210   M    M   5 13     15 130
10  58  50  54  -5  11   0 0.44  0.0    0  6.0 13  30   M    M   9 1      18  40
11  58  50  54  -5  11   0 0.02  0.0    0  4.5 12  30   M    M  10        14  30
12  69  54  62   3   3   0 0.03  0.0    0  4.9 12 170   M    M  10 1      14 180
13  73  61  67   9   0   2 0.71  0.0    0 11.3 37 200   M    M   8 13     50 210
14  62  53  58   0   7   0 0.26  0.0    0 12.1 21 240   M    M  10 1      28 210
15  57  52  55  -3  10   0 0.01  0.0    0  7.3 15 280   M    M  10 1      20 330
16  70  50  60   2   5   0 0.00  0.0    0  5.6 14 200   M    M   4        16 220
17  75  48  62   5   3   0 0.00  0.0    0  8.4 18 270   M    M   0        25 330
18  64  40  52  -5  13   0 0.00  0.0    0  6.8 18 320   M    M   3 1      29 300
19  64  34  49  -8  16   0 0.00  0.0    0  2.6  8 200   M    M   2 12     12 170
20  77  43  60   4   5   0    T    M    0  6.3 16 310   M    M   3 8      21 310
21  70  40  55  -1  10   0 0.00  0.0    0  4.2 14 330   M    M   0        18 340
22  65  34  50  -6  15   0 0.00  0.0    0  3.9  9  40   M    M   0 12     14  90
23  62  33  48  -8  17   0 0.00  0.0    0  2.0  9 240   M    M   3 128    13  M
24  71  42  57   2   8   0 0.00    M    0  3.8 10 250   M    M   5        19 260
================================================================================
SM 1672 1110       178  14  2.24     0.0 157.4          M      110
================================================================================
AV 69.7 46.2                               6.6 FASTST   M    M   5    MAX(MPH)
                                 MISC ---->  # 37 200               # 50  210
================================================================================
NOTES:
# LAST OF SEVERAL OCCURRENCES

COLUMN 17 PEAK WIND IN M.P.H.

PRELIMINARY LOCAL CLIMATOLOGICAL DATA (WS FORM: F-6) , PAGE 2

                                          STATION:  CARBONDALE IL
                                          MONTH:    OCTOBER
                                          YEAR:     2014
                                          LATITUDE:   37 46 N
                                          LONGITUDE:  89 15 W

[TEMPERATURE DATA]      [PRECIPITATION DATA]       SYMBOLS USED IN COLUMN 16

AVERAGE MONTHLY: 58.0   TOTAL FOR MONTH:   2.24    1 = FOG OR MIST
DPTR FM NORMAL:  -0.6   DPTR FM NORMAL:   -0.84    2 = FOG REDUCING VISIBILITY
HIGHEST:    86 ON  1    GRTST 24HR  0.72 ON 12-13      TO 1/4 MILE OR LESS
LOWEST:     33 ON 23                               3 = THUNDER
                        SNOW, ICE PELLETS, HAIL    4 = ICE PELLETS
                        TOTAL MONTH:   0.0 INCH    5 = HAIL
                        GRTST 24HR     0.0         6 = FREEZING RAIN OR DRIZZLE
                        GRTST DEPTH:   0           7 = DUSTSTORM OR SANDSTORM:
                                                       VSBY 1/2 MILE OR LESS
                                                   8 = SMOKE OR HAZE
[NO. OF DAYS WITH]      [WEATHER - DAYS WITH]      9 = BLOWING SNOW
                                                   X = TORNADO
MAX 32 OR BELOW:   0    0.01 INCH OR MORE:  11
MAX 90 OR ABOVE:   0    0.10 INCH OR MORE:   5
MIN 32 OR BELOW:   0    0.50 INCH OR MORE:   1
MIN  0 OR BELOW:   0    1.00 INCH OR MORE:   0

[HDD (BASE 65) ]
TOTAL THIS MO.   178    CLEAR  (SCALE 0-3)  10
DPTR FM NORMAL    -1    PTCLDY (SCALE 4-7)   9
TOTAL FM JUL 1   240    CLOUDY (SCALE 8-10)  5
DPTR FM NORMAL    11

[CDD (BASE 65) ]
TOTAL THIS MO.    14
DPTR FM NORMAL   -16    [PRESSURE DATA]
TOTAL FM JAN 1  1276    HIGHEST SLP M ON M
DPTR FM NORMAL   -94    LOWEST  SLP 29.53 ON 14

[REMARKS]
