000
CXUS53 KARX 260930
CF6MDZ
PRELIMINARY LOCAL CLIMATOLOGICAL DATA (WS FORM: F-6)

                                          STATION:   MEDFORD WI
                                          MONTH:     JULY
                                          YEAR:      2017
                                          LATITUDE:   45  5 N
                                          LONGITUDE:  90 18 W

  TEMPERATURE IN F:       :PCPN:    SNOW:  WIND      :SUNSHINE: SKY     :PK WND
================================================================================
1   2   3   4   5  6A  6B    7    8   9   10  11  12  13   14  15   16   17  18
                                     12Z  AVG MX 2MIN
DY MAX MIN AVG DEP HDD CDD  WTR  SNW DPTH SPD SPD DIR MIN PSBL S-S WX    SPD DR
================================================================================

 1  72  54  63   M   2   0 0.18  0.0    0  4.8 15 280   M    M   6 1      22 270
 2  74  53  64   M   1   0 0.00  0.0    0  6.4 10 310   M    M   2         M  M
 3  75  46  61   M   4   0 0.00  0.0    0  2.4  6  30   M    M   2         M  M
 4  78  55  67   M   0   2 0.00  0.0    0  5.0 10 160   M    M   1         M  M
 5  79  61  70   M   0   5 0.62  0.0    0  5.8 10 160   M    M   3 13      M  M
 6  83  63  73   M   0   8 0.00  0.0    0  6.7 13 270   M    M   1 3       M  M
 7  77  55  66   M   0   1 0.14  0.0    0  6.9 20 360   M    M   1 3      28 360
 8  74  49  62   M   3   0 0.00  0.0    0  5.3 12 270   M    M   2 12     21 270
 9  73  58  66   M   0   1 0.07  0.0    0  3.5  9 290   M    M   4         M  M
10  80  58  69   M   0   4 0.00  0.0    0  2.1  7  10   M    M   6 1       M  M
11  82  57  70   M   0   5 0.00  0.0    0  2.1 10 200   M    M   3 12      M  M
12  83  65  74   M   0   9 1.02  0.0    0  5.8 12 180   M    M   6 13     23 140
13  65  52  59   M   6   0 0.00  0.0    0  8.1 12 320   M    M  10 1       M  M
14  74  51  63   M   2   0 0.00  0.0    0  5.3  8 340   M    M   6         M  M
15  83  54  69   M   0   4 0.00  0.0    0  7.4 14 310   M    M   2        18 310
16  75  55  65   M   0   0 0.00  0.0    0  6.1 13  40   M    M   2         M  M
17  78  53  66   M   0   1 0.00  0.0    0  6.6 12 180   M    M   4        18 180
18  83  62  73   M   0   8 0.02  0.0    0  6.6 12 220   M    M   5 3      18 280
19  79  53  66   M   0   1    M  0.0    0  3.4  9 200   M    M   3 23     16 130
20  82  62  72   M   0   7 0.00  0.0    0  5.0 10 270   M    M   3 1      10 270
21  78  57  68   M   0   3 0.00  0.0    0  4.4 14 180   M    M   4 12     18 180
22  83  64  74   M   0   9 0.00  0.0    0  4.3  9 270   M    M   4 1       M  M
23  73  54  64   M   1   0 0.00  0.0    0  7.4 16  20   M    M   7 1      22  20
24  74  50  62   M   3   0 0.00  0.0    0  4.3  9 160   M    M   3         M  M
25  73  54  64   M   1   0 0.03  0.0    0  8.4 16 170   M    M   6 3      21 170
================================================================================
SM 1930 1395        23  68  2.08     0.0 134.1          M       96
================================================================================
AV 77.2 55.8                               5.4 FASTST   M    M   4    MAX(MPH)
                                 MISC ---->  # 20 360               # 28  360
================================================================================
NOTES:
# LAST OF SEVERAL OCCURRENCES

COLUMN 17 PEAK WIND IN M.P.H.

PRELIMINARY LOCAL CLIMATOLOGICAL DATA (WS FORM: F-6) , PAGE 2

                                          STATION:  MEDFORD WI
                                          MONTH:    JULY
                                          YEAR:     2017
                                          LATITUDE:   45  5 N
                                          LONGITUDE:  90 18 W

[TEMPERATURE DATA]      [PRECIPITATION DATA]       SYMBOLS USED IN COLUMN 16

AVERAGE MONTHLY: 66.5   TOTAL FOR MONTH:   2.08    1 = FOG OR MIST
DPTR FM NORMAL:     M   DPTR FM NORMAL:       M    2 = FOG REDUCING VISIBILITY
HIGHEST:    83 ON 22,18 GRTST 24HR  1.02 ON 12-12      TO 1/4 MILE OR LESS
LOWEST:     46 ON  3                               3 = THUNDER
                        SNOW, ICE PELLETS, HAIL    4 = ICE PELLETS
                        TOTAL MONTH:   0.0 INCH    5 = HAIL
                        GRTST 24HR     0.0         6 = FREEZING RAIN OR DRIZZLE
                        GRTST DEPTH:   0           7 = DUSTSTORM OR SANDSTORM:
                                                       VSBY 1/2 MILE OR LESS
                                                   8 = SMOKE OR HAZE
[NO. OF DAYS WITH]      [WEATHER - DAYS WITH]      9 = BLOWING SNOW
                                                   X = TORNADO
MAX 32 OR BELOW:   0    0.01 INCH OR MORE:   7
MAX 90 OR ABOVE:   0    0.10 INCH OR MORE:   4
MIN 32 OR BELOW:   0    0.50 INCH OR MORE:   2
MIN  0 OR BELOW:   0    1.00 INCH OR MORE:   1

[HDD (BASE 65) ]
TOTAL THIS MO.    23    CLEAR  (SCALE 0-3)  11
DPTR FM NORMAL     M    PTCLDY (SCALE 4-7)  13
TOTAL FM JUL 1    23    CLOUDY (SCALE 8-10)  1
DPTR FM NORMAL     M

[CDD (BASE 65) ]
TOTAL THIS MO.    68
DPTR FM NORMAL     M    [PRESSURE DATA]
TOTAL FM JAN 1   117    HIGHEST SLP M ON M
DPTR FM NORMAL     M    LOWEST  SLP M ON M

[REMARKS]
