000
CXUS56 KPDT 011032
CF6MEH
PRELIMINARY LOCAL CLIMATOLOGICAL DATA (WS FORM: F-6)

                                          STATION:   MEACHAM OR
                                          MONTH:     JULY
                                          YEAR:      2015
                                          LATITUDE:   45 30 N
                                          LONGITUDE: 118 24 W

  TEMPERATURE IN F:       :PCPN:    SNOW:  WIND      :SUNSHINE: SKY     :PK WND
================================================================================
1   2   3   4   5  6A  6B    7    8   9   10  11  12  13   14  15   16   17  18
                                     12Z  AVG MX 2MIN
DY MAX MIN AVG DEP HDD CDD  WTR  SNW DPTH SPD SPD DIR MIN PSBL S-S WX    SPD DR
================================================================================

 1  90  47  69  12   0   4 0.00  0.0    0  1.6  8  20   M    M   0        13  20
 2  92  44  68  11   0   3 0.00  0.0    0  1.6  8  30   M    M   0        14  30
 3  93  46  70  13   0   5 0.00  0.0    0  1.0  8  20   M    M   0        14 270
 4  88  46  67  10   0   2 0.00  0.0    0  1.1  8 280   M    M   0        12 250
 5  86  51  69  11   0   4 0.00  0.0    0  1.0  8  10   M    M   0        13  10
 6  90  47  69  11   0   4 0.00  0.0    0  1.3  8 290   M    M   0        14 310
 7  87  50  69  11   0   4 0.00  0.0    0  1.5  8 270   M    M   1        14 290
 8  87  46  67   9   0   2 0.00  0.0    0  2.1  9  10   M    M   1        20  30
 9  86  49  68  10   0   3 0.00  0.0    0  0.4  7  80   M    M   2 8      12  90
10  82  50  66   7   0   1 0.22  0.0    0  0.8  7 360   M    M   3 13     14 270
11  74  54  64   5   1   0 0.94  0.0    0  0.4  7 280   M    M   9 1238   14 210
12  74  50  62   3   3   0 0.04  0.0    0  0.1  7  90   M    M   6 12     10  80
13  72  46  59   0   6   0 0.01  0.0    0  1.2  7 300   M    M   5        16 300
14  77  44  61   2   4   0 0.00  0.0    0  1.1  7  30   M    M   2        13 310
15  78  42  60   0   5   0 0.00  0.0    0  1.1  8 290   M    M   0        14 240
16  68  45  57  -3   8   0 0.00  0.0    0  1.9  8 270   M    M   1        16 250
17  73  40  57  -3   8   0 0.00  0.0    0  1.9 10  10   M    M   0        20  20
18  80  39  60   0   5   0 0.00  0.0    0  0.8  9  30   M    M   0        15  20
19  88  39  64   4   1   0 0.00  0.0    M  1.3  7 300   M    M   0        11 320
20  87  49  68   8   0   3 0.00  0.0    0  1.5  9 270   M    M   0        17 270
21  82  43  63   3   2   0 0.00  0.0    0  2.2  8 300   M    M   0        14 270
22  74  38  56  -4   9   0 0.00  0.0    0  1.5  9 260   M    M   0        13 240
23  76  39  58  -2   7   0 0.00  0.0    0  1.2  8 280   M    M   1        14 320
24  79  39  59  -1   6   0 0.00  0.0    0  1.8  9 270   M    M   0        14 260
25  76  45  61   1   4   0 0.00  0.0    0  1.4  9 290   M    M   3        16 310
26  67  50  59  -1   6   0 0.00  0.0    0  2.6 10 290   M    M   7        15 260
27  66  41  54  -6  11   0    T  0.0    0  1.9 10 250   M    M   6        17 310
28  77  32  55  -5  10   0 0.00  0.0    0  0.9  7  10   M    M   0        14  30
29  85  36  61   1   4   0 0.00  0.0    0  1.5  8  30   M    M   0        13  20
30  93  40  67   7   0   2 0.00  0.0    0  1.5 10 260   M    M   0        16 260
31  96  45  71  11   0   6 0.00  0.0    0  1.4  9  30   M    M   0        17  30
================================================================================
SM 2523 1372       100  43  1.21     0.0  41.6          M       47
================================================================================
AV 81.4 44.3                               1.3 FASTST   M    M   2    MAX(MPH)
                                 MISC ---->  # 10  10               # 20   30
================================================================================
NOTES:
# LAST OF SEVERAL OCCURRENCES

COLUMN 17 PEAK WIND IN M.P.H.

PRELIMINARY LOCAL CLIMATOLOGICAL DATA (WS FORM: F-6) , PAGE 2

                                          STATION:  MEACHAM OR
                                          MONTH:    JULY
                                          YEAR:     2015
                                          LATITUDE:   45 30 N
                                          LONGITUDE: 118 24 W

[TEMPERATURE DATA]      [PRECIPITATION DATA]       SYMBOLS USED IN COLUMN 16

AVERAGE MONTHLY: 62.8   TOTAL FOR MONTH:   1.21    1 = FOG OR MIST
DPTR FM NORMAL:   3.6   DPTR FM NORMAL:    0.49    2 = FOG REDUCING VISIBILITY
HIGHEST:    96 ON 31    GRTST 24HR  0.98 ON 11-12      TO 1/4 MILE OR LESS
LOWEST:     32 ON 28                               3 = THUNDER
                        SNOW, ICE PELLETS, HAIL    4 = ICE PELLETS
                        TOTAL MONTH:   0.0 INCH    5 = HAIL
                        GRTST 24HR     0.0         6 = FREEZING RAIN OR DRIZZLE
                        GRTST DEPTH:   0           7 = DUSTSTORM OR SANDSTORM:
                                                       VSBY 1/2 MILE OR LESS
                                                   8 = SMOKE OR HAZE
[NO. OF DAYS WITH]      [WEATHER - DAYS WITH]      9 = BLOWING SNOW
                                                   X = TORNADO
MAX 32 OR BELOW:   0    0.01 INCH OR MORE:   4
MAX 90 OR ABOVE:   6    0.10 INCH OR MORE:   2
MIN 32 OR BELOW:   1    0.50 INCH OR MORE:   1
MIN  0 OR BELOW:   0    1.00 INCH OR MORE:   0

[HDD (BASE 65) ]
TOTAL THIS MO.   100    CLEAR  (SCALE 0-3)  25
DPTR FM NORMAL   -92    PTCLDY (SCALE 4-7)   5
TOTAL FM JUL 1   100    CLOUDY (SCALE 8-10)  1
DPTR FM NORMAL   -92

[CDD (BASE 65) ]
TOTAL THIS MO.    43
DPTR FM NORMAL    31    [PRESSURE DATA]
TOTAL FM JAN 1    92    HIGHEST SLP 30.23 ON 28
DPTR FM NORMAL    78    LOWEST  SLP 29.53 ON  9

[REMARKS]
#FINAL-07-15#
