000
CXUS56 KPDT 260532
CF6MEH
PRELIMINARY LOCAL CLIMATOLOGICAL DATA (WS FORM: F-6)

                                          STATION:   MEACHAM OR
                                          MONTH:     APRIL
                                          YEAR:      2017
                                          LATITUDE:   45 30 N
                                          LONGITUDE: 118 24 W

  TEMPERATURE IN F:       :PCPN:    SNOW:  WIND      :SUNSHINE: SKY     :PK WND
================================================================================
1   2   3   4   5  6A  6B    7    8   9   10  11  12  13   14  15   16   17  18
                                     12Z  AVG MX 2MIN
DY MAX MIN AVG DEP HDD CDD  WTR  SNW DPTH SPD SPD DIR MIN PSBL S-S WX    SPD DR
================================================================================

 1  55  26  41   3  24   0 0.04  0.0    M  1.0  7 280   M    M   7 1      12 280
 2  45  31  38   0  27   0    T    T    M  3.7 10 280   M    M   7        19 260
 3  43  24  34  -5  31   0 0.01    T    M  1.2  8  40   M    M   4        14  40
 4  54  22  38  -1  27   0 0.00  0.0    M  1.1 12  90   M    M   4        22  90
 5  63  40  52  13  13   0    T  0.0    M  1.2  8 120   M    M   9 8      15  80
 6  55  41  48   9  17   0    T  0.0    M  1.8 13 110   M    M   6        24 100
 7  58  32  45   6  20   0 0.02  0.0    M  2.7 13 180   M    M   4        26 180
 8  40  30  35  -4  30   0 0.37  2.0    M  1.6  8 280   M    M   8 128    16 230
 9  47  26  37  -3  28   0 0.00  0.0    0  1.2  7 200   M    M   3        14 240
10  47  26  37  -3  28   0 0.30  1.0    M  1.2  9 260   M    M   5 12     15 260
11  51  21  36  -4  29   0    T  0.0    M  1.0 10  90   M    M   7        21  90
12  52  42  47   7  18   0 0.27  0.0    M  0.9  8 120   M    M  10 12     16  90
13  47  33  40   0  25   0 0.24    M    M  1.9  9 280   M    M   8 12     18 260
14  41  31  36  -4  29   0 0.12    M    M  1.3 10 270   M    M   8 18     16 270
15  48  27  38  -2  27   0    T  0.0    M  0.7  9  90   M    M   5        13  90
16  59  28  44   3  21   0    T  0.0    M  1.4 12 100   M    M   3        20  90
17  55  36  46   5  19   0 0.05  0.0    0  1.4  7 280   M    M   9 1      15 210
18  51  32  42   1  23   0 0.55  0.0    0  0.7  6 290   M    M   7 1      12 280
19  58  30  44   3  21   0    T  0.0    0  1.2  7  40   M    M   5 12     15  90
20  50  33  42   1  23   0 0.17    M    M  2.6  9 310   M    M   7 128    18 250
21  57  29  43   1  22   0 0.00  0.0    M  0.9 10  70   M    M   3        17 100
22  61  35  48   6  17   0 0.02    M    0  1.9 17  90   M    M   4        27 100
23  51  37  44   2  21   0 0.24    M    0  0.4  8 280   M    M   8 1      13 250
24  49  33  41  -1  24   0 1.22    M    M  1.3  8 270   M    M   9 1      14 260
================================================================================
SM 1237  745       564   0  3.62     3.0  34.3          M      150
================================================================================
AV 51.5 31.0                               1.4 FASTST   M    M   6    MAX(MPH)
                                 MISC ---->  # 17  90               # 27  100
================================================================================
NOTES:
# LAST OF SEVERAL OCCURRENCES

COLUMN 17 PEAK WIND IN M.P.H.

PRELIMINARY LOCAL CLIMATOLOGICAL DATA (WS FORM: F-6) , PAGE 2

                                          STATION:  MEACHAM OR
                                          MONTH:    APRIL
                                          YEAR:     2017
                                          LATITUDE:   45 30 N
                                          LONGITUDE: 118 24 W

[TEMPERATURE DATA]      [PRECIPITATION DATA]       SYMBOLS USED IN COLUMN 16

AVERAGE MONTHLY: 41.3   TOTAL FOR MONTH:   3.62    1 = FOG OR MIST
DPTR FM NORMAL:   1.2   DPTR FM NORMAL:    1.05    2 = FOG REDUCING VISIBILITY
HIGHEST:    63 ON  5    GRTST 24HR  1.22 ON 24-24      TO 1/4 MILE OR LESS
LOWEST:     21 ON 11                               3 = THUNDER
                        SNOW, ICE PELLETS, HAIL    4 = ICE PELLETS
                        TOTAL MONTH:   3.0 INCHES  5 = HAIL
                        GRTST 24HR   2.0 ON  8- 8  6 = FREEZING RAIN OR DRIZZLE
                        GRTST DEPTH:   0           7 = DUSTSTORM OR SANDSTORM:
                                                       VSBY 1/2 MILE OR LESS
                                                   8 = SMOKE OR HAZE
[NO. OF DAYS WITH]      [WEATHER - DAYS WITH]      9 = BLOWING SNOW
                                                   X = TORNADO
MAX 32 OR BELOW:   0    0.01 INCH OR MORE:  14
MAX 90 OR ABOVE:   0    0.10 INCH OR MORE:   9
MIN 32 OR BELOW:  15    0.50 INCH OR MORE:   2
MIN  0 OR BELOW:   0    1.00 INCH OR MORE:   1

[HDD (BASE 65) ]
TOTAL THIS MO.   564    CLEAR  (SCALE 0-3)   3
DPTR FM NORMAL   -34    PTCLDY (SCALE 4-7)  17
TOTAL FM JUL 1  7087    CLOUDY (SCALE 8-10)  4
DPTR FM NORMAL  -183

[CDD (BASE 65) ]
TOTAL THIS MO.     0
DPTR FM NORMAL     0    [PRESSURE DATA]
TOTAL FM JAN 1     0    HIGHEST SLP 30.23 ON  2
DPTR FM NORMAL     0    LOWEST  SLP 29.24 ON  7

[REMARKS]
