000
CXUS54 KJAN 220800
CF6MEI
PRELIMINARY LOCAL CLIMATOLOGICAL DATA (WS FORM: F-6)

                                          STATION:   MERIDIAN
                                          MONTH:     FEBRUARY
                                          YEAR:      2018
                                          LATITUDE:   32 19 N
                                          LONGITUDE:  88 45 W

  TEMPERATURE IN F:       :PCPN:    SNOW:  WIND      :SUNSHINE: SKY     :PK WND
================================================================================
1   2   3   4   5  6A  6B    7    8   9   10  11  12  13   14  15   16   17  18
                                     12Z  AVG MX 2MIN
DY MAX MIN AVG DEP HDD CDD  WTR  SNW DPTH SPD SPD DIR MIN PSBL S-S WX    SPD DR
================================================================================

 1  71  45  58  12   7   0 0.18  0.0    0  8.4 25  10   M    M   9 1      31  10
 2  50  32  41  -5  24   0 0.00  0.0    0 10.8 21  10   M    M   2        28 360
 3  55  26  41  -5  24   0 0.27  0.0    0  6.3 16 160   M    M   4 1      19 150
 4  63  41  52   6  13   0 1.45  0.0    0  7.1 20 340   M    M   6 1      25 340
 5  61  37  49   2  16   0 0.00  0.0    0  4.9 17  20   M    M   5 1      21  10
 6  71  51  61  14   4   0 0.29  0.0    0  6.3 16 280   M    M   8 1      18 280
 7  69  39  54   7  11   0 2.83  0.0    0  9.8 26 190   M    M  10 13     32 200
 8  62  33  48   1  17   0 0.00  0.0    0  6.2 14  50   M    M   1 1      18  30
 9  67  34  51   4  14   0 0.13  0.0    0  2.7 13 190   M    M   6 1      15 140
10  69  58  64  16   1   0 0.71  0.0    0  8.9 18 210   M    M  10 1      27 220
11  71  47  59  11   6   0 0.38  0.0    0  8.4 21 330   M    M  10 13     27 300
12  47  38  43  -5  22   0 0.02  0.0    0 10.3 17 340   M    M  10 1      20 340
13  65  43  54   6  11   0 0.00  0.0    0  4.1 13  20   M    M   8 1      14  30
14  70  52  61  13   4   0 0.00  0.0    0  7.1 15 190   M    M   8 1      19 190
15  83  63  73  24   0   8 0.00  0.0    0 10.8 23 210   M    M   6 1      29 220
16  75  55  65  16   0   0    T  0.0    0  8.3 23  10   M    M   8        26  10
17  80  54  67  18   0   2 0.07  0.0    0  8.8 25 350   M    M   9 1      33 210
18  66  50  58   9   7   0 0.05  0.0    0  4.4 14  10   M    M   7 1      16  30
19  82  52  67  17   0   2 0.00  0.0    0  9.8 22 150   M    M   6 1      28 160
20  83  66  75  25   0  10 0.00  0.0    0 11.6 21 170   M    M   7        27 160
21  84  70  77  27   0  12 0.06  0.0    0 10.7 22 170   M    M   8 3      27 170
================================================================================
SM 1444  986       181  34  6.44     0.0 165.7          M      148
================================================================================
AV 68.8 47.0                               7.9 FASTST   M    M   7    MAX(MPH)
                                 MISC ---->  # 26 190               # 33  210
================================================================================
NOTES:
# LAST OF SEVERAL OCCURRENCES

COLUMN 17 PEAK WIND IN M.P.H.

PRELIMINARY LOCAL CLIMATOLOGICAL DATA (WS FORM: F-6) , PAGE 2

                                          STATION:  MERIDIAN
                                          MONTH:    FEBRUARY
                                          YEAR:     2018
                                          LATITUDE:   32 19 N
                                          LONGITUDE:  88 45 W

[TEMPERATURE DATA]      [PRECIPITATION DATA]       SYMBOLS USED IN COLUMN 16

AVERAGE MONTHLY: 57.9   TOTAL FOR MONTH:   6.44    1 = FOG OR MIST
DPTR FM NORMAL:  10.0   DPTR FM NORMAL:    2.20    2 = FOG REDUCING VISIBILITY
HIGHEST:    84 ON 21    GRTST 24HR  2.83 ON  7- 7      TO 1/4 MILE OR LESS
LOWEST:     26 ON  3                               3 = THUNDER
                        SNOW, ICE PELLETS, HAIL    4 = ICE PELLETS
                        TOTAL MONTH:   0.0 INCH    5 = HAIL
                        GRTST 24HR     0.0         6 = FREEZING RAIN OR DRIZZLE
                        GRTST DEPTH:   0           7 = DUSTSTORM OR SANDSTORM:
                                                       VSBY 1/2 MILE OR LESS
                                                   8 = SMOKE OR HAZE
[NO. OF DAYS WITH]      [WEATHER - DAYS WITH]      9 = BLOWING SNOW
                                                   X = TORNADO
MAX 32 OR BELOW:   0    0.01 INCH OR MORE:  12
MAX 90 OR ABOVE:   0    0.10 INCH OR MORE:   8
MIN 32 OR BELOW:   2    0.50 INCH OR MORE:   3
MIN  0 OR BELOW:   0    1.00 INCH OR MORE:   2

[HDD (BASE 65) ]
TOTAL THIS MO.   181    CLEAR  (SCALE 0-3)   2
DPTR FM NORMAL  -181    PTCLDY (SCALE 4-7)  12
TOTAL FM JUL 1  1741    CLOUDY (SCALE 8-10)  7
DPTR FM NORMAL  -258

[CDD (BASE 65) ]
TOTAL THIS MO.    34
DPTR FM NORMAL    34    [PRESSURE DATA]
TOTAL FM JAN 1    36    HIGHEST SLP M ON M
DPTR FM NORMAL    33    LOWEST  SLP 29.81 ON  4

[REMARKS]
