000
CXUS54 KLZK 241130
CF6MEZ
PRELIMINARY LOCAL CLIMATOLOGICAL DATA (WS FORM: F-6)

                                          STATION:   Mena Airport
                                          MONTH:     MARCH
                                          YEAR:      2017
                                          LATITUDE:   34  9 N
                                          LONGITUDE:  94 15 W

  TEMPERATURE IN F:       :PCPN:    SNOW:  WIND      :SUNSHINE: SKY     :PK WND
================================================================================
1   2   3   4   5  6A  6B    7    8   9   10  11  12  13   14  15   16   17  18
                                     12Z  AVG MX 2MIN
DY MAX MIN AVG DEP HDD CDD  WTR  SNW DPTH SPD SPD DIR MIN PSBL S-S WX    SPD DR
================================================================================

 1  72  36  54   8  11   0 0.03    M    0  9.0 22 280   M    M   1        38 280
 2  64  30  47   1  18   0 0.00  0.0    0  1.6  7 340   M    M   0         M  M
 3  68  32  50   3  15   0 0.00  0.0    0  2.2  8  60   M    M   0         M  M
 4  68  54  61  14   4   0 0.00  0.0    0  5.6  9 210   M    M   4        18 190
 5  61  50  56   9   9   0 0.14  0.0    0  5.9 10 140   M    M  10         M  M
 6  73  59  66  18   0   1 0.21  0.0    0  8.0 12 190   M    M  10 3      29 180
 7  72  36  54   6  11   0 0.75    M    0  6.2 14 210   M    M   4 3      25 340
 8  72  32  52   4  13   0 0.00  0.0    0  2.3 10 200   M    M   1        17 150
 9  70  52  61  13   4   0 0.01  0.0    0  3.6 10 260   M    M   8 3      17 230
10  68  52  60  11   5   0 0.77  0.0    0  7.4 14  80   M    M   4 3      18  60
11  52  37  45  -4  20   0 0.21    M    0 10.2 16  70   M    M  10 3      24  70
12  59  32  46  -3  19   0 0.00  0.0    0  5.8 13  70   M    M   5        18  70
13  54  36  45  -4  20   0 0.26    M    0  7.0 17 340   M    M   6 3      29 300
14  54  32  43  -7  22   0 0.00  0.0    0  3.1 10  40   M    M   4         M  M
15  54  32  43  -7  22   0 0.00  0.0    0  2.9  6  90   M    M   4         M  M
16  61  45  53   3  12   0 0.00  0.0    0  3.2 12 160   M    M  10        18 160
17  72  61  67  17   0   2 0.02  0.0    0  4.3  8 220   M    M  10        16 210
18  81  55  68  17   0   3 0.00  0.0    0  1.4  7  90   M    M   6         M  M
19  84  52  68  17   0   3 0.00  0.0    0  2.8  9 220   M    M   3        16 220
20  88  66  77  26   0  12 0.00  0.0    0  7.9 12 210   M    M   2        22 230
21  86  59  73  21   0   8 0.00  0.0    0  5.4 14 230   M    M   0        23 230
22  73  54  64  12   1   0 0.00  0.0    0  8.7 14  70   M    M   5        18  80
23  82  46  64  12   1   0 0.00  0.0    0  5.1 15 150   M    M   3        29 160
================================================================================
SM 1588 1040       207  29  2.40     0.0 119.6          M      110
================================================================================
AV 69.0 45.2                               5.2 FASTST   M    M   5    MAX(MPH)
                                 MISC ---->    22   M               # 38  280
================================================================================
NOTES:
# LAST OF SEVERAL OCCURRENCES

COLUMN 17 PEAK WIND IN M.P.H.

PRELIMINARY LOCAL CLIMATOLOGICAL DATA (WS FORM: F-6) , PAGE 2

                                          STATION:  Mena Airport
                                          MONTH:    MARCH
                                          YEAR:     2017
                                          LATITUDE:   34  9 N
                                          LONGITUDE:  94 15 W

[TEMPERATURE DATA]      [PRECIPITATION DATA]       SYMBOLS USED IN COLUMN 16

AVERAGE MONTHLY: 57.1   TOTAL FOR MONTH:   2.40    1 = FOG OR MIST
DPTR FM NORMAL:   8.0   DPTR FM NORMAL:   -1.27    2 = FOG REDUCING VISIBILITY
HIGHEST:    88 ON 20    GRTST 24HR  0.77 ON 10-10      TO 1/4 MILE OR LESS
LOWEST:     30 ON  2                               3 = THUNDER
                        SNOW, ICE PELLETS, HAIL    4 = ICE PELLETS
                        TOTAL MONTH:   0.0 INCH    5 = HAIL
                        GRTST 24HR     0.0         6 = FREEZING RAIN OR DRIZZLE
                        GRTST DEPTH:   0           7 = DUSTSTORM OR SANDSTORM:
                                                       VSBY 1/2 MILE OR LESS
                                                   8 = SMOKE OR HAZE
[NO. OF DAYS WITH]      [WEATHER - DAYS WITH]      9 = BLOWING SNOW
                                                   X = TORNADO
MAX 32 OR BELOW:   0    0.01 INCH OR MORE:   9
MAX 90 OR ABOVE:   0    0.10 INCH OR MORE:   6
MIN 32 OR BELOW:   6    0.50 INCH OR MORE:   2
MIN  0 OR BELOW:   0    1.00 INCH OR MORE:   0

[HDD (BASE 65) ]
TOTAL THIS MO.   207    CLEAR  (SCALE 0-3)   7
DPTR FM NORMAL  -161    PTCLDY (SCALE 4-7)  11
TOTAL FM JUL 1  1775    CLOUDY (SCALE 8-10)  5
DPTR FM NORMAL -1479

[CDD (BASE 65) ]
TOTAL THIS MO.    29
DPTR FM NORMAL    29    [PRESSURE DATA]
TOTAL FM JAN 1    44    HIGHEST SLP M ON M
DPTR FM NORMAL    44    LOWEST  SLP M ON M

[REMARKS]
