000
CXUS51 KCLE 170800
CF6MFD
PRELIMINARY LOCAL CLIMATOLOGICAL DATA (WS FORM: F-6)

                                          STATION:   MANSFIELD OH
                                          MONTH:     AUGUST
                                          YEAR:      2017
                                          LATITUDE:   40 49 N
                                          LONGITUDE:  82 31 W

  TEMPERATURE IN F:       :PCPN:    SNOW:  WIND      :SUNSHINE: SKY     :PK WND
================================================================================
1   2   3   4   5  6A  6B    7    8   9   10  11  12  13   14  15   16   17  18
                                     12Z  AVG MX 2MIN
DY MAX MIN AVG DEP HDD CDD  WTR  SNW DPTH SPD SPD DIR MIN PSBL S-S WX    SPD DR
================================================================================

 1  85  62  74   3   0   9 0.00  0.0    0  3.9 10 270   M    M   0        14 310
 2  85  63  74   3   0   9 0.09  0.0    0  6.1 30 180   M    M   2 138    36 180
 3  84  64  74   3   0   9 0.01  0.0    0  8.5 30 200   M    M   2 13     41 220
 4  77  59  68  -3   0   3 1.22  0.0    0 12.3 23 190   M    M   5 13     34 190
 5  74  55  65  -6   0   0 0.19  0.0    0  6.3 28 330   M    M   7 1      32 320
 6  77  56  67  -4   0   2 0.00  0.0    0  5.1 15 200   M    M   3 1      21 210
 7  77  58  68  -3   0   3 0.00  0.0    0  4.4 13 320   M    M   5        16 330
 8  78  57  68  -3   0   3 0.00  0.0    0  5.7 14 340   M    M   2        18 340
 9  81  56  69  -2   0   4 0.00  0.0    0  4.2  9  50   M    M   1        12  60
10  82  56  69  -2   0   4 0.00  0.0    0  4.8 13 170   M    M   2        16 150
11  78  65  72   1   0   7 0.23  0.0    0  9.3 25 190   M    M   6 138    32 200
12  77  60  69  -1   0   4 0.00  0.0    0  6.6 15 320   M    M   4 1      18 320
13  79  56  68  -2   0   3 0.00  0.0    0  3.5 10  50   M    M   1 12     14  10
14  82  60  71   1   0   6 0.00  0.0    0  5.0 12 150   M    M   2        17 140
15  85  63  74   4   0   9 0.00  0.0    0  5.4 14 350   M    M   1 1      20 300
16  86  63  75   5   0  10 0.00  0.0    0  5.5 10 110   M    M   1 1      14 100
================================================================================
SM 1287  953         0  85  1.74     0.0  96.6          M       44
================================================================================
AV 80.4 59.6                               6.0 FASTST   M    M   3    MAX(MPH)
                                 MISC ---->  # 30 180               # 41  220
================================================================================
NOTES:
# LAST OF SEVERAL OCCURRENCES

COLUMN 17 PEAK WIND IN M.P.H.

PRELIMINARY LOCAL CLIMATOLOGICAL DATA (WS FORM: F-6) , PAGE 2

                                          STATION:  MANSFIELD OH
                                          MONTH:    AUGUST
                                          YEAR:     2017
                                          LATITUDE:   40 49 N
                                          LONGITUDE:  82 31 W

[TEMPERATURE DATA]      [PRECIPITATION DATA]       SYMBOLS USED IN COLUMN 16

AVERAGE MONTHLY: 70.0   TOTAL FOR MONTH:   1.74    1 = FOG OR MIST
DPTR FM NORMAL:  -0.7   DPTR FM NORMAL:   -0.54    2 = FOG REDUCING VISIBILITY
HIGHEST:    86 ON 16    GRTST 24HR  1.22 ON  4- 4      TO 1/4 MILE OR LESS
LOWEST:     55 ON  5                               3 = THUNDER
                        SNOW, ICE PELLETS, HAIL    4 = ICE PELLETS
                        TOTAL MONTH:   0.0 INCH    5 = HAIL
                        GRTST 24HR     0.0         6 = FREEZING RAIN OR DRIZZLE
                        GRTST DEPTH:   0           7 = DUSTSTORM OR SANDSTORM:
                                                       VSBY 1/2 MILE OR LESS
                                                   8 = SMOKE OR HAZE
[NO. OF DAYS WITH]      [WEATHER - DAYS WITH]      9 = BLOWING SNOW
                                                   X = TORNADO
MAX 32 OR BELOW:   0    0.01 INCH OR MORE:   5
MAX 90 OR ABOVE:   0    0.10 INCH OR MORE:   3
MIN 32 OR BELOW:   0    0.50 INCH OR MORE:   1
MIN  0 OR BELOW:   0    1.00 INCH OR MORE:   1

[HDD (BASE 65) ]
TOTAL THIS MO.     0    CLEAR  (SCALE 0-3)  10
DPTR FM NORMAL     0    PTCLDY (SCALE 4-7)   6
TOTAL FM JUL 1     0    CLOUDY (SCALE 8-10)  0
DPTR FM NORMAL    -8

[CDD (BASE 65) ]
TOTAL THIS MO.    85
DPTR FM NORMAL   -11    [PRESSURE DATA]
TOTAL FM JAN 1   557    HIGHEST SLP M ON M
DPTR FM NORMAL    71    LOWEST  SLP 29.79 ON  4

[REMARKS]
