000
CXUS51 KPBZ 200904
CF6MGW
PRELIMINARY LOCAL CLIMATOLOGICAL DATA (WS FORM: F-6)

                                          STATION:   MORGANTOWN WV
                                          MONTH:     JANUARY
                                          YEAR:      2017
                                          LATITUDE:   39 39 N
                                          LONGITUDE:  79 55 W

  TEMPERATURE IN F:       :PCPN:    SNOW:  WIND      :SUNSHINE: SKY     :PK WND
================================================================================
1   2   3   4   5  6A  6B    7    8   9   10  11  12  13   14  15   16   17  18
                                     12Z  AVG MX 2MIN
DY MAX MIN AVG DEP HDD CDD  WTR  SNW DPTH SPD SPD DIR MIN PSBL S-S WX    SPD DR
================================================================================

 1  46  37  42  10  23   0 0.01    M    0  3.6  9 120   M    M   6 1      13 180
 2  51  44  48  16  17   0 0.09    M    0  7.4 14 100   M    M   6 18     20 130
 3  54  45  50  18  15   0 0.61    M    0  6.3 14 130   M    M   8 1      18 120
 4  52  23  38   7  27   0 0.01    M    0  8.8 13 270   M    M   6 1      32 260
 5  25  20  23  -8  42   0 0.08    M    M  5.9 12 220   M    M   8 18     19 250
 6  22   7  15 -16  50   0 0.01    M    0  3.3 10 350   M    M   6 18     14 360
 7  16   9  13 -18  52   0    T    M    0  5.1 14 280   M    M   9 18     20 290
 8  16   4  10 -21  55   0    T    M    0  7.0 14 290   M    M   6 8      20 280
 9  30   2  16 -15  49   0 0.00  0.0    0  3.9 12 220   M    M   3        20 220
10  53  29  41  10  24   0 0.07    M    0  8.9 22 220   M    M   9 8      33 230
11  60  42  51  20  14   0 0.55    M    0  7.5 21 220   M    M   5 1      33 210
12  67  49  58  27   7   0 0.56    M    0 11.5 25 210   M    M  10 1      40 220
13  49  31  40   9  25   0 0.01    M    0  5.2 13 350   M    M   6        19 320
14  37  29  33   2  32   0 0.29    M    0  2.5  8  30   M    M   9 1      10  60
15  38  31  35   4  30   0 0.00  0.0    0  1.8  7 360   M    M   8 1       8  10
16  46  29  38   7  27   0 0.01    M    0  0.5  7  50   M    M   6 18      9  40
17  59  40  50  19  15   0 0.47    M    0  5.2 14 270   M    M  10 1      24 260
18  53  40  47  16  18   0 0.03    M    0  5.8 14 270   M    M  10 18     22 280
19  47  35  41  10  24   0 0.00  0.0    0  2.5  9 220   M    M   7 1      14 210
================================================================================
SM  821  546       546   0  2.80     0.0 102.7          M      138
================================================================================
AV 43.2 28.7                               5.4 FASTST   M    M   7    MAX(MPH)
                                 MISC ---->  # 25 210               # 40  220
================================================================================
NOTES:
# LAST OF SEVERAL OCCURRENCES

COLUMN 17 PEAK WIND IN M.P.H.

PRELIMINARY LOCAL CLIMATOLOGICAL DATA (WS FORM: F-6) , PAGE 2

                                          STATION:  MORGANTOWN WV
                                          MONTH:    JANUARY
                                          YEAR:     2017
                                          LATITUDE:   39 39 N
                                          LONGITUDE:  79 55 W

[TEMPERATURE DATA]      [PRECIPITATION DATA]       SYMBOLS USED IN COLUMN 16

AVERAGE MONTHLY: 36.0   TOTAL FOR MONTH:   2.80    1 = FOG OR MIST
DPTR FM NORMAL:   4.8   DPTR FM NORMAL:    1.09    2 = FOG REDUCING VISIBILITY
HIGHEST:    67 ON 12    GRTST 24HR  0.61 ON  3- 3      TO 1/4 MILE OR LESS
LOWEST:      2 ON  9                               3 = THUNDER
                        SNOW, ICE PELLETS, HAIL    4 = ICE PELLETS
                        TOTAL MONTH:   0.0 INCH    5 = HAIL
                        GRTST 24HR     0.0         6 = FREEZING RAIN OR DRIZZLE
                        GRTST DEPTH:   0           7 = DUSTSTORM OR SANDSTORM:
                                                       VSBY 1/2 MILE OR LESS
                                                   8 = SMOKE OR HAZE
[NO. OF DAYS WITH]      [WEATHER - DAYS WITH]      9 = BLOWING SNOW
                                                   X = TORNADO
MAX 32 OR BELOW:   5    0.01 INCH OR MORE:  14
MAX 90 OR ABOVE:   0    0.10 INCH OR MORE:   5
MIN 32 OR BELOW:  11    0.50 INCH OR MORE:   3
MIN  0 OR BELOW:   0    1.00 INCH OR MORE:   0

[HDD (BASE 65) ]
TOTAL THIS MO.   546    CLEAR  (SCALE 0-3)   0
DPTR FM NORMAL   -97    PTCLDY (SCALE 4-7)  11
TOTAL FM JUL 1  2108    CLOUDY (SCALE 8-10)  8
DPTR FM NORMAL  -519

[CDD (BASE 65) ]
TOTAL THIS MO.     0
DPTR FM NORMAL     0    [PRESSURE DATA]
TOTAL FM JAN 1     0    HIGHEST SLP M ON M
DPTR FM NORMAL     0    LOWEST  SLP 29.53 ON  3

[REMARKS]
