000
CXUS56 KMFR 181000
CF6MHS
PRELIMINARY LOCAL CLIMATOLOGICAL DATA (WS FORM: F-6)

                                          STATION:   MT SHASTA CITY CA
                                          MONTH:     JANUARY
                                          YEAR:      2017
                                          LATITUDE:   41 19 N
                                          LONGITUDE: 122 19 W

  TEMPERATURE IN F:       :PCPN:    SNOW:  WIND      :SUNSHINE: SKY     :PK WND
================================================================================
1   2   3   4   5  6A  6B    7    8   9   10  11  12  13   14  15   16   17  18
                                     12Z  AVG MX 2MIN
DY MAX MIN AVG DEP HDD CDD  WTR  SNW DPTH SPD SPD DIR MIN PSBL S-S WX    SPD DR
================================================================================

 1  36  26  31  -4  34   0    T    M    M  1.8 10 310   M    M   6 18     19 350
 2  31  22  27  -8  38   0 0.02    M    M  2.2 10  90   M    M   9 18     16  90
 3  35  29  32  -3  33   0 1.15    M    M  3.1 10 100   M    M  10 12     17  90
 4  39  18  29  -6  36   0 0.23    M    M  2.4  8 100   M    M   4 18     14  90
 5  24   7  16 -19  49   0 0.00    M    M  3.5 10 360   M    M   1 18     17 360
 6  36   3  20 -15  45   0    T    M    M  1.5  8 100   M    M   4 18     14 150
 7  41  30  36   1  29   0 1.40    M    M  4.0 12  90   M    M  10 12     21  70
 8  46  39  43   8  22   0 2.93    M    M  3.3 12  90   M    M   9 1      24 210
 9  44  32  38   3  27   0 0.20    M    M  3.7  9  90   M    M   8 1      18 200
10  41  35  38   2  27   0 1.10    M    M  4.4 13  90   M    M  10 1      19  90
11  41  29  35  -1  30   0 0.08    M    M  0.4  6 130   M    M   7 12     14 150
12  37  24  31  -5  34   0    T    M    M  3.4  9 320   M    M   5 128    18 330
13  40  20  30  -6  35   0 0.00    M    M  2.4  9 310   M    M   0 18     16 320
14  42  20  31  -5  34   0 0.00    M    M  2.1  9 310   M    M   0 18     16 290
15  43  24  34  -2  31   0 0.00    M    M  3.0 10 340   M    M   0 18     19 330
16  53  25  39   3  26   0 0.00    M    M  2.9  9 320   M    M   1 18     15 320
17  49  25  37   1  28   0    T    M    M  3.7 14  90   M    M   5 18     28  90
================================================================================
SM  678  408       558   0  7.11    M     47.8          M       89
================================================================================
AV 39.9 24.0                               2.8 FASTST   M    M   5    MAX(MPH)
                                 MISC ---->  # 14  90               # 28   90
================================================================================
NOTES:
# LAST OF SEVERAL OCCURRENCES

COLUMN 17 PEAK WIND IN M.P.H.

PRELIMINARY LOCAL CLIMATOLOGICAL DATA (WS FORM: F-6) , PAGE 2

                                          STATION:  MT SHASTA CITY CA
                                          MONTH:    JANUARY
                                          YEAR:     2017
                                          LATITUDE:   41 19 N
                                          LONGITUDE: 122 19 W

[TEMPERATURE DATA]      [PRECIPITATION DATA]       SYMBOLS USED IN COLUMN 16

AVERAGE MONTHLY: 31.9   TOTAL FOR MONTH:   7.11    1 = FOG OR MIST
DPTR FM NORMAL:  -3.5   DPTR FM NORMAL:    3.06    2 = FOG REDUCING VISIBILITY
HIGHEST:    53 ON 16    GRTST 24HR  2.96 ON  7- 8      TO 1/4 MILE OR LESS
LOWEST:      3 ON  6                               3 = THUNDER
                        SNOW, ICE PELLETS, HAIL    4 = ICE PELLETS
                        TOTAL MONTH:    M          5 = HAIL
                        GRTST 24HR    M  ON   M    6 = FREEZING RAIN OR DRIZZLE
                        GRTST DEPTH:  M  ON   M    7 = DUSTSTORM OR SANDSTORM:
                                                       VSBY 1/2 MILE OR LESS
                                                   8 = SMOKE OR HAZE
[NO. OF DAYS WITH]      [WEATHER - DAYS WITH]      9 = BLOWING SNOW
                                                   X = TORNADO
MAX 32 OR BELOW:   2    0.01 INCH OR MORE:   8
MAX 90 OR ABOVE:   0    0.10 INCH OR MORE:   6
MIN 32 OR BELOW:  15    0.50 INCH OR MORE:   4
MIN  0 OR BELOW:   0    1.00 INCH OR MORE:   4

[HDD (BASE 65) ]
TOTAL THIS MO.   558    CLEAR  (SCALE 0-3)   5
DPTR FM NORMAL    55    PTCLDY (SCALE 4-7)   7
TOTAL FM JUL 1  2725    CLOUDY (SCALE 8-10)  5
DPTR FM NORMAL  -100

[CDD (BASE 65) ]
TOTAL THIS MO.     0
DPTR FM NORMAL     0    [PRESSURE DATA]
TOTAL FM JAN 1     0    HIGHEST SLP  0.00 ON M
DPTR FM NORMAL     0    LOWEST  SLP  0.00 ON 10

[REMARKS]
