000
CXUS52 KMFL 201000
CF6MIA
PRELIMINARY LOCAL CLIMATOLOGICAL DATA (WS FORM: F-6)

                                          STATION:   MIAMI
                                          MONTH:     FEBRUARY
                                          YEAR:      2018
                                          LATITUDE:   25 49 N
                                          LONGITUDE:  80 17 W

  TEMPERATURE IN F:       :PCPN:    SNOW:  WIND      :SUNSHINE: SKY     :PK WND
================================================================================
1   2   3   4   5  6A  6B    7    8   9   10  11  12  13   14  15   16   17  18
                                     12Z  AVG MX 2MIN
DY MAX MIN AVG DEP HDD CDD  WTR  SNW DPTH SPD SPD DIR MIN PSBL S-S WX    SPD DR
================================================================================

 1  79  58  69   0   0   4 0.00  0.0    0  6.0 16 110   M    M   5        20 110
 2  82  64  73   4   0   8 0.00  0.0    0  3.6 10 110   M    M   6        15 300
 3  75  67  71   2   0   6 0.12  0.0    0  8.8 21 100   M    M   7 18     25 100
 4  80  69  75   6   0  10 0.00  0.0    0  9.8 18 150   M    M   7        29 160
 5  84  70  77   8   0  12 0.00  0.0    0  6.2 17  80   M    M   6        21  80
 6  79  70  75   6   0  10    T  0.0    0 10.5 16  90   M    M   6        19  90
 7  83  72  78   8   0  13    T  0.0    0 10.4 21 120   M    M   6        28 120
 8  84  73  79   9   0  14 0.00  0.0    0  9.1 15  80   M    M   5        18  90
 9  83  72  78   8   0  13 0.04  0.0    0 11.8 20 100   M    M   7 1      25  70
10  84  74  79   9   0  14    T  0.0    0 12.8 21 110   M    M   6        29 120
11  85  75  80  10   0  15 0.00  0.0    0 13.2 23 120   M    M   6        30 120
12  84  75  80  10   0  15 0.00  0.0    0 11.6 20 140   M    M   6        27 140
13  85  73  79   9   0  14 0.00  0.0    0 11.1 17 120   M    M   6        22 120
14  83  73  78   8   0  13 0.00  0.0    0 10.2 18 120   M    M   4        22 110
15  82  67  75   5   0  10 0.00  0.0    0  5.9 14 100   M    M   2        20 100
16  83  64  74   4   0   9 0.00  0.0    0  4.4 13 150   M    M   2        20 160
17  84  66  75   5   0  10 0.00  0.0    0  5.2 15 130   M    M   3        25 170
18  84  71  78   7   0  13 0.00  0.0    0  9.0 18 120   M    M   3        28  90
19  84  72  78   7   0  13 0.10  0.0    0 15.3 25  90   M    M   7 1      29 100
================================================================================
SM 1567 1325         0 216  0.26     0.0 174.9          M      100
================================================================================
AV 82.5 69.7                               9.2 FASTST   M    M   5    MAX(MPH)
                                 MISC ---->  # 25  90               # 30  120
================================================================================
NOTES:
# LAST OF SEVERAL OCCURRENCES

COLUMN 17 PEAK WIND IN M.P.H.

PRELIMINARY LOCAL CLIMATOLOGICAL DATA (WS FORM: F-6) , PAGE 2

                                          STATION:  MIAMI
                                          MONTH:    FEBRUARY
                                          YEAR:     2018
                                          LATITUDE:   25 49 N
                                          LONGITUDE:  80 17 W

[TEMPERATURE DATA]      [PRECIPITATION DATA]       SYMBOLS USED IN COLUMN 16

AVERAGE MONTHLY: 76.1   TOTAL FOR MONTH:   0.26    1 = FOG OR MIST
DPTR FM NORMAL:   6.3   DPTR FM NORMAL:   -1.27    2 = FOG REDUCING VISIBILITY
HIGHEST:    85 ON 13,11 GRTST 24HR  0.12 ON  3- 3      TO 1/4 MILE OR LESS
LOWEST:     58 ON  1                               3 = THUNDER
                        SNOW, ICE PELLETS, HAIL    4 = ICE PELLETS
                        TOTAL MONTH:   0.0 INCH    5 = HAIL
                        GRTST 24HR     0.0         6 = FREEZING RAIN OR DRIZZLE
                        GRTST DEPTH:   0           7 = DUSTSTORM OR SANDSTORM:
                                                       VSBY 1/2 MILE OR LESS
                                                   8 = SMOKE OR HAZE
[NO. OF DAYS WITH]      [WEATHER - DAYS WITH]      9 = BLOWING SNOW
                                                   X = TORNADO
MAX 32 OR BELOW:   0    0.01 INCH OR MORE:   3
MAX 90 OR ABOVE:   0    0.10 INCH OR MORE:   2
MIN 32 OR BELOW:   0    0.50 INCH OR MORE:   0
MIN  0 OR BELOW:   0    1.00 INCH OR MORE:   0

[HDD (BASE 65) ]
TOTAL THIS MO.     0    CLEAR  (SCALE 0-3)   3
DPTR FM NORMAL   -19    PTCLDY (SCALE 4-7)  16
TOTAL FM JUL 1    78    CLOUDY (SCALE 8-10)  0
DPTR FM NORMAL   -31

[CDD (BASE 65) ]
TOTAL THIS MO.   216
DPTR FM NORMAL   108    [PRESSURE DATA]
TOTAL FM JAN 1   368    HIGHEST SLP M ON M
DPTR FM NORMAL   109    LOWEST  SLP 29.99 ON  4

[REMARKS]
