000
CXUS52 KMFL 231000
CF6MIA
PRELIMINARY LOCAL CLIMATOLOGICAL DATA (WS FORM: F-6)

                                          STATION:   MIAMI
                                          MONTH:     APRIL
                                          YEAR:      2017
                                          LATITUDE:   25 49 N
                                          LONGITUDE:  80 17 W

  TEMPERATURE IN F:       :PCPN:    SNOW:  WIND      :SUNSHINE: SKY     :PK WND
================================================================================
1   2   3   4   5  6A  6B    7    8   9   10  11  12  13   14  15   16   17  18
                                     12Z  AVG MX 2MIN
DY MAX MIN AVG DEP HDD CDD  WTR  SNW DPTH SPD SPD DIR MIN PSBL S-S WX    SPD DR
================================================================================

 1  88  74  81   7   0  16    T  0.0    0  5.9 15 120 445   60   7        22 130
 2  88  75  82   8   0  17 0.00  0.0    0  8.3 17 100 388   52   7        22 100
 3  85  77  81   7   0  16 0.00  0.0    0 12.0 21 130 491   66   6        29 170
 4  86  75  81   7   0  16 0.00  0.0    0 10.4 17 130 578   77   4        26 150
 5  87  75  81   7   0  16 0.00  0.0    0  8.5 18 150 500   66   7        26 160
 6  91  69  80   5   0  15 0.00  0.0    0 11.2 22 240 509   68   7        29 240
 7  77  63  70  -5   0   5 0.00  0.0    0  9.5 17 320 703   93   3        25 300
 8  78  58  68  -7   0   3 0.00  0.0    0  5.7 14 330 489   65   5        21 340
 9  81  65  73  -2   0   8 0.00  0.0    0  9.4 20  90 288   38   5        25  80
10  81  68  75   0   0  10    T  0.0    0 11.3 24 100 267   35   5        30  90
11  81  69  75   0   0  10    T  0.0    0 10.7 23  80 418   55   4        28  80
12  84  70  77   2   0  12 0.06  0.0    0 11.1 23  90 238   31   7        30  90
13  82  72  77   2   0  12    T  0.0    0 11.4 17  50 507   66   6        25  80
14  83  71  77   1   0  12    T  0.0    0 11.7 20  40  99   13   5        25  40
15  84  74  79   3   0  14    T  0.0    0 16.7 25  90 345   45   6        30  90
16  81  72  77   1   0  12    T  0.0    0 14.6 23  90 425   55   5        29  80
17  81  73  77   1   0  12    T  0.0    0 12.2 18 110  77   10   6        23 150
18  83  73  78   2   0  13 0.00  0.0    0 12.9 17  90 436   57   6        24  90
19  83  74  79   3   0  14 0.00  0.0    0 14.2 22 100 333   43   8        26  90
20  81  73  77   1   0  12 0.02  0.0    0 13.9 24  90 321   41   8        30  90
21  82  73  78   2   0  13 0.00  0.0    0 14.4 23 110 450   58   8        31 120
22  83  74  79   2   0  14    T  0.0    0 13.4 22 100 214   28   8        27 130
================================================================================
SM 1830 1567         0 272  0.08     0.0 249.4         8521    133
================================================================================
AV 83.2 71.2                              11.3 FASTST  387  51   6    MAX(MPH)
                                 MISC ---->  # 25  90               # 31  120
================================================================================
NOTES:
# LAST OF SEVERAL OCCURRENCES

COLUMN 17 PEAK WIND IN M.P.H.

PRELIMINARY LOCAL CLIMATOLOGICAL DATA (WS FORM: F-6) , PAGE 2

                                          STATION:  MIAMI
                                          MONTH:    APRIL
                                          YEAR:     2017
                                          LATITUDE:   25 49 N
                                          LONGITUDE:  80 17 W

[TEMPERATURE DATA]      [PRECIPITATION DATA]       SYMBOLS USED IN COLUMN 16

AVERAGE MONTHLY: 77.2   TOTAL FOR MONTH:   0.08    1 = FOG OR MIST
DPTR FM NORMAL:   2.0   DPTR FM NORMAL:   -2.25    2 = FOG REDUCING VISIBILITY
HIGHEST:    91 ON  6    GRTST 24HR  0.06 ON 12-12      TO 1/4 MILE OR LESS
LOWEST:     58 ON  8                               3 = THUNDER
                        SNOW, ICE PELLETS, HAIL    4 = ICE PELLETS
                        TOTAL MONTH:   0.0 INCH    5 = HAIL
                        GRTST 24HR     0.0         6 = FREEZING RAIN OR DRIZZLE
                        GRTST DEPTH:   0           7 = DUSTSTORM OR SANDSTORM:
                                                       VSBY 1/2 MILE OR LESS
                                                   8 = SMOKE OR HAZE
[NO. OF DAYS WITH]      [WEATHER - DAYS WITH]      9 = BLOWING SNOW
                                                   X = TORNADO
MAX 32 OR BELOW:   0    0.01 INCH OR MORE:   2
MAX 90 OR ABOVE:   1    0.10 INCH OR MORE:   0
MIN 32 OR BELOW:   0    0.50 INCH OR MORE:   0
MIN  0 OR BELOW:   0    1.00 INCH OR MORE:   0

[HDD (BASE 65) ]
TOTAL THIS MO.     0    CLEAR  (SCALE 0-3)   1
DPTR FM NORMAL     0    PTCLDY (SCALE 4-7)  20
TOTAL FM JUL 1    17    CLOUDY (SCALE 8-10)  1
DPTR FM NORMAL  -110

[CDD (BASE 65) ]
TOTAL THIS MO.   272
DPTR FM NORMAL    46    [PRESSURE DATA]
TOTAL FM JAN 1  1037    HIGHEST SLP M ON M
DPTR FM NORMAL   242    LOWEST  SLP 29.88 ON 22

[REMARKS]
