000
CXUS53 KMPX 301000
CF6MIC
PRELIMINARY LOCAL CLIMATOLOGICAL DATA (WS FORM: F-6)

                                          STATION:   MINNEAPOLIS CRYSTAL MN
                                          MONTH:     APRIL
                                          YEAR:      2016
                                          LATITUDE:   45  4 N
                                          LONGITUDE:  93 21 W

  TEMPERATURE IN F:       :PCPN:    SNOW:  WIND      :SUNSHINE: SKY     :PK WND
================================================================================
1   2   3   4   5  6A  6B    7    8   9   10  11  12  13   14  15   16   17  18
                                     12Z  AVG MX 2MIN
DY MAX MIN AVG DEP HDD CDD  WTR  SNW DPTH SPD SPD DIR MIN PSBL S-S WX    SPD DR
================================================================================

 1  42  31  37  -3  28   0 0.02  0.0    0 13.5 25 300   M    M   4        33 270
 2  37  27  32  -8  33   0    M    M    M 15.7 36 300   M    M   6 1      46 300
 3  65  29  47   6  18   0 0.00  0.0    0 11.0 21 350   M    M   3        28 350
 4  42  28  35  -6  30   0    M    M    M  6.7 13 320   M    M   6        17 300
 5  38  30  34  -8  31   0    M    M    M 14.3 28 150   M    M   7        33 150
 6  43  30  37  -5  28   0    T  0.0    0  9.2 18 320   M    M   8        25 340
 7  43  29  36  -7  29   0    M    M    M  7.3 23 310   M    M  10 18     28 320
 8  37  23  30 -13  35   0    M    M    M 13.7 28 330   M    M   7 1      35 330
 9  44  15  30 -14  35   0 0.00    M    M 10.7 26 150   M    M   0        37 140
10  59  35  47   3  18   0 0.00    M    M 14.0 28 300   M    M   2        35 290
11  44  28  36  -9  29   0    M    M    0 15.1 28 300   M    M   3        37 310
12  49  20  35 -10  30   0    T    M    M  7.5 20 160   M    M   4        29 160
13  71  43  57  11   8   0    T    M    M  9.7 18 150   M    M   2        23 130
14  78  51  65  19   0   0 0.00    M    M 15.2 25 190   M    M   1        34 190
15  79  51  65  18   0   0 0.00    M    M 15.0 26 160   M    M   1        34 150
16  81  60  71  24   0   6 0.00    M    M 12.7 24 150   M    M   4        32 170
17  81  59  70  22   0   5 0.00    M    M  9.8 18 170   M    M   5        25 150
18  80  48  64  16   1   0 0.11    M    M  6.6 17  50   M    M   5        26  40
19  61  46  54   5  11   0 0.08    M    M  7.6 15 100   M    M  10        21 100
20  70  53  62  13   3   0 0.22    M    M  6.7 14 120   M    M   9 18     20  90
21  68  50  59  10   6   0 0.32    M    M  5.4 24  30   M    M   8 18     33  10
22  61  43  52   2  13   0 0.00    M    M  6.8 17  10   M    M   4        23  10
23  72  38  55   5  10   0 0.00    M    M  8.6 21 150   M    M   2        27 150
24  64  53  59   8   6   0 1.19    M    M 10.7 20 150   M    M  10 18     25 150
25  55  43  49  -2  16   0 0.28    M    M  8.4 15  30   M    M   9 138    19  30
26  50  41  46  -6  19   0 0.00    M    M  9.2 17  70   M    M  10 1      25  70
27  55  42  49  -3  16   0 0.25    M    M 11.0 24  70   M    M   5        35  70
28  44  38  41 -11  24   0 0.60    M    M  6.4 17  50   M    M  10 1      25  60
29  61  33  47  -6  18   0 0.00    M    M  4.4 15 360   M    M   3 12     20  50
================================================================================
SM 1674 1117       495  11  3.07     0.0 292.9          M      158
================================================================================
AV 57.7 38.5                              10.1 FASTST   M    M   5    MAX(MPH)
                                 MISC ---->  # 36 300               # 46  300
================================================================================
NOTES:
# LAST OF SEVERAL OCCURRENCES

COLUMN 17 PEAK WIND IN M.P.H.

PRELIMINARY LOCAL CLIMATOLOGICAL DATA (WS FORM: F-6) , PAGE 2

                                          STATION:  MINNEAPOLIS CRYSTAL MN
                                          MONTH:    APRIL
                                          YEAR:     2016
                                          LATITUDE:   45  4 N
                                          LONGITUDE:  93 21 W

[TEMPERATURE DATA]      [PRECIPITATION DATA]       SYMBOLS USED IN COLUMN 16

AVERAGE MONTHLY: 48.1   TOTAL FOR MONTH:   3.07    1 = FOG OR MIST
DPTR FM NORMAL:   1.6   DPTR FM NORMAL:    0.42    2 = FOG REDUCING VISIBILITY
HIGHEST:    81 ON 17,16 GRTST 24HR  1.28 ON 24-25      TO 1/4 MILE OR LESS
LOWEST:     15 ON  9                               3 = THUNDER
                        SNOW, ICE PELLETS, HAIL    4 = ICE PELLETS
                        TOTAL MONTH:   0.0 INCH    5 = HAIL
                        GRTST 24HR     0.0         6 = FREEZING RAIN OR DRIZZLE
                        GRTST DEPTH:   0           7 = DUSTSTORM OR SANDSTORM:
                                                       VSBY 1/2 MILE OR LESS
                                                   8 = SMOKE OR HAZE
[NO. OF DAYS WITH]      [WEATHER - DAYS WITH]      9 = BLOWING SNOW
                                                   X = TORNADO
MAX 32 OR BELOW:   0    0.01 INCH OR MORE:   9
MAX 90 OR ABOVE:   0    0.10 INCH OR MORE:   7
MIN 32 OR BELOW:  11    0.50 INCH OR MORE:   2
MIN  0 OR BELOW:   0    1.00 INCH OR MORE:   1

[HDD (BASE 65) ]
TOTAL THIS MO.   495    CLEAR  (SCALE 0-3)   8
DPTR FM NORMAL   -43    PTCLDY (SCALE 4-7)  13
TOTAL FM JUL 1  6084    CLOUDY (SCALE 8-10)  8
DPTR FM NORMAL -1341

[CDD (BASE 65) ]
TOTAL THIS MO.    11
DPTR FM NORMAL    11    [PRESSURE DATA]
TOTAL FM JAN 1    11    HIGHEST SLP M ON M
DPTR FM NORMAL    11    LOWEST  SLP 29.45 ON 25

[REMARKS]
