000
CXUS53 KMPX 301000
CF6MIC
PRELIMINARY LOCAL CLIMATOLOGICAL DATA (WS FORM: F-6)

                                          STATION:   MINNEAPOLIS CRYSTAL MN
                                          MONTH:     APRIL
                                          YEAR:      2017
                                          LATITUDE:   45  4 N
                                          LONGITUDE:  93 21 W

  TEMPERATURE IN F:       :PCPN:    SNOW:  WIND      :SUNSHINE: SKY     :PK WND
================================================================================
1   2   3   4   5  6A  6B    7    8   9   10  11  12  13   14  15   16   17  18
                                     12Z  AVG MX 2MIN
DY MAX MIN AVG DEP HDD CDD  WTR  SNW DPTH SPD SPD DIR MIN PSBL S-S WX    SPD DR
================================================================================

 1  64  30  47   7  18   0 0.00    M    M  2.7 13 220   M    M   0        17 180
 2  55  36  46   6  19   0    T    M    M  7.3 16 180   M    M   8        20 180
 3  52  47  50   9  15   0 0.01    M    M  6.8 13  10   M    M  10 128    18  40
 4  62  39  51  10  14   0 0.00    M    M  6.9 20 340   M    M   2        24 340
 5  54  34  44   2  21   0 0.00    M    M  6.9 16 340   M    M   2 8      19 360
 6  55  31  43   1  22   0 0.00    M    M  9.0 21 350   M    M   0        27  20
 7  60  26  43   0  22   0 0.00    M    M  7.3 17 190   M    M   0        24 170
 8  70  45  58  15   7   0 0.00    M    M 12.2 21 160   M    M   0        26 170
 9  71  46  59  15   6   0 0.03    M    M 10.3 28 330   M    M   5 3      32 330
10  52  32  42  -2  23   0    M    M    M 12.7 24  10   M    M  10 18     30 360
11  52  31  42  -3  23   0    M    M    M  4.9 15 280   M    M   4 1      19 310
12  55  34  45   0  20   0 0.19    M    M  5.8 15 160   M    M   8 1      20 190
13  53  45  49   3  16   0 0.00    M    M  7.3 15 120   M    M  10 18     19  80
14  64  47  56  10   9   0 0.10    M    M 10.5 20 120   M    M   7 18     28 130
15  70  51  61  14   4   0 0.39    M    M  6.7 29 330   M    M   9 13     39 340
16  66  46  56   9   9   0 0.00    M    M 11.9 23 260   M    M   1        36 250
17  57  41  49   1  16   0 0.00    M    M  5.7 15 350   M    M   2        19 310
18  63  47  55   7  10   0 0.21    M    M 14.2 29 260   M    M   9 1      40 180
19  52  41  47  -2  18   0 0.59    M    M  9.3 20  70   M    M   9 1      26  70
20  51  39  45  -4  20   0 0.05    M    M 10.6 22 320   M    M   8 1      27 330
21  63  31  47  -2  18   0 0.00    M    M  3.1 14  20   M    M   1 1      20  10
22  68  34  51   1  14   0 0.00    M    M  4.5 18 300   M    M   0        22 290
23  67  44  56   6   9   0 0.00    M    M  6.8 16  30   M    M   0        20  40
24  71  40  56   5   9   0 0.01    M    M 11.4 29 190   M    M   4        43 190
25  62  44  53   2  12   0 0.36    M    M  7.0 20  20   M    M   8 1      26  30
26  44  34  39 -13  26   0 0.32    M    M 11.5 20  20   M    M  10 18     25  10
27  35  31  33 -19  32   0    M    M    M 10.5 18 300   M    M  10 18     26 300
28  52  34  43  -9  22   0 0.00    M    M  6.9 16 350   M    M   1        22  10
29  56  36  46  -7  19   0 0.00    M    M 10.3 21  30   M    M   0        29  40
================================================================================
SM 1696 1116       473   0  2.26    M    241.0          M      138
================================================================================
AV 58.5 38.5                               8.3 FASTST   M    M   5    MAX(MPH)
                                 MISC ---->  # 29 330               # 43  190
================================================================================
NOTES:
# LAST OF SEVERAL OCCURRENCES

COLUMN 17 PEAK WIND IN M.P.H.

PRELIMINARY LOCAL CLIMATOLOGICAL DATA (WS FORM: F-6) , PAGE 2

                                          STATION:  MINNEAPOLIS CRYSTAL MN
                                          MONTH:    APRIL
                                          YEAR:     2017
                                          LATITUDE:   45  4 N
                                          LONGITUDE:  93 21 W

[TEMPERATURE DATA]      [PRECIPITATION DATA]       SYMBOLS USED IN COLUMN 16

AVERAGE MONTHLY: 48.5   TOTAL FOR MONTH:   2.26    1 = FOG OR MIST
DPTR FM NORMAL:   1.9   DPTR FM NORMAL:   -0.39    2 = FOG REDUCING VISIBILITY
HIGHEST:    71 ON 24, 9 GRTST 24HR  0.67 ON 25-26      TO 1/4 MILE OR LESS
LOWEST:     26 ON  7                               3 = THUNDER
                        SNOW, ICE PELLETS, HAIL    4 = ICE PELLETS
                        TOTAL MONTH:    M          5 = HAIL
                        GRTST 24HR    M  ON   M    6 = FREEZING RAIN OR DRIZZLE
                        GRTST DEPTH:  M  ON   M    7 = DUSTSTORM OR SANDSTORM:
                                                       VSBY 1/2 MILE OR LESS
                                                   8 = SMOKE OR HAZE
[NO. OF DAYS WITH]      [WEATHER - DAYS WITH]      9 = BLOWING SNOW
                                                   X = TORNADO
MAX 32 OR BELOW:   0    0.01 INCH OR MORE:  11
MAX 90 OR ABOVE:   0    0.10 INCH OR MORE:   7
MIN 32 OR BELOW:   7    0.50 INCH OR MORE:   1
MIN  0 OR BELOW:   0    1.00 INCH OR MORE:   0

[HDD (BASE 65) ]
TOTAL THIS MO.   473    CLEAR  (SCALE 0-3)  13
DPTR FM NORMAL   -65    PTCLDY (SCALE 4-7)   7
TOTAL FM JUL 1  6313    CLOUDY (SCALE 8-10)  9
DPTR FM NORMAL -1112

[CDD (BASE 65) ]
TOTAL THIS MO.     0
DPTR FM NORMAL     0    [PRESSURE DATA]
TOTAL FM JAN 1     0    HIGHEST SLP M ON M
DPTR FM NORMAL     0    LOWEST  SLP 29.44 ON  8

[REMARKS]
