000
CXUS53 KMKX 230900
CF6MKE
PRELIMINARY LOCAL CLIMATOLOGICAL DATA (WS FORM: F-6)

                                          STATION:   MILWAUKEE WI
                                          MONTH:     FEBRUARY
                                          YEAR:      2017
                                          LATITUDE:   42 57 N
                                          LONGITUDE:  87 54 W

  TEMPERATURE IN F:       :PCPN:    SNOW:  WIND      :SUNSHINE: SKY     :PK WND
================================================================================
1   2   3   4   5  6A  6B    7    8   9   10  11  12  13   14  15   16   17  18
                                     12Z  AVG MX 2MIN
DY MAX MIN AVG DEP HDD CDD  WTR  SNW DPTH SPD SPD DIR MIN PSBL S-S WX    SPD DR
================================================================================

 1  36  17  27   4  38   0 0.02  0.4    T 10.3 21 310   M    M   4        27 310
 2  20  11  16  -7  49   0 0.00  0.0    T 12.3 20 300   M    M   1        28 300
 3  24  12  18  -5  47   0 0.00  0.0    T 11.7 20 270   M    M   2        24 270
 4  33  12  23   0  42   0    T  0.0    T 12.2 28 220   M    M   6        35 220
 5  38  21  30   6  35   0 0.00  0.0    T  8.6 20 320   M    M   5        25 330
 6  42  19  31   7  34   0 0.00  0.0    T  4.0 12 130   M    M   7 18     13 130
 7  39  30  35  11  30   0 0.15    T    0 10.4 24 290   M    M  10 128    30 280
 8  30  14  22  -2  43   0 0.00  0.0    0 10.4 23 290   M    M   7        31 290
 9  22  10  16  -8  49   0 0.00  0.0    0 12.2 23 300   M    M   2        29 300
10  42  21  32   8  33   0 0.00  0.0    0 13.7 25 220   M    M   8        32 230
11  45  35  40  15  25   0 0.01  0.0    0  7.5 26  20   M    M  10 18     32  10
12  45  33  39  14  26   0    T  0.0    0 15.9 38 300   M    M   5 18     51 290
13  46  29  38  13  27   0 0.00  0.0    0 11.7 21 220   M    M   1        26 220
14  49  33  41  15  24   0    T    T    0 13.9 24 270   M    M   4        34 290
15  35  26  31   5  34   0 0.00  0.0    0 11.1 20 320   M    M   5        25 330
16  38  29  34   8  31   0 0.00  0.0    0  9.3 20 140   M    M   9        24 140
17  64  28  46  20  19   0 0.00  0.0    0  6.9 20 210   M    M   2 18     24 210
18  67  42  55  28  10   0 0.00  0.0    0  7.9 18 250   M    M   1        26 250
19  58  34  46  19  19   0 0.00  0.0    0  4.7 10  50   M    M   4        13  40
20  59  35  47  20  18   0 0.00  0.0    0  9.9 25 170   M    M   8 8      32 170
21  66  45  56  28   9   0 0.07  0.0    0  6.7 14 220   M    M   6 18     19 230
22  71  40  56  28   9   0 0.00  0.0    0 12.6 24 200   M    M   4 128    29 200
================================================================================
SM  969  576       651   0  0.25     0.4 223.9          M      111
================================================================================
AV 44.1 26.2                              10.2 FASTST   M    M   5    MAX(MPH)
                                 MISC ---->  # 38 300               # 51  290
================================================================================
NOTES:
# LAST OF SEVERAL OCCURRENCES

COLUMN 17 PEAK WIND IN M.P.H.

PRELIMINARY LOCAL CLIMATOLOGICAL DATA (WS FORM: F-6) , PAGE 2

                                          STATION:  MILWAUKEE WI
                                          MONTH:    FEBRUARY
                                          YEAR:     2017
                                          LATITUDE:   42 57 N
                                          LONGITUDE:  87 54 W

[TEMPERATURE DATA]      [PRECIPITATION DATA]       SYMBOLS USED IN COLUMN 16

AVERAGE MONTHLY: 35.1   TOTAL FOR MONTH:   0.25    1 = FOG OR MIST
DPTR FM NORMAL:  10.0   DPTR FM NORMAL:   -1.01    2 = FOG REDUCING VISIBILITY
HIGHEST:    71 ON 22    GRTST 24HR  0.15 ON  7- 7      TO 1/4 MILE OR LESS
LOWEST:     10 ON  9                               3 = THUNDER
                        SNOW, ICE PELLETS, HAIL    4 = ICE PELLETS
                        TOTAL MONTH:   0.4 INCH    5 = HAIL
                        GRTST 24HR   0.4 ON   M    6 = FREEZING RAIN OR DRIZZLE
                        GRTST DEPTH:   0           7 = DUSTSTORM OR SANDSTORM:
                                                       VSBY 1/2 MILE OR LESS
                                                   8 = SMOKE OR HAZE
[NO. OF DAYS WITH]      [WEATHER - DAYS WITH]      9 = BLOWING SNOW
                                                   X = TORNADO
MAX 32 OR BELOW:   4    0.01 INCH OR MORE:   4
MAX 90 OR ABOVE:   0    0.10 INCH OR MORE:   1
MIN 32 OR BELOW:  14    0.50 INCH OR MORE:   0
MIN  0 OR BELOW:   0    1.00 INCH OR MORE:   0

[HDD (BASE 65) ]
TOTAL THIS MO.   651    CLEAR  (SCALE 0-3)   6
DPTR FM NORMAL  -226    PTCLDY (SCALE 4-7)  12
TOTAL FM JUL 1  3831    CLOUDY (SCALE 8-10)  4
DPTR FM NORMAL  -931

[CDD (BASE 65) ]
TOTAL THIS MO.     0
DPTR FM NORMAL     0    [PRESSURE DATA]
TOTAL FM JAN 1     0    HIGHEST SLP M ON M
DPTR FM NORMAL     0    LOWEST  SLP 29.41 ON  7

[REMARKS]
