000
CXUS53 KMKX 300900
CF6MKE
PRELIMINARY LOCAL CLIMATOLOGICAL DATA (WS FORM: F-6)

                                          STATION:   MILWAUKEE WI
                                          MONTH:     JUNE
                                          YEAR:      2015
                                          LATITUDE:   42 57 N
                                          LONGITUDE:  87 54 W

  TEMPERATURE IN F:       :PCPN:    SNOW:  WIND      :SUNSHINE: SKY     :PK WND
================================================================================
1   2   3   4   5  6A  6B    7    8   9   10  11  12  13   14  15   16   17  18
                                     12Z  AVG MX 2MIN
DY MAX MIN AVG DEP HDD CDD  WTR  SNW DPTH SPD SPD DIR MIN PSBL S-S WX    SPD DR
================================================================================

 1  56  41  49 -12  16   0 0.00  0.0    0  8.8 18  40   M    M   4        25  40
 2  64  41  53  -8  12   0 0.00  0.0    0  5.4 13 130   M    M   4        17 140
 3  67  47  57  -5   8   0 0.00  0.0    0  8.7 20 130   M    M   6 8      24 130
 4  82  56  69   7   0   4 0.00  0.0    0  8.5 17 220   M    M   7 8      25 210
 5  64  50  57  -5   8   0 0.00  0.0    0 14.0 22  20   M    M   7 12     34 360
 6  63  47  55  -8  10   0 0.00  0.0    0  7.1 20  20   M    M   5        27  30
 7  82  52  67   4   0   2 0.11  0.0    0 11.6 25 220   M    M   7 1      34 230
 8  82  60  71   7   0   6 0.03  0.0    0  9.5 30 350   M    M   4        38 350
 9  87  61  74  10   0   9 0.00  0.0    0  8.7 17 220   M    M   6 8      23 260
10  87  57  72   8   0   7 0.00  0.0    0  9.5 18 300   M    M   4        25 260
11  63  51  57  -8   8   0 0.52  0.0    0  9.8 23 340   M    M   8 13     28 340
12  59  52  56  -9   9   0 0.64  0.0    0 10.1 22  50   M    M   9 123    29  20
13  69  54  62  -4   3   0 0.38  0.0    0  4.5 12  80   M    M  10 1238   14  70
14  79  56  68   2   0   3 0.11  0.0    0  3.6  9  60   M    M   8 12     11 110
15  81  62  72   6   0   7 0.29  0.0    0  3.5 17  30   M    M   9 1      23  20
16  67  54  61  -6   4   0 0.00  0.0    0  9.1 20  30   M    M   4        26  30
17  68  51  60  -7   5   0 0.00  0.0    0  5.2 10  50   M    M   7        13  40
18  84  52  68   1   0   3 0.14  0.0    0 11.4 26  30   M    M   7 18     36  20
19  63  50  57 -11   8   0 0.00  0.0    0  8.9 16  40   M    M   4 8      25  20
20  75  51  63  -5   2   0    T  0.0    0  6.3 20 160   M    M   8        23 160
21  85  66  76   8   0  11 0.00  0.0    0  7.7 18 130   M    M   6        27 310
22  82  65  74   6   0   9 0.25  0.0    0 11.6 38 220   M    M   7 13     50 240
23  79  60  70   1   0   5 0.00  0.0    0  8.9 21 330   M    M   2        28 280
24  80  60  70   1   0   5 0.00  0.0    0  6.5 17 130   M    M   6        22 130
25  70  58  64  -5   1   0 0.02  0.0    0  5.6 13  10   M    M   9 18     17 360
26  65  55  60 -10   5   0 0.00  0.0    0  9.9 20  20   M    M   8 1      24  40
27  73  56  65  -5   0   0 0.00  0.0    0  8.9 17  30   M    M   4        25  10
28  74  52  63  -7   2   0 0.00  0.0    0  5.8 14 130   M    M   6        17 140
29  73  61  67  -3   0   2    T  0.0    0  4.9 13 140   M    M   7 1      16 110
================================================================================
SM 2123 1578       101  73  2.49     0.0 234.0          M      183
================================================================================
AV 73.2 54.4                               8.1 FASTST   M    M   6    MAX(MPH)
                                 MISC ---->  # 38 220               # 50  240
================================================================================
NOTES:
# LAST OF SEVERAL OCCURRENCES

COLUMN 17 PEAK WIND IN M.P.H.

PRELIMINARY LOCAL CLIMATOLOGICAL DATA (WS FORM: F-6) , PAGE 2

                                          STATION:  MILWAUKEE WI
                                          MONTH:    JUNE
                                          YEAR:     2015
                                          LATITUDE:   42 57 N
                                          LONGITUDE:  87 54 W

[TEMPERATURE DATA]      [PRECIPITATION DATA]       SYMBOLS USED IN COLUMN 16

AVERAGE MONTHLY: 63.8   TOTAL FOR MONTH:   2.49    1 = FOG OR MIST
DPTR FM NORMAL:  -2.2   DPTR FM NORMAL:   -1.28    2 = FOG REDUCING VISIBILITY
HIGHEST:    87 ON 10, 9 GRTST 24HR  1.16 ON 11-12      TO 1/4 MILE OR LESS
LOWEST:     41 ON  2, 1                            3 = THUNDER
                        SNOW, ICE PELLETS, HAIL    4 = ICE PELLETS
                        TOTAL MONTH:   0.0 INCH    5 = HAIL
                        GRTST 24HR     0.0         6 = FREEZING RAIN OR DRIZZLE
                        GRTST DEPTH:   0           7 = DUSTSTORM OR SANDSTORM:
                                                       VSBY 1/2 MILE OR LESS
                                                   8 = SMOKE OR HAZE
[NO. OF DAYS WITH]      [WEATHER - DAYS WITH]      9 = BLOWING SNOW
                                                   X = TORNADO
MAX 32 OR BELOW:   0    0.01 INCH OR MORE:  10
MAX 90 OR ABOVE:   0    0.10 INCH OR MORE:   8
MIN 32 OR BELOW:   0    0.50 INCH OR MORE:   2
MIN  0 OR BELOW:   0    1.00 INCH OR MORE:   0

[HDD (BASE 65) ]
TOTAL THIS MO.   101    CLEAR  (SCALE 0-3)   1
DPTR FM NORMAL    18    PTCLDY (SCALE 4-7)  22
TOTAL FM JUL 1  7196    CLOUDY (SCALE 8-10)  6
DPTR FM NORMAL   303

[CDD (BASE 65) ]
TOTAL THIS MO.    73
DPTR FM NORMAL   -40    [PRESSURE DATA]
TOTAL FM JAN 1    99    HIGHEST SLP M ON M
DPTR FM NORMAL   -44    LOWEST  SLP 29.59 ON M

[REMARKS]
