025
CXUS53 KMKX 240900
CF6MKE
PRELIMINARY LOCAL CLIMATOLOGICAL DATA (WS FORM: F-6)

                                          STATION:   MILWAUKEE WI
                                          MONTH:     MAY
                                          YEAR:      2016
                                          LATITUDE:   42 57 N
                                          LONGITUDE:  87 54 W

  TEMPERATURE IN F:       :PCPN:    SNOW:  WIND      :SUNSHINE: SKY     :PK WND
================================================================================
1   2   3   4   5  6A  6B    7    8   9   10  11  12  13   14  15   16   17  18
                                     12Z  AVG MX 2MIN
DY MAX MIN AVG DEP HDD CDD  WTR  SNW DPTH SPD SPD DIR MIN PSBL S-S WX    SPD DR
================================================================================

 1  47  41  44  -7  21   0 0.13  0.0    0 14.1 22  20   M    M  10 18     30  30
 2  57  39  48  -3  17   0 0.00  0.0    0  7.2 16  30   M    M   4        21  40
 3  69  39  54   2  11   0 0.04  0.0    0  9.1 22 340   M    M   6        31 350
 4  49  40  45  -7  20   0    T  0.0    0 14.6 24  20   M    M   8        31  30
 5  55  40  48  -4  17   0 0.00  0.0    0  9.2 21  10   M    M   4        30 360
 6  85  45  65  13   0   0    T  0.0    0  8.0 17 300   M    M   4        22 300
 7  75  46  61   8   4   0    T  0.0    0 13.4 30  10   M    M   7        41  20
 8  70  39  55   2  10   0 0.00  0.0    0  6.9 17  70   M    M   4        21 330
 9  58  43  51  -3  14   0 0.22  0.0    0 11.2 24 120   M    M   8 18     32 120
10  49  46  48  -6  17   0 1.12  0.0    0 14.6 25 100   M    M  10 1      32 110
11  59  46  53  -1  12   0 0.00  0.0    0  5.7 13 100   M    M  10 12     14 100
12  72  48  60   6   5   0 0.01  0.0    0 10.3 21 290   M    M   7 18     29 290
13  64  44  54  -1  11   0 0.20  0.0    0 11.6 23 330   M    M   6 1      33 350
14  46  40  43 -12  22   0    T    T    0 14.1 25 310   M    M   9        31 310
15  56  36  46  -9  19   0 0.00  0.0    0 11.2 21 300   M    M   5        32 280
16  71  46  59   3   6   0 0.11  0.0    0 12.0 23 250   M    M   6 3      32 330
17  54  43  49  -7  16   0 0.00  0.0    0 13.4 23  20   M    M   5        27  10
18  57  45  51  -5  14   0 0.00  0.0    0  7.3 16  20   M    M   2        21  10
19  68  42  55  -2  10   0 0.00  0.0    0  5.0 17 140   M    M   3 8      21 130
20  63  44  54  -3  11   0 0.00  0.0    0  2.9 10  50   M    M   7 8      12  40
21  71  52  62   5   3   0 0.00  0.0    0  5.7 15  30   M    M   5        18  40
22  71  54  63   5   2   0 0.00  0.0    0  6.1 14  20   M    M   3        20  20
23  76  49  63   5   2   0 0.00  0.0    0  8.9 20 130   M    M   3 8      23 140
================================================================================
SM 1442 1007       264   0  1.83    T    222.5          M      136
================================================================================
AV 62.7 43.8                               9.7 FASTST   M    M   6    MAX(MPH)
                                 MISC ---->  # 30  10               # 41   20
================================================================================
NOTES:
# LAST OF SEVERAL OCCURRENCES

COLUMN 17 PEAK WIND IN M.P.H.

PRELIMINARY LOCAL CLIMATOLOGICAL DATA (WS FORM: F-6) , PAGE 2

                                          STATION:  MILWAUKEE WI
                                          MONTH:    MAY
                                          YEAR:     2016
                                          LATITUDE:   42 57 N
                                          LONGITUDE:  87 54 W

[TEMPERATURE DATA]      [PRECIPITATION DATA]       SYMBOLS USED IN COLUMN 16

AVERAGE MONTHLY: 53.2   TOTAL FOR MONTH:   1.83    1 = FOG OR MIST
DPTR FM NORMAL:  -1.2   DPTR FM NORMAL:   -0.64    2 = FOG REDUCING VISIBILITY
HIGHEST:    85 ON  6    GRTST 24HR  1.34 ON  9-10      TO 1/4 MILE OR LESS
LOWEST:     36 ON 15                               3 = THUNDER
                        SNOW, ICE PELLETS, HAIL    4 = ICE PELLETS
                        TOTAL MONTH:    T          5 = HAIL
                        GRTST 24HR    T  ON 14-14  6 = FREEZING RAIN OR DRIZZLE
                        GRTST DEPTH:   0           7 = DUSTSTORM OR SANDSTORM:
                                                       VSBY 1/2 MILE OR LESS
                                                   8 = SMOKE OR HAZE
[NO. OF DAYS WITH]      [WEATHER - DAYS WITH]      9 = BLOWING SNOW
                                                   X = TORNADO
MAX 32 OR BELOW:   0    0.01 INCH OR MORE:   7
MAX 90 OR ABOVE:   0    0.10 INCH OR MORE:   5
MIN 32 OR BELOW:   0    0.50 INCH OR MORE:   1
MIN  0 OR BELOW:   0    1.00 INCH OR MORE:   1

[HDD (BASE 65) ]
TOTAL THIS MO.   264    CLEAR  (SCALE 0-3)   4
DPTR FM NORMAL     6    PTCLDY (SCALE 4-7)  14
TOTAL FM JUL 1  5880    CLOUDY (SCALE 8-10)  5
DPTR FM NORMAL  -875

[CDD (BASE 65) ]
TOTAL THIS MO.     0
DPTR FM NORMAL   -13    [PRESSURE DATA]
TOTAL FM JAN 1     0    HIGHEST SLP M ON M
DPTR FM NORMAL   -18    LOWEST  SLP 29.63 ON M

[REMARKS]
