329
CXUS53 KGRR 181017
CF6MKG
PRELIMINARY LOCAL CLIMATOLOGICAL DATA (WS FORM: F-6)

                                          STATION:   MUSKEGON
                                          MONTH:     NOVEMBER
                                          YEAR:      2017
                                          LATITUDE:   43 10 N
                                          LONGITUDE:  86 14 W

  TEMPERATURE IN F:       :PCPN:    SNOW:  WIND      :SUNSHINE: SKY     :PK WND
================================================================================
1   2   3   4   5  6A  6B    7    8   9   10  11  12  13   14  15   16   17  18
                                     12Z  AVG MX 2MIN
DY MAX MIN AVG DEP HDD CDD  WTR  SNW DPTH SPD SPD DIR MIN PSBL S-S WX    SPD DR
================================================================================

 1  45  36  41  -4  24   0 0.22    T    0  9.8 17 150   M    M  10 1      23 160
 2  52  40  46   1  19   0 0.10  0.0    0  4.4 12 120   M    M  10 1      14 100
 3  51  41  46   1  19   0 0.00  0.0    0  7.6 15 340   M    M   8        20 330
 4  47  38  43  -1  22   0 0.12  0.0    0  9.5 23  90   M    M   8 1      30  90
 5  52  47  50   6  15   0    T  0.0    0  6.1 17 310   M    M  10 12     23 310
 6  47  36  42  -2  23   0 0.00  0.0    0  8.6 21 340   M    M   9        26 340
 7  48  27  38  -5  27   0 0.00  0.0    0  4.4 13 340   M    M   6        17 320
 8  46  24  35  -8  30   0 0.00  0.0    0  7.0 17 220   M    M   7        21 220
 9  47  23  35  -8  30   0 0.01    T    0 16.1 25 250   M    M   9        35 260
10  29  20  25 -17  40   0    T    T    0  9.8 17  60   M    M   7        23  60
11  36  20  28 -14  37   0 0.00  0.0    0  8.5 15 150   M    M   7        20 140
12  43  35  39  -3  26   0 0.00  0.0    0  2.2 12 280   M    M  10 18     16 300
13  44  31  38  -3  27   0 0.00  0.0    0  4.1 17 280   M    M   8 18     21 280
14  48  33  41   0  24   0 0.02  0.0    0  8.3 20 180   M    M  10 8      24 170
15  48  39  44   4  21   0 1.30  0.0    0 13.6 28 280   M    M   8 1      38 280
16  42  29  36  -4  29   0    T  0.0    0 11.8 26 320   M    M   8        36 310
17  46  27  37  -3  28   0 0.42  0.0    0 10.8 20 130   M    M   8 1      25 140
================================================================================
SM  771  546       441   0  2.19    T    142.6          M      143
================================================================================
AV 45.4 32.1                               8.4 FASTST   M    M   8    MAX(MPH)
                                 MISC ---->  # 28 280               # 38  280
================================================================================
NOTES:
# LAST OF SEVERAL OCCURRENCES

COLUMN 17 PEAK WIND IN M.P.H.

PRELIMINARY LOCAL CLIMATOLOGICAL DATA (WS FORM: F-6) , PAGE 2

                                          STATION:  MUSKEGON
                                          MONTH:    NOVEMBER
                                          YEAR:     2017
                                          LATITUDE:   43 10 N
                                          LONGITUDE:  86 14 W

[TEMPERATURE DATA]      [PRECIPITATION DATA]       SYMBOLS USED IN COLUMN 16

AVERAGE MONTHLY: 38.7   TOTAL FOR MONTH:   2.19    1 = FOG OR MIST
DPTR FM NORMAL:  -3.9   DPTR FM NORMAL:    0.24    2 = FOG REDUCING VISIBILITY
HIGHEST:    52 ON  5, 2 GRTST 24HR  1.30 ON 15-15      TO 1/4 MILE OR LESS
LOWEST:     20 ON 11,10                            3 = THUNDER
                        SNOW, ICE PELLETS, HAIL    4 = ICE PELLETS
                        TOTAL MONTH:    T          5 = HAIL
                        GRTST 24HR    T  ON 10-10  6 = FREEZING RAIN OR DRIZZLE
                        GRTST DEPTH:   0           7 = DUSTSTORM OR SANDSTORM:
                                                       VSBY 1/2 MILE OR LESS
                                                   8 = SMOKE OR HAZE
[NO. OF DAYS WITH]      [WEATHER - DAYS WITH]      9 = BLOWING SNOW
                                                   X = TORNADO
MAX 32 OR BELOW:   1    0.01 INCH OR MORE:   7
MAX 90 OR ABOVE:   0    0.10 INCH OR MORE:   5
MIN 32 OR BELOW:   8    0.50 INCH OR MORE:   1
MIN  0 OR BELOW:   0    1.00 INCH OR MORE:   1

[HDD (BASE 65) ]
TOTAL THIS MO.   441    CLEAR  (SCALE 0-3)   0
DPTR FM NORMAL    60    PTCLDY (SCALE 4-7)   7
TOTAL FM JUL 1   840    CLOUDY (SCALE 8-10) 10
DPTR FM NORMAL  -164

[CDD (BASE 65) ]
TOTAL THIS MO.     0
DPTR FM NORMAL     0    [PRESSURE DATA]
TOTAL FM JAN 1   615    HIGHEST SLP M ON M
DPTR FM NORMAL    49    LOWEST  SLP 29.63 ON 17

[REMARKS]
