000
CXHW52 PHFO 291250
CF6MKK
PRELIMINARY LOCAL CLIMATOLOGICAL DATA (WS FORM: F-6)

                                          STATION:   MOLOKAI HI
                                          MONTH:     APRIL
                                          YEAR:      2017
                                          LATITUDE:   21  8 N
                                          LONGITUDE: 157  6 W

  TEMPERATURE IN F:       :PCPN:    SNOW:  WIND      :SUNSHINE: SKY     :PK WND
================================================================================
1   2   3   4   5  6A  6B    7    8   9   10  11  12  13   14  15   16   17  18
                                     12Z  AVG MX 2MIN
DY MAX MIN AVG DEP HDD CDD  WTR  SNW DPTH SPD SPD DIR MIN PSBL S-S WX    SPD DR
================================================================================

 1  85  73  79   7   0  14 0.00  0.0    M 13.8 29  50   M    M   M        38  50
 2  84  73  79   7   0  14    T  0.0    M 13.7 23  30   M    M   M        35  60
 3  86  72  79   7   0  14 0.00  0.0    M 13.2 21  50   M    M   M        28  30
 4  83  68  76   4   0  11    T  0.0    M 12.3 22  50   M    M   M        30  50
 5  82  69  76   4   0  11 0.00  0.0    M 12.1 22  30   M    M   M        30  30
 6  84  62  73   1   0   8 0.00  0.0    M  9.9 20  50   M    M   M        29  10
 7  85  71  78   6   0  13 0.00  0.0    M  9.2 18  60   M    M   M        26  50
 8  84  65  75   3   0  10 0.00  0.0    M  7.3 16 170   M    M   M        21 170
 9  82  63  73   1   0   8 0.00  0.0    M  5.1 17 310   M    M   M        25 300
10  82  66  74   2   0   9    T  0.0    M  7.3 20  60   M    M   M        26  50
11  84  68  76   4   0  11 0.01  0.0    M  8.1 20  60   M    M   M        26  60
12  83  68  76   4   0  11    T  0.0    M  7.9 17  50   M    M   M        23  10
13  82  67  75   3   0  10 0.07  0.0    M  7.0 15  50   M    M   M 1      20 110
14  82  64  73   1   0   8 0.00  0.0    M  8.4 20  30   M    M   M        25  40
15  82  67  75   2   0  10 0.00  0.0    M  7.5 17  10   M    M   M        23 360
16  81  63  72  -1   0   7 0.18  0.0    M 10.4 22 360   M    M   M 1      30 360
17  75  65  70  -3   0   5    T  0.0    M 15.1 25  50   M    M   M        37  30
18  80  63  72  -1   0   7 0.00  0.0    M  8.7 22  40   M    M   M        31  50
19  79  62  71  -2   0   6    T  0.0    M 10.2 21 180   M    M   M        27 190
20  76  66  71  -2   0   6 1.75  0.0    M  8.0 16 160   M    M   M 1      21 190
21  81  66  74   1   0   9 0.37  0.0    M  8.1 17  50   M    M   M 1      26  70
22  80  66  73   0   0   8 0.01  0.0    M 13.1 21  50   M    M   M 1      29  40
23  85  63  74   1   0   9    T  0.0    M  8.0 18 130   M    M   M        26 280
24  85  64  75   2   0  10 0.00  0.0    M 10.4 18  30   M    M   M        27  30
25  77  65  71  -2   0   6    T  0.0    M 11.4 23  60   M    M   M        31  60
26  77  65  71  -2   0   6    T  0.0    M 10.8 22  50   M    M   M        30  30
27  83  59  71  -2   0   6 0.00  0.0    M  6.5 16  30   M    M   M        23  40
28  80  59  70  -3   0   5 0.42  0.0    M  5.9 16 330   M    M   M 1      21 340
================================================================================
SM 2289 1842         0 252  2.81     0.0 269.4          M        M
================================================================================
AV 81.8 65.8                               9.6 FASTST   M    M -nan   MAX(MPH)
                                 MISC ---->  # 29  50               # 38   50
================================================================================
NOTES:
# LAST OF SEVERAL OCCURRENCES

COLUMN 17 PEAK WIND IN M.P.H.

PRELIMINARY LOCAL CLIMATOLOGICAL DATA (WS FORM: F-6) , PAGE 2

                                          STATION:  MOLOKAI HI
                                          MONTH:    APRIL
                                          YEAR:     2017
                                          LATITUDE:   21  8 N
                                          LONGITUDE: 157  6 W

[TEMPERATURE DATA]      [PRECIPITATION DATA]       SYMBOLS USED IN COLUMN 16

AVERAGE MONTHLY: 73.8   TOTAL FOR MONTH:   2.81    1 = FOG OR MIST
DPTR FM NORMAL:   1.3   DPTR FM NORMAL:    1.03    2 = FOG REDUCING VISIBILITY
HIGHEST:    86 ON  3    GRTST 24HR  1.75 ON 20-20      TO 1/4 MILE OR LESS
LOWEST:     59 ON 28,27                            3 = THUNDER
                        SNOW, ICE PELLETS, HAIL    4 = ICE PELLETS
                        TOTAL MONTH:   0.0 INCH    5 = HAIL
                        GRTST 24HR     0.0         6 = FREEZING RAIN OR DRIZZLE
                        GRTST DEPTH:  M  ON   M    7 = DUSTSTORM OR SANDSTORM:
                                                       VSBY 1/2 MILE OR LESS
                                                   8 = SMOKE OR HAZE
[NO. OF DAYS WITH]      [WEATHER - DAYS WITH]      9 = BLOWING SNOW
                                                   X = TORNADO
MAX 32 OR BELOW:   0    0.01 INCH OR MORE:   7
MAX 90 OR ABOVE:   0    0.10 INCH OR MORE:   4
MIN 32 OR BELOW:   0    0.50 INCH OR MORE:   1
MIN  0 OR BELOW:   0    1.00 INCH OR MORE:   1

[HDD (BASE 65) ]
TOTAL THIS MO.     0    CLEAR  (SCALE 0-3)   0
DPTR FM NORMAL     0    PTCLDY (SCALE 4-7)   0
TOTAL FM JUL 1     0    CLOUDY (SCALE 8-10)  0
DPTR FM NORMAL    -3

[CDD (BASE 65) ]
TOTAL THIS MO.   252
DPTR FM NORMAL    41    [PRESSURE DATA]
TOTAL FM JAN 1   817    HIGHEST SLP M ON M
DPTR FM NORMAL    95    LOWEST  SLP 29.90 ON 28

[REMARKS]
