595
CXUS54 KMEG 240641
CF6MKL
PRELIMINARY LOCAL CLIMATOLOGICAL DATA (WS FORM: F-6)

                                          STATION:   JACKSON
                                          MONTH:     MAY
                                          YEAR:      2017
                                          LATITUDE:   35 35 N
                                          LONGITUDE:  88 55 W

  TEMPERATURE IN F:       :PCPN:    SNOW:  WIND      :SUNSHINE: SKY     :PK WND
================================================================================
1   2   3   4   5  6A  6B    7    8   9   10  11  12  13   14  15   16   17  18
                                     12Z  AVG MX 2MIN
DY MAX MIN AVG DEP HDD CDD  WTR  SNW DPTH SPD SPD DIR MIN PSBL S-S WX    SPD DR
================================================================================

 1  64  46  55  -9  10   0 0.00  0.0    0 12.8 29 240   M    M   5        40 240
 2  79  44  62  -3   3   0 0.00  0.0    0  7.7 21 260   M    M   0        27 260
 3  78  51  65   0   0   0 0.28  0.0    0  6.3 18 140   M    M   1 13     29 140
 4  65  49  57  -8   8   0 0.25  0.0    0 11.0 22 260   M    M  10 1      27 250
 5  66  46  56 -10   9   0 0.10  0.0    0 13.9 31 350   M    M   5 1      40 330
 6  79  43  61  -5   4   0 0.00  0.0    0 11.7 29 270   M    M   2        38 270
 7  75  44  60  -6   5   0 0.00  0.0    0  1.9  9 330   M    M   0 1      14 320
 8  83  47  65  -1   0   0 0.00  0.0    0  3.5 12 290   M    M   0        16 240
 9  85  55  70   3   0   5 0.00  0.0    0  6.6 16 250   M    M   0        22 250
10  85  61  73   6   0   8 0.00  0.0    0  8.1 17 200   M    M   3        22 190
11  86  66  76   9   0  11 0.23  0.0    0  8.6 18 230   M    M   4 13     24 210
12  74  62  68   0   0   3 0.37  0.0    0  6.0 18  30   M    M   9 13     22  30
13  78  54  66  -2   0   1 0.00  0.0    0  8.1 20  50   M    M   2 18     27  50
14  82  51  67  -1   0   2 0.00  0.0    0  1.8  8 170   M    M   0 1      13 130
15  85  54  70   2   0   5 0.00  0.0    0  3.0 10 210   M    M   0 1      14 200
16  88  58  73   4   0   8 0.00  0.0    0  6.0 16 190   M    M   1        21 210
17  86  66  76   7   0  11 0.00  0.0    0 10.1 23 190   M    M   1        31 170
18  88  71  80  11   0  15 0.00  0.0    0  8.9 18 200   M    M   4        24 210
19  86  73  80  11   0  15 0.00  0.0    0  5.6 16 330   M    M   5 3      20 200
20  83  69  76   6   0  11 0.21  0.0    0  6.0 22 300   M    M   3 13     29 300
21  81  59  70   0   0   5 0.00  0.0    0  5.9 15 320   M    M   6        19 310
22  76  58  67  -3   0   2 0.00  0.0    0  3.7 14  90   M    M   2 8      19  60
23  79  62  71   1   0   6 0.00  0.0    0  3.6 13 290   M    M   7        16 290
================================================================================
SM 1831 1289        39 108  1.44     0.0 160.8          M       70
================================================================================
AV 79.6 56.0                               7.0 FASTST   M    M   3    MAX(MPH)
                                 MISC ---->  # 31 350               # 40  240
================================================================================
NOTES:
# LAST OF SEVERAL OCCURRENCES

COLUMN 17 PEAK WIND IN M.P.H.

PRELIMINARY LOCAL CLIMATOLOGICAL DATA (WS FORM: F-6) , PAGE 2

                                          STATION:  JACKSON
                                          MONTH:    MAY
                                          YEAR:     2017
                                          LATITUDE:   35 35 N
                                          LONGITUDE:  88 55 W

[TEMPERATURE DATA]      [PRECIPITATION DATA]       SYMBOLS USED IN COLUMN 16

AVERAGE MONTHLY: 67.8   TOTAL FOR MONTH:   1.44    1 = FOG OR MIST
DPTR FM NORMAL:   0.3   DPTR FM NORMAL:   -2.80    2 = FOG REDUCING VISIBILITY
HIGHEST:    88 ON 18,16 GRTST 24HR  0.37 ON 12-12      TO 1/4 MILE OR LESS
LOWEST:     43 ON  6                               3 = THUNDER
                        SNOW, ICE PELLETS, HAIL    4 = ICE PELLETS
                        TOTAL MONTH:   0.0 INCH    5 = HAIL
                        GRTST 24HR     0.0         6 = FREEZING RAIN OR DRIZZLE
                        GRTST DEPTH:   0           7 = DUSTSTORM OR SANDSTORM:
                                                       VSBY 1/2 MILE OR LESS
                                                   8 = SMOKE OR HAZE
[NO. OF DAYS WITH]      [WEATHER - DAYS WITH]      9 = BLOWING SNOW
                                                   X = TORNADO
MAX 32 OR BELOW:   0    0.01 INCH OR MORE:   6
MAX 90 OR ABOVE:   0    0.10 INCH OR MORE:   6
MIN 32 OR BELOW:   0    0.50 INCH OR MORE:   0
MIN  0 OR BELOW:   0    1.00 INCH OR MORE:   0

[HDD (BASE 65) ]
TOTAL THIS MO.    39    CLEAR  (SCALE 0-3)  13
DPTR FM NORMAL    -3    PTCLDY (SCALE 4-7)   8
TOTAL FM JUL 1  2517    CLOUDY (SCALE 8-10)  2
DPTR FM NORMAL -1051

[CDD (BASE 65) ]
TOTAL THIS MO.   108
DPTR FM NORMAL     8    [PRESSURE DATA]
TOTAL FM JAN 1   212    HIGHEST SLP M ON M
DPTR FM NORMAL    53    LOWEST  SLP 29.56 ON  4

[REMARKS]
