000
CXUS53 KMPX 211000
CF6MKT
PRELIMINARY LOCAL CLIMATOLOGICAL DATA (WS FORM: F-6)

                                          STATION:   MANKATO MN
                                          MONTH:     OCTOBER
                                          YEAR:      2014
                                          LATITUDE:   44 13 N
                                          LONGITUDE:  93 55 W

  TEMPERATURE IN F:       :PCPN:    SNOW:  WIND      :SUNSHINE: SKY     :PK WND
================================================================================
1   2   3   4   5  6A  6B    7    8   9   10  11  12  13   14  15   16   17  18
                                     12Z  AVG MX 2MIN
DY MAX MIN AVG DEP HDD CDD  WTR  SNW DPTH SPD SPD DIR MIN PSBL S-S WX    SPD DR
================================================================================

 1  63  52  58   3   7   0    M    M    M 11.5 18 130   M    M   8 3      22 130
 2  57  46  52  -2  13   0    M    M    M  7.7 20 340   M    M   9 3      25 340
 3  48  39  44 -10  21   0    M    M    M 22.8 32 320   M    M   9        41 320
 4  50  36  43 -10  22   0    M    M    M 15.6 22 310   M    M   3        39 300
 5  52  30  41 -12  24   0    M    M    M  8.2 15 300   M    M   7        20 290
 6  63  36  50  -2  15   0    M    M    M 11.3 18 260   M    M   3        31 280
 7  63  46  55   3  10   0    M    M    M 12.8 27 290   M    M   7        32 290
 8  63  41  52   0  13   0    M    M    M 11.2 21 290   M    M   1        24 300
 9  55  36  46  -5  19   0    M    M    M  7.3 14 320   M    M   1        18 360
10  54  32  43  -8  22   0    M    M    M  5.0 12 340   M    M   1        18  10
11  57  30  44  -6  21   0    M    M    M  5.7 12 160   M    M   0        18 180
12  63  41  52   2  13   0    M    M    M 12.5 20 150   M    M   3        29 180
13  54  50  52   2  13   0    M    M    M  9.0 21 360   M    M  10        25 360
14  64  45  55   6  10   0    M    M    M 16.5 24 350   M    M   3        35  10
15  64  37  51   2  14   0    M    M    M  4.7  9  10   M    M   0         M  M
16  72  39  56   8   9   0    M    M    M 11.5 20 290   M    M   2        24 290
17  57  41  49   1  16   0    M    M    M 19.2 27 300   M    M   9        36 310
18  54  39  47  -1  18   0    M    M    M  6.6 14 320   M    M   5         M  M
19  72  39  56   9   9   0    M    M    M 11.3 18 230   M    M   0        25 230
20  66  43  55   8  10   0    M    M    M  9.5 20 340   M    M   0        24 330
================================================================================
SM 1191  798       299   0    M     M    219.9          M       81
================================================================================
AV 59.5 39.9                              11.0 FASTST   M    M   4    MAX(MPH)
                                 MISC ---->    32   M                 41    M
================================================================================
NOTES:
# LAST OF SEVERAL OCCURRENCES

COLUMN 17 PEAK WIND IN M.P.H.

PRELIMINARY LOCAL CLIMATOLOGICAL DATA (WS FORM: F-6) , PAGE 2

                                          STATION:  MANKATO MN
                                          MONTH:    OCTOBER
                                          YEAR:     2014
                                          LATITUDE:   44 13 N
                                          LONGITUDE:  93 55 W

[TEMPERATURE DATA]      [PRECIPITATION DATA]       SYMBOLS USED IN COLUMN 16

AVERAGE MONTHLY: 49.7   TOTAL FOR MONTH:      M    1 = FOG OR MIST
DPTR FM NORMAL:  -0.9   DPTR FM NORMAL:       M    2 = FOG REDUCING VISIBILITY
HIGHEST:    72 ON 19,16 GRTST 24HR    M  ON   M        TO 1/4 MILE OR LESS
LOWEST:     30 ON 11, 5                            3 = THUNDER
                        SNOW, ICE PELLETS, HAIL    4 = ICE PELLETS
                        TOTAL MONTH:    M          5 = HAIL
                        GRTST 24HR    M  ON   M    6 = FREEZING RAIN OR DRIZZLE
                        GRTST DEPTH:  M  ON   M    7 = DUSTSTORM OR SANDSTORM:
                                                       VSBY 1/2 MILE OR LESS
                                                   8 = SMOKE OR HAZE
[NO. OF DAYS WITH]      [WEATHER - DAYS WITH]      9 = BLOWING SNOW
                                                   X = TORNADO
MAX 32 OR BELOW:   0    0.01 INCH OR MORE:   0
MAX 90 OR ABOVE:   0    0.10 INCH OR MORE:   0
MIN 32 OR BELOW:   3    0.50 INCH OR MORE:   0
MIN  0 OR BELOW:   0    1.00 INCH OR MORE:   0

[HDD (BASE 65) ]
TOTAL THIS MO.   299    CLEAR  (SCALE 0-3)  11
DPTR FM NORMAL     7    PTCLDY (SCALE 4-7)   4
TOTAL FM JUL 1   465    CLOUDY (SCALE 8-10)  5
DPTR FM NORMAL   -33

[CDD (BASE 65) ]
TOTAL THIS MO.     0
DPTR FM NORMAL    -3    [PRESSURE DATA]
TOTAL FM JAN 1   599    HIGHEST SLP M ON M
DPTR FM NORMAL   -51    LOWEST  SLP M ON M

[REMARKS]
