000
CXUS55 KDVN 221100
CF6MLI
PRELIMINARY LOCAL CLIMATOLOGICAL DATA (WS FORM: F-6)

                                          STATION:   MOLINE IL
                                          MONTH:     MAY
                                          YEAR:      2015
                                          LATITUDE:   41 27 N
                                          LONGITUDE:  90 31 W

  TEMPERATURE IN F:       :PCPN:    SNOW:  WIND      :SUNSHINE: SKY     :PK WND
================================================================================
1   2   3   4   5  6A  6B    7    8   9   10  11  12  13   14  15   16   17  18
                                     12Z  AVG MX 2MIN
DY MAX MIN AVG DEP HDD CDD  WTR  SNW DPTH SPD SPD DIR MIN PSBL S-S WX    SPD DR
================================================================================

 1  70  32  51  -6  14   0 0.00  0.0    0  1.8 10 250   M    M   0        13 250
 2  79  42  61   4   4   0 0.01  0.0    0  6.3 17 250   M    M   3        24 240
 3  83  57  70  12   0   5 0.20  0.0    0 10.1 25 310   M    M   5 13     33 310
 4  77  60  69  11   0   4 0.56  0.0    0  8.7 18 360   M    M   5 13     32  10
 5  73  57  65   7   0   0 0.39  0.0    0 10.7 18  70   M    M   8 138    22  70
 6  83  56  70  11   0   5 0.00  0.0    0  9.5 23 260   M    M   5 128    28 260
 7  85  62  74  15   0   9 0.40  0.0    0 12.2 30 210   M    M   3 13     41 220
 8  71  63  67   8   0   2 0.07  0.0    0  4.5 10 320   M    M   7 18     13 180
 9  75  55  65   5   0   0 0.00  0.0    0  7.8 21  80   M    M   5        25  80
10  66  54  60   0   5   0 0.13  0.0    0 10.1 20  80   M    M  10 138    23  80
11  68  51  60   0   5   0 0.06  0.0    0 15.8 30 250   M    M   8 1      38 270
12  63  42  53  -7  12   0 0.00  0.0    0 15.7 32 280   M    M   5        45 280
13  68  36  52  -9  13   0 0.00  0.0    0  9.4 16 100   M    M   0        23 100
14  65  47  56  -5   9   0 0.30  0.0    0 10.7 23 150   M    M   5 1      29 150
15  78  55  67   5   0   2    T  0.0    0  3.8 13 300   M    M   5 128    15 280
16  84  63  74  12   0   9 0.00  0.0    0  8.0 18 200   M    M   5 1      24 160
17  82  68  75  13   0  10 0.00  0.0    0 14.6 28 220   M    M   2        37 180
18  70  47  59  -3   6   0    T  0.0    0 15.6 29 270   M    M   2        35 220
19  62  43  53 -10  12   0 0.00  0.0    0  9.4 23 300   M    M   6        30 300
20  52  45  49 -14  16   0 0.09  0.0    0  8.1 15  30   M    M   8        19  40
21  72  41  57  -6   8   0 0.00  0.0    0 10.0 18 250   M    M   3        26 250
================================================================================
SM 1526 1076       104  46  2.21     0.0 202.8          M      100
================================================================================
AV 72.7 51.2                               9.7 FASTST   M    M   5    MAX(MPH)
                                 MISC ---->  # 32 280               # 45  280
================================================================================
NOTES:
# LAST OF SEVERAL OCCURRENCES

COLUMN 17 PEAK WIND IN M.P.H.

PRELIMINARY LOCAL CLIMATOLOGICAL DATA (WS FORM: F-6) , PAGE 2

                                          STATION:  MOLINE IL
                                          MONTH:    MAY
                                          YEAR:     2015
                                          LATITUDE:   41 27 N
                                          LONGITUDE:  90 31 W

[TEMPERATURE DATA]      [PRECIPITATION DATA]       SYMBOLS USED IN COLUMN 16

AVERAGE MONTHLY: 62.0   TOTAL FOR MONTH:   2.21    1 = FOG OR MIST
DPTR FM NORMAL:   1.8   DPTR FM NORMAL:   -0.66    2 = FOG REDUCING VISIBILITY
HIGHEST:    85 ON  7    GRTST 24HR  0.81 ON  4- 5      TO 1/4 MILE OR LESS
LOWEST:     32 ON  1                               3 = THUNDER
                        SNOW, ICE PELLETS, HAIL    4 = ICE PELLETS
                        TOTAL MONTH:   0.0 INCH    5 = HAIL
                        GRTST 24HR     0.0         6 = FREEZING RAIN OR DRIZZLE
                        GRTST DEPTH:   0           7 = DUSTSTORM OR SANDSTORM:
                                                       VSBY 1/2 MILE OR LESS
                                                   8 = SMOKE OR HAZE
[NO. OF DAYS WITH]      [WEATHER - DAYS WITH]      9 = BLOWING SNOW
                                                   X = TORNADO
MAX 32 OR BELOW:   0    0.01 INCH OR MORE:  10
MAX 90 OR ABOVE:   0    0.10 INCH OR MORE:   6
MIN 32 OR BELOW:   1    0.50 INCH OR MORE:   1
MIN  0 OR BELOW:   0    1.00 INCH OR MORE:   0

[HDD (BASE 65) ]
TOTAL THIS MO.   104    CLEAR  (SCALE 0-3)   7
DPTR FM NORMAL   -27    PTCLDY (SCALE 4-7)  11
TOTAL FM JUL 1  6575    CLOUDY (SCALE 8-10)  3
DPTR FM NORMAL   421

[CDD (BASE 65) ]
TOTAL THIS MO.    46
DPTR FM NORMAL    15    [PRESSURE DATA]
TOTAL FM JAN 1    46    HIGHEST SLP M ON M
DPTR FM NORMAL     1    LOWEST  SLP 29.73 ON 17

[REMARKS]
