000
CXUS55 KBYZ 171413
CF6MLS
PRELIMINARY LOCAL CLIMATOLOGICAL DATA (WS FORM: F-6)

                                          STATION:   MILES CITY MT
                                          MONTH:     DECEMBER
                                          YEAR:      2014
                                          LATITUDE:   46 25 N
                                          LONGITUDE: 105 53 W

  TEMPERATURE IN F:       :PCPN:    SNOW:  WIND      :SUNSHINE: SKY     :PK WND
================================================================================
1   2   3   4   5  6A  6B    7    8   9   10  11  12  13   14  15   16   17  18
                                     12Z  AVG MX 2MIN
DY MAX MIN AVG DEP HDD CDD  WTR  SNW DPTH SPD SPD DIR MIN PSBL S-S WX    SPD DR
================================================================================

 1  20  -5   8 -16  57   0 0.00    M    M  7.5 15 140   M    M   2        19 150
 2  34  10  22  -2  43   0 0.00    M    M 11.4 26 320   M    M   1        35 310
 3  27   7  17  -7  48   0 0.00    M    M  7.1 13 150   M    M   0        14 150
 4  34   9  22  -1  43   0 0.03    M    M  3.4 10 120   M    M   7 1      13 120
 5  32  24  28   5  37   0 0.00    M    M  7.5 13  30   M    M   8        15  30
 6  38  18  28   6  37   0 0.00    M    M  4.3 13  30   M    M   2        13  30
 7  48  26  37  15  28   0    T    M    M 13.2 33 280   M    M   4        42 290
 8  39  21  30   8  35   0 0.00    M    M  5.1 10 230   M    M   0        12 140
 9  49  25  37  16  28   0 0.00    M    M  8.7 14 150   M    M   0        16 150
10  53  30  42  21  23   0 0.00    M    M  7.3 13 160   M    M   0        14 160
11  48  28  38  17  27   0 0.00    M    M  7.5 17 160   M    M   0        19 150
12  51  28  40  19  25   0 0.00    M    M  7.0 14 150   M    M   0        16 150
13  54  32  43  23  22   0 0.00    M    M 10.1 29 320   M    M   1        36 330
14  36  27  32  12  33   0 0.03    M    M 16.4 25 330   M    M  10 16     32 320
15  27  22  25   5  40   0    T    M    M  8.6 24 350   M    M  10 1      31 340
16  23  19  21   1  44   0 0.00    M    M  9.4 16 140   M    M  10        20 130
================================================================================
SM  613  321       570   0  0.06    M    134.5          M       55
================================================================================
AV 38.3 20.1                               8.4 FASTST   M    M   3    MAX(MPH)
                                 MISC ---->  # 33 280               # 42  290
================================================================================
NOTES:
# LAST OF SEVERAL OCCURRENCES

COLUMN 17 PEAK WIND IN M.P.H.

PRELIMINARY LOCAL CLIMATOLOGICAL DATA (WS FORM: F-6) , PAGE 2

                                          STATION:  MILES CITY MT
                                          MONTH:    DECEMBER
                                          YEAR:     2014
                                          LATITUDE:   46 25 N
                                          LONGITUDE: 105 53 W

[TEMPERATURE DATA]      [PRECIPITATION DATA]       SYMBOLS USED IN COLUMN 16

AVERAGE MONTHLY: 29.2   TOTAL FOR MONTH:   0.06    1 = FOG OR MIST
DPTR FM NORMAL:   7.4   DPTR FM NORMAL:   -0.07    2 = FOG REDUCING VISIBILITY
HIGHEST:    54 ON 13    GRTST 24HR  0.03 ON 14-14      TO 1/4 MILE OR LESS
LOWEST:     -5 ON  1                               3 = THUNDER
                        SNOW, ICE PELLETS, HAIL    4 = ICE PELLETS
                        TOTAL MONTH:    M          5 = HAIL
                        GRTST 24HR    M  ON   M    6 = FREEZING RAIN OR DRIZZLE
                        GRTST DEPTH:  M  ON   M    7 = DUSTSTORM OR SANDSTORM:
                                                       VSBY 1/2 MILE OR LESS
                                                   8 = SMOKE OR HAZE
[NO. OF DAYS WITH]      [WEATHER - DAYS WITH]      9 = BLOWING SNOW
                                                   X = TORNADO
MAX 32 OR BELOW:   5    0.01 INCH OR MORE:   2
MAX 90 OR ABOVE:   0    0.10 INCH OR MORE:   0
MIN 32 OR BELOW:  16    0.50 INCH OR MORE:   0
MIN  0 OR BELOW:   1    1.00 INCH OR MORE:   0

[HDD (BASE 65) ]
TOTAL THIS MO.   570    CLEAR  (SCALE 0-3)  10
DPTR FM NORMAL  -123    PTCLDY (SCALE 4-7)   2
TOTAL FM JUL 1  2400    CLOUDY (SCALE 8-10)  4
DPTR FM NORMAL   -92

[CDD (BASE 65) ]
TOTAL THIS MO.     0
DPTR FM NORMAL     0    [PRESSURE DATA]
TOTAL FM JAN 1   648    HIGHEST SLP  0.00 ON M
DPTR FM NORMAL   -82    LOWEST  SLP 29.70 ON 13

[REMARKS]
