000
CXUS54 KSHV 301300
CF6MLU
PRELIMINARY LOCAL CLIMATOLOGICAL DATA (WS FORM: F-6)

                                          STATION:   MONROE
                                          MONTH:     JUNE
                                          YEAR:      2015
                                          LATITUDE:   32 30 N
                                          LONGITUDE:  92  2 W

  TEMPERATURE IN F:       :PCPN:    SNOW:  WIND      :SUNSHINE: SKY     :PK WND
================================================================================
1   2   3   4   5  6A  6B    7    8   9   10  11  12  13   14  15   16   17  18
                                     12Z  AVG MX 2MIN
DY MAX MIN AVG DEP HDD CDD  WTR  SNW DPTH SPD SPD DIR MIN PSBL S-S WX    SPD DR
================================================================================

 1  84  67  76  -2   0  11 0.00  0.0    0  5.6 14  20   M    M   5 1      16  30
 2  85  63  74  -4   0   9 0.00  0.0    0  4.9 12  60   M    M   1        15  50
 3  86  63  75  -3   0  10 0.00  0.0    0  3.2 12  40   M    M   2        14  50
 4  88  63  76  -3   0  11 0.00  0.0    0  2.8 12  20   M    M   1 1      16 340
 5  90  63  77  -2   0  12 0.00  0.0    0  2.7 12  40   M    M   0 1      16  50
 6  93  68  81   2   0  16 0.00  0.0    0  1.3  7  90   M    M   0 1      10 160
 7  93  71  82   3   0  17 0.00  0.0    0  2.3 12  80   M    M   1 1      17 130
 8  91  73  82   3   0  17 0.53  0.0    0  4.0 16 200   M    M   3 138    29 160
 9  94  71  83   3   0  18 1.03  0.0    0  4.9 22 260   M    M   4 13     29 250
10  92  69  81   1   0  16 0.00  0.0    0  2.5 16 190   M    M   2 18     24 190
11  91  69  80   0   0  15 0.00  0.0    0  5.0 10 220   M    M   1        14 200
12  89  71  80   0   0  15 0.10  0.0    0  5.8 17 180   M    M   2 13     26 140
13  84  71  78  -2   0  13 0.25  0.0    0  4.4 20 230   M    M   2 13     26 220
14  90  73  82   2   0  17 0.04  0.0    0  3.8 22 140   M    M   2 13     33 150
15  90  72  81   0   0  16 0.05  0.0    0  3.5 25 170   M    M   2 1      37 170
16  91  74  83   2   0  18 0.17  0.0    0  4.3  9 150   M    M   3 13     33 240
17  90  74  82   1   0  17 0.00  0.0    0  5.0 17 250   M    M   3 8      24 150
18  87  75  81   0   0  16    T  0.0    0  8.2 17 190   M    M   3 8      25 190
19  90  74  82   1   0  17 0.40  0.0    0  9.3 31 250   M    M   4 138    53 250
20  92  75  84   3   0  19    T  0.0    0  7.1 15 230   M    M   4 1      18 240
21  90  75  83   1   0  18 0.00  0.0    0  3.9 10 240   M    M   1        14 240
22  93  76  85   3   0  20 0.00  0.0    0  3.6 12 210   M    M   0 18     17 220
23  94  75  85   3   0  20 0.00  0.0    0  3.9 10 230   M    M   0        16 220
24  96  72  84   2   0  19 0.23  0.0    0  4.0 28  80   M    M   2 13     42  80
25  92  71  82   0   0  17 0.00  0.0    0  4.3 16 280   M    M   2 3      22 280
26  93  71  82   0   0  17 0.00  0.0    0  7.0 16 220   M    M   2 13     19 220
27  87  72  80  -2   0  15 0.65  0.0    0  5.5 18 350   M    M   4 13     22 340
28  89  69  79  -3   0  14 0.00  0.0    0  1.8  7 360   M    M   2        15 340
29  93  70  82   0   0  17 0.00  0.0    0  7.1 16 210   M    M   2 38     22 210
================================================================================
SM 2617 2050         0 457  3.45     0.0 131.7          M       60
================================================================================
AV 90.2 70.7                               4.5 FASTST   M    M   2    MAX(MPH)
                                 MISC ---->  # 31 250               # 53  250
================================================================================
NOTES:
# LAST OF SEVERAL OCCURRENCES

COLUMN 17 PEAK WIND IN M.P.H.

PRELIMINARY LOCAL CLIMATOLOGICAL DATA (WS FORM: F-6) , PAGE 2

                                          STATION:  MONROE
                                          MONTH:    JUNE
                                          YEAR:     2015
                                          LATITUDE:   32 30 N
                                          LONGITUDE:  92  2 W

[TEMPERATURE DATA]      [PRECIPITATION DATA]       SYMBOLS USED IN COLUMN 16

AVERAGE MONTHLY: 80.5   TOTAL FOR MONTH:   3.45    1 = FOG OR MIST
DPTR FM NORMAL:   0.0   DPTR FM NORMAL:   -1.08    2 = FOG REDUCING VISIBILITY
HIGHEST:    96 ON 24    GRTST 24HR  1.03 ON  9- 9      TO 1/4 MILE OR LESS
LOWEST:     63 ON  5, 4                            3 = THUNDER
                        SNOW, ICE PELLETS, HAIL    4 = ICE PELLETS
                        TOTAL MONTH:   0.0 INCH    5 = HAIL
                        GRTST 24HR     0.0         6 = FREEZING RAIN OR DRIZZLE
                        GRTST DEPTH:   0           7 = DUSTSTORM OR SANDSTORM:
                                                       VSBY 1/2 MILE OR LESS
                                                   8 = SMOKE OR HAZE
[NO. OF DAYS WITH]      [WEATHER - DAYS WITH]      9 = BLOWING SNOW
                                                   X = TORNADO
MAX 32 OR BELOW:   0    0.01 INCH OR MORE:  10
MAX 90 OR ABOVE:  20    0.10 INCH OR MORE:   8
MIN 32 OR BELOW:   0    0.50 INCH OR MORE:   3
MIN  0 OR BELOW:   0    1.00 INCH OR MORE:   1

[HDD (BASE 65) ]
TOTAL THIS MO.     0    CLEAR  (SCALE 0-3)  23
DPTR FM NORMAL     0    PTCLDY (SCALE 4-7)   6
TOTAL FM JUL 1  2515    CLOUDY (SCALE 8-10)  0
DPTR FM NORMAL   285

[CDD (BASE 65) ]
TOTAL THIS MO.   457
DPTR FM NORMAL     9    [PRESSURE DATA]
TOTAL FM JAN 1   879    HIGHEST SLP M ON M
DPTR FM NORMAL    -4    LOWEST  SLP 29.76 ON 10

[REMARKS]
