000
CXUS54 KSHV 231300
CF6MLU
PRELIMINARY LOCAL CLIMATOLOGICAL DATA (WS FORM: F-6)

                                          STATION:   MONROE
                                          MONTH:     JANUARY
                                          YEAR:      2017
                                          LATITUDE:   32 30 N
                                          LONGITUDE:  92  2 W

  TEMPERATURE IN F:       :PCPN:    SNOW:  WIND      :SUNSHINE: SKY     :PK WND
================================================================================
1   2   3   4   5  6A  6B    7    8   9   10  11  12  13   14  15   16   17  18
                                     12Z  AVG MX 2MIN
DY MAX MIN AVG DEP HDD CDD  WTR  SNW DPTH SPD SPD DIR MIN PSBL S-S WX    SPD DR
================================================================================

 1  57  52  55   9  10   0 0.00  0.0    0  4.6 13  40   M    M  10 12     15  40
 2  66  53  60  14   5   0 1.49  0.0    0  5.6 28 260   M    M   7 123    37 260
 3  73  51  62  16   3   0 0.00  0.0    0  7.0 18 340   M    M   1 12     24 340
 4  56  34  45  -1  20   0    T  0.0    0  9.1 20 360   M    M   6 1      24  10
 5  42  33  38  -8  27   0 0.01  0.0    0  7.0 18  20   M    M  10 18     23  20
 6  33  22  28 -18  37   0 0.06  0.2    T 14.4 23 350   M    M   7 1468   30  10
 7  36  19  28 -18  37   0 0.00  0.0    0  9.2 20 360   M    M   0        24 350
 8  41  18  30 -16  35   0 0.00  0.0    0  3.0 10  90   M    M   0        13  90
 9  55  26  41  -5  24   0 0.00  0.0    0  6.5 17 170   M    M   7        25 160
10  74  55  65  19   0   0 0.01  0.0    0 12.5 25 210   M    M   9 1      36 220
11  80  65  73  27   0   8 0.00  0.0    0 12.9 26 210   M    M   7        35 210
12  81  57  69  23   0   4    T  0.0    0  7.3 18 210   M    M   6        27 210
13  78  54  66  20   0   1 0.00  0.0    0  4.8 12 160   M    M   5 12     15 180
14  76  53  65  19   0   0 0.00  0.0    0  3.9  8  60   M    M   4 12     10  60
15  73  53  63  17   2   0 0.00  0.0    0  5.4 13 170   M    M   5 12     16 170
16  74  62  68  22   0   3 0.26  0.0    0  7.8 17 180   M    M   7 1      23 200
17  69  54  62  16   3   0 1.75  0.0    0  5.0 17 320   M    M  10 13     21 310
18  58  54  56  10   9   0 0.83  0.0    0  6.0 15  80   M    M  10 1      20  70
19  62  57  60  14   5   0 0.62  0.0    0  4.2 13 280   M    M   8 13     17 140
20  75  56  66  20   0   1 0.07  0.0    0  9.5 26 190   M    M   4        36 180
21  71  52  62  16   3   0 0.31  0.0    0  6.7 22 220   M    M   5 138    30 150
22  67  54  61  14   4   0 0.03  0.0    0 14.1 29 280   M    M   7 1      35 310
================================================================================
SM 1397 1034       224  17  5.44     0.2 166.5          M      135
================================================================================
AV 63.5 47.0                               7.6 FASTST   M    M   6    MAX(MPH)
                                 MISC ---->  # 29 280               # 37  260
================================================================================
NOTES:
# LAST OF SEVERAL OCCURRENCES

COLUMN 17 PEAK WIND IN M.P.H.

PRELIMINARY LOCAL CLIMATOLOGICAL DATA (WS FORM: F-6) , PAGE 2

                                          STATION:  MONROE
                                          MONTH:    JANUARY
                                          YEAR:     2017
                                          LATITUDE:   32 30 N
                                          LONGITUDE:  92  2 W

[TEMPERATURE DATA]      [PRECIPITATION DATA]       SYMBOLS USED IN COLUMN 16

AVERAGE MONTHLY: 55.3   TOTAL FOR MONTH:   5.44    1 = FOG OR MIST
DPTR FM NORMAL:   9.2   DPTR FM NORMAL:    1.93    2 = FOG REDUCING VISIBILITY
HIGHEST:    81 ON 12    GRTST 24HR  1.75 ON 17-17      TO 1/4 MILE OR LESS
LOWEST:     18 ON  8                               3 = THUNDER
                        SNOW, ICE PELLETS, HAIL    4 = ICE PELLETS
                        TOTAL MONTH:   0.2 INCH    5 = HAIL
                        GRTST 24HR   0.2 ON   M    6 = FREEZING RAIN OR DRIZZLE
                        GRTST DEPTH:   T           7 = DUSTSTORM OR SANDSTORM:
                                                       VSBY 1/2 MILE OR LESS
                                                   8 = SMOKE OR HAZE
[NO. OF DAYS WITH]      [WEATHER - DAYS WITH]      9 = BLOWING SNOW
                                                   X = TORNADO
MAX 32 OR BELOW:   0    0.01 INCH OR MORE:  11
MAX 90 OR ABOVE:   0    0.10 INCH OR MORE:   6
MIN 32 OR BELOW:   4    0.50 INCH OR MORE:   4
MIN  0 OR BELOW:   0    1.00 INCH OR MORE:   2

[HDD (BASE 65) ]
TOTAL THIS MO.   224    CLEAR  (SCALE 0-3)   3
DPTR FM NORMAL  -194    PTCLDY (SCALE 4-7)  13
TOTAL FM JUL 1   885    CLOUDY (SCALE 8-10)  6
DPTR FM NORMAL  -435

[CDD (BASE 65) ]
TOTAL THIS MO.    17
DPTR FM NORMAL    17    [PRESSURE DATA]
TOTAL FM JAN 1    17    HIGHEST SLP M ON M
DPTR FM NORMAL    17    LOWEST  SLP 29.38 ON M

[REMARKS]
