000
CXUS54 KMOB 201510
CF6MOB
PRELIMINARY LOCAL CLIMATOLOGICAL DATA (WS FORM: F-6)

                                          STATION:   MOBILE
                                          MONTH:     SEPTEMBER
                                          YEAR:      2014
                                          LATITUDE:   30 40 N
                                          LONGITUDE:  88 15 W

  TEMPERATURE IN F:       :PCPN:    SNOW:  WIND      :SUNSHINE: SKY     :PK WND
================================================================================
1   2   3   4   5  6A  6B    7    8   9   10  11  12  13   14  15   16   17  18
                                     12Z  AVG MX 2MIN
DY MAX MIN AVG DEP HDD CDD  WTR  SNW DPTH SPD SPD DIR MIN PSBL S-S WX    SPD DR
================================================================================

 1  92  74  83   2   0  18 0.00  0.0    0  7.4 17 160   M    M   5        24 140
 2  91  74  83   3   0  18 0.01  0.0    0  3.7 17 170   M    M   4 138    22 160
 3  91  72  82   2   0  17 0.00  0.0    0  4.8 12  20   M    M   5 1      16  20
 4  88  71  80   0   0  15    T  0.0    0  3.1 22  40   M    M   5 3      24  50
 5  88  72  80   0   0  15 0.00  0.0    0  3.5 12 150   M    M   4 1      16 150
 6  91  69  80   0   0  15 0.00  0.0    0  3.0 12 200   M    M   3 18     14 200
 7  93  72  83   3   0  18 0.00  0.0    0  3.2 17  40   M    M   4 138    23  40
 8  92  71  82   2   0  17    T  0.0    0  2.9 13 200   M    M   5 138    19 130
 9  89  74  82   3   0  17 0.78  0.0    0  4.9 20 180   M    M   5 138    23 180
10  91  73  82   3   0  17    T  0.0    0  4.7 10 120   M    M   5 1       M  M
11  89  74  82   3   0  17 0.15  0.0    0  5.5 15 190   M    M   4 1      20 200
12  92  73  83   4   0  18 1.16  0.0    0  4.6 17 140   M    M   4 123    20 140
13  88  71  80   2   0  15 0.00  0.0    0  9.1 17 360   M    M   5 1      21 360
14  92  68  80   2   0  15 0.90  0.0    0  4.3 12  20   M    M   3 138    15  20
15  89  73  81   3   0  16 0.00  0.0    0  3.7 10 170   M    M   4 3      13 160
16  90  70  80   2   0  15 0.99  0.0    0  5.0 18 220   M    M   5 13     23 140
17  90  69  80   3   0  15 0.00  0.0    0  3.5 13 200   M    M   4 1      16 210
18  89  70  80   3   0  15 0.62  0.0    0  3.7 22  50   M    M   6 13     28  50
19  87  70  79   2   0  14 0.01  0.0    0  3.4 12 110   M    M   5 1      16 130
================================================================================
SM 1712 1360         0 307  4.62     0.0  84.0          M       85
================================================================================
AV 90.1 71.6                               4.4 FASTST   M    M   4    MAX(MPH)
                                 MISC ---->  # 22  40               # 28   50
================================================================================
NOTES:
# LAST OF SEVERAL OCCURRENCES

COLUMN 17 PEAK WIND IN M.P.H.

PRELIMINARY LOCAL CLIMATOLOGICAL DATA (WS FORM: F-6) , PAGE 2

                                          STATION:  MOBILE
                                          MONTH:    SEPTEMBER
                                          YEAR:     2014
                                          LATITUDE:   30 40 N
                                          LONGITUDE:  88 15 W

[TEMPERATURE DATA]      [PRECIPITATION DATA]       SYMBOLS USED IN COLUMN 16

AVERAGE MONTHLY: 80.8   TOTAL FOR MONTH:   4.62    1 = FOG OR MIST
DPTR FM NORMAL:   1.9   DPTR FM NORMAL:    1.32    2 = FOG REDUCING VISIBILITY
HIGHEST:    93 ON  7    GRTST 24HR  1.23 ON 11-12      TO 1/4 MILE OR LESS
LOWEST:     68 ON 14                               3 = THUNDER
                        SNOW, ICE PELLETS, HAIL    4 = ICE PELLETS
                        TOTAL MONTH:   0.0 INCH    5 = HAIL
                        GRTST 24HR     0.0         6 = FREEZING RAIN OR DRIZZLE
                        GRTST DEPTH:   0           7 = DUSTSTORM OR SANDSTORM:
                                                       VSBY 1/2 MILE OR LESS
                                                   8 = SMOKE OR HAZE
[NO. OF DAYS WITH]      [WEATHER - DAYS WITH]      9 = BLOWING SNOW
                                                   X = TORNADO
MAX 32 OR BELOW:   0    0.01 INCH OR MORE:   8
MAX 90 OR ABOVE:  11    0.10 INCH OR MORE:   6
MIN 32 OR BELOW:   0    0.50 INCH OR MORE:   5
MIN  0 OR BELOW:   0    1.00 INCH OR MORE:   1

[HDD (BASE 65) ]
TOTAL THIS MO.     0    CLEAR  (SCALE 0-3)   2
DPTR FM NORMAL     0    PTCLDY (SCALE 4-7)  17
TOTAL FM JUL 1     0    CLOUDY (SCALE 8-10)  0
DPTR FM NORMAL     0

[CDD (BASE 65) ]
TOTAL THIS MO.   307
DPTR FM NORMAL    42    [PRESSURE DATA]
TOTAL FM JAN 1  2055    HIGHEST SLP M ON M
DPTR FM NORMAL  -137    LOWEST  SLP 29.88 ON M

[REMARKS]
