000
CXUS51 KPHI 240800
CF6MPO
PRELIMINARY LOCAL CLIMATOLOGICAL DATA (WS FORM: F-6)

                                          STATION:   MOUNT POCONO PA
                                          MONTH:     MARCH
                                          YEAR:      2017
                                          LATITUDE:   41  8 N
                                          LONGITUDE:  75 24 W

  TEMPERATURE IN F:       :PCPN:    SNOW:  WIND      :SUNSHINE: SKY     :PK WND
================================================================================
1   2   3   4   5  6A  6B    7    8   9   10  11  12  13   14  15   16   17  18
                                     12Z  AVG MX 2MIN
DY MAX MIN AVG DEP HDD CDD  WTR  SNW DPTH SPD SPD DIR MIN PSBL S-S WX    SPD DR
================================================================================

 1  57  48  53  24  12   0 0.36    M    M 13.4 30 270   M    M   7 123    40 280
 2  48  22  35   6  30   0    T    M    M 19.7 33 270   M    M   5        50 270
 3  28  13  21  -9  44   0    T    M    M 13.0 22 320   M    M   4        33 330
 4  20   5  13 -17  52   0    T    M    M 16.1 28 310   M    M   6        41 320
 5  29   3  16 -14  49   0 0.00    M    M  9.2 18 330   M    M   M        25 340
 6  42  21  32   2  33   0    T    M    M   M  14 190   M    M   M        17 190
 7  50  30  40  10  25   0 0.26    M    M  9.2 25 210   M    M   9 12     33 210
 8  51  35  43  12  22   0 0.04    M    M 17.8 31 260   M    M   4 1      46 270
 9  52  30  41  10  24   0    T    M    M 16.4 30 290   M    M   4 1      44 250
10  30  11  21 -10  44   0 0.28    M    M 11.2 28 300   M    M   9 19     38 300
11  19   7  13 -19  52   0    T    M    M 14.5 30 300   M    M   9 1      47 300
12  21   7  14 -18  51   0    T    M    M 12.3 23 310   M    M   5        33 290
13  28   6  17 -15  48   0 0.05    M    M  6.1 17 140   M    M   2 1      20 140
14  23  11  17 -16  48   0 1.04    M    M 19.5 30 310   M    M  10 128    53  40
15  17  10  14 -19  51   0 0.02    M    M 17.7 31 300   M    M  10        44 320
16  32  13  23 -10  42   0    T    M    M 17.5 30 320   M    M   4        42 310
17  38  15  27  -7  38   0 0.00    M    M  9.4 21 320   M    M   1        27 320
18  28  12  20 -14  45   0 0.01    M    M  9.6 21 100   M    M   9 18     26  90
19  41  24  33  -1  32   0 0.00    M    M 10.9 18 320   M    M   6        25 310
20  42  21  32  -3  33   0 0.00    M    M  7.5 16 350   M    M   5        22 340
21  48  26  37   2  28   0 0.00    M    M  7.6 17 300   M    M   5        22 310
22  35  13  24 -11  41   0    T    M    M 19.8 33 320   M    M   2 1      47 310
23  33  10  22 -14  43   0 0.00    M    M  7.3 16 330   M    M   0        25 330
================================================================================
SM  812  393       887   0  2.06    M    285.7          M      116
================================================================================
AV 35.3 17.1                              13.0 FASTST   M    M   6    MAX(MPH)
                                 MISC ---->  # 33 270               # 53   40
================================================================================
NOTES:
# LAST OF SEVERAL OCCURRENCES

COLUMN 17 PEAK WIND IN M.P.H.

PRELIMINARY LOCAL CLIMATOLOGICAL DATA (WS FORM: F-6) , PAGE 2

                                          STATION:  MOUNT POCONO PA
                                          MONTH:    MARCH
                                          YEAR:     2017
                                          LATITUDE:   41  8 N
                                          LONGITUDE:  75 24 W

[TEMPERATURE DATA]      [PRECIPITATION DATA]       SYMBOLS USED IN COLUMN 16

AVERAGE MONTHLY: 26.2   TOTAL FOR MONTH:   2.06    1 = FOG OR MIST
DPTR FM NORMAL:  -5.9   DPTR FM NORMAL:   -0.51    2 = FOG REDUCING VISIBILITY
HIGHEST:    57 ON  1    GRTST 24HR  1.04 ON 14-14      TO 1/4 MILE OR LESS
LOWEST:      3 ON  5                               3 = THUNDER
                        SNOW, ICE PELLETS, HAIL    4 = ICE PELLETS
                        TOTAL MONTH:    M          5 = HAIL
                        GRTST 24HR    M  ON   M    6 = FREEZING RAIN OR DRIZZLE
                        GRTST DEPTH:  M  ON   M    7 = DUSTSTORM OR SANDSTORM:
                                                       VSBY 1/2 MILE OR LESS
                                                   8 = SMOKE OR HAZE
[NO. OF DAYS WITH]      [WEATHER - DAYS WITH]      9 = BLOWING SNOW
                                                   X = TORNADO
MAX 32 OR BELOW:  11    0.01 INCH OR MORE:   8
MAX 90 OR ABOVE:   0    0.10 INCH OR MORE:   4
MIN 32 OR BELOW:  21    0.50 INCH OR MORE:   1
MIN  0 OR BELOW:   0    1.00 INCH OR MORE:   1

[HDD (BASE 65) ]
TOTAL THIS MO.   887    CLEAR  (SCALE 0-3)   4
DPTR FM NORMAL   131    PTCLDY (SCALE 4-7)  11
TOTAL FM JUL 1  5490    CLOUDY (SCALE 8-10)  6
DPTR FM NORMAL  -389

[CDD (BASE 65) ]
TOTAL THIS MO.     0
DPTR FM NORMAL     0    [PRESSURE DATA]
TOTAL FM JAN 1     0    HIGHEST SLP M ON M
DPTR FM NORMAL     0    LOWEST  SLP 29.09 ON 14

[REMARKS]
