000
CXUS51 KPHI 290800
CF6MPO
PRELIMINARY LOCAL CLIMATOLOGICAL DATA (WS FORM: F-6)

                                          STATION:   MOUNT POCONO PA
                                          MONTH:     MARCH
                                          YEAR:      2015
                                          LATITUDE:   41  8 N
                                          LONGITUDE:  75 24 W

  TEMPERATURE IN F:       :PCPN:    SNOW:  WIND      :SUNSHINE: SKY     :PK WND
================================================================================
1   2   3   4   5  6A  6B    7    8   9   10  11  12  13   14  15   16   17  18
                                     12Z  AVG MX 2MIN
DY MAX MIN AVG DEP HDD CDD  WTR  SNW DPTH SPD SPD DIR MIN PSBL S-S WX    SPD DR
================================================================================

 1  25  -2  12 -17  53   0 0.13    M    M  5.8 15 190   M    M   9 18     20 180
 2  29  16  23  -6  42   0 0.01    M    M 16.1 30 310   M    M   5 1      42 300
 3  27   3  15 -15  50   0 0.27    M    M  9.1 21 210   M    M   6 1268   27 210
 4  38  27  33   3  32   0 0.11    M    M 14.4 22 280   M    M  10 16     32 290
 5  33   6  20 -10  45   0 0.10    M    M 12.8 21 330   M    M   9 1      29 340
 6  23   0  12 -18  53   0 0.00    M    M  7.8 17 330   M    M   0        25 330
 7  32   9  21  -9  44   0    T    M    M 11.6 22 270   M    M   5 1      27 260
 8  40  21  31   0  34   0    T    M    M  9.5 25 270   M    M   7 8      33 270
 9  44  26  35   4  30   0 0.00    M    M  8.8 21 290   M    M   3        26 310
10  45  23  34   3  31   0 0.20    M    M  5.6 16 170   M    M   5 12     21 200
11  50  37  44  12  21   0 0.02    M    M 13.9 26 320   M    M   3 1      40 330
12  37  24  31  -1  34   0 0.00    M    M 16.5 33 330   M    M   0        49 310
13  37  18  28  -4  37   0 0.00    M    M  8.4 16 190   M    M   0        20 200
14  42  32  37   4  28   0 0.40    M    M  8.4 20 290   M    M  10 126    28 290
15  39  30  35   2  30   0    T    M    M 21.7 33 310   M    M  10        50 340
16  46  28  37   4  28   0    T    M    M 10.1 24 330   M    M   3        36 350
17  46  25  36   2  29   0 0.07    M    M 17.1 33 330   M    M   6 1      50 320
18  31  20  26  -8  39   0    T    M    M 17.5 30 300   M    M   3        42 290
19  34  18  26  -8  39   0 0.00    M    M  8.2 18 330   M    M   0        26 320
20  26  23  25 -10  40   0 0.21    M    M  6.9 13 140   M    M   8 128    16 100
21  41  25  33  -2  32   0 0.01    M    M 10.1 22 280   M    M   8 18     30 290
22  32  18  25 -10  40   0 0.00    M    M 14.3 23 320   M    M   0        33 320
23  28  16  22 -14  43   0    T    M    M 12.3 23 320   M    M   3        32 340
24  38  14  26 -10  39   0 0.00    M    M  5.0 14 330   M    M   4        18 310
25  38  16  27 -10  38   0 0.03    M    M  7.2 21 200   M    M   5 16     27 190
26  53  35  44   7  21   0 0.16    M    M 10.7 23 330   M    M   8 12     30 220
27  37  28  33  -4  32   0 0.00    M    M 10.7 21 320   M    M   9 1      30 320
28  28  17  23 -15  42   0    T    M    M 16.8 25 330   M    M   9        37 320
================================================================================
SM 1019  553      1026   0  1.72    M    317.3          M      148
================================================================================
AV 36.4 19.8                              11.3 FASTST   M    M   5    MAX(MPH)
                                 MISC ---->  # 33 330               # 50  340
================================================================================
NOTES:
# LAST OF SEVERAL OCCURRENCES

COLUMN 17 PEAK WIND IN M.P.H.

PRELIMINARY LOCAL CLIMATOLOGICAL DATA (WS FORM: F-6) , PAGE 2

                                          STATION:  MOUNT POCONO PA
                                          MONTH:    MARCH
                                          YEAR:     2015
                                          LATITUDE:   41  8 N
                                          LONGITUDE:  75 24 W

[TEMPERATURE DATA]      [PRECIPITATION DATA]       SYMBOLS USED IN COLUMN 16

AVERAGE MONTHLY: 28.1   TOTAL FOR MONTH:   1.72    1 = FOG OR MIST
DPTR FM NORMAL:  -4.9   DPTR FM NORMAL:   -1.63    2 = FOG REDUCING VISIBILITY
HIGHEST:    53 ON 26    GRTST 24HR  0.40 ON 14-14      TO 1/4 MILE OR LESS
LOWEST:     -2 ON  1                               3 = THUNDER
                        SNOW, ICE PELLETS, HAIL    4 = ICE PELLETS
                        TOTAL MONTH:    M          5 = HAIL
                        GRTST 24HR    M  ON   M    6 = FREEZING RAIN OR DRIZZLE
                        GRTST DEPTH:  M  ON   M    7 = DUSTSTORM OR SANDSTORM:
                                                       VSBY 1/2 MILE OR LESS
                                                   8 = SMOKE OR HAZE
[NO. OF DAYS WITH]      [WEATHER - DAYS WITH]      9 = BLOWING SNOW
                                                   X = TORNADO
MAX 32 OR BELOW:  10    0.01 INCH OR MORE:  13
MAX 90 OR ABOVE:   0    0.10 INCH OR MORE:   8
MIN 32 OR BELOW:  26    0.50 INCH OR MORE:   0
MIN  0 OR BELOW:   2    1.00 INCH OR MORE:   0

[HDD (BASE 65) ]
TOTAL THIS MO.  1026    CLEAR  (SCALE 0-3)   9
DPTR FM NORMAL   130    PTCLDY (SCALE 4-7)  11
TOTAL FM JUL 1  6461    CLOUDY (SCALE 8-10)  8
DPTR FM NORMAL   442

[CDD (BASE 65) ]
TOTAL THIS MO.     0
DPTR FM NORMAL     0    [PRESSURE DATA]
TOTAL FM JAN 1     0    HIGHEST SLP M ON M
DPTR FM NORMAL     0    LOWEST  SLP 29.55 ON 17

[REMARKS]
