000
CXUS51 KBTV 300700
CF6MPV
PRELIMINARY LOCAL CLIMATOLOGICAL DATA (WS FORM: F-6)

                                          STATION:   MONTPELIER VT
                                          MONTH:     MAY
                                          YEAR:      2015
                                          LATITUDE:   44 12 N
                                          LONGITUDE:  72 34 W

  TEMPERATURE IN F:       :PCPN:    SNOW:  WIND      :SUNSHINE: SKY     :PK WND
================================================================================
1   2   3   4   5  6A  6B    7    8   9   10  11  12  13   14  15   16   17  18
                                     12Z  AVG MX 2MIN
DY MAX MIN AVG DEP HDD CDD  WTR  SNW DPTH SPD SPD DIR MIN PSBL S-S WX    SPD DR
================================================================================

 1  59  41  50   1  15   0 0.00  0.0    0  3.0 10 170   M    M   9        14 170
 2  70  35  53   4  12   0 0.00  0.0    0  2.6 13 360   M    M   3 12     16 350
 3  72  36  54   4  11   0    T    M    0  1.9 17 360   M    M   4        25 350
 4  80  41  61  11   4   0 0.01    M    0  5.9 21 230   M    M   4        30 210
 5  66  45  56   6   9   0    T    M    0  7.7 18 300   M    M   2        25 290
 6  72  36  54   3  11   0 0.00  0.0    0  4.3 16 350   M    M   0        26 280
 7  79  39  59   8   6   0 0.00  0.0    0  3.4 14 360   M    M   0        20 300
 8  84  44  64  13   1   0 0.00  0.0    0  5.1 17 170   M    M   1        23 160
 9  80  47  64  12   1   0 0.00  0.0    0 10.5 17 160   M    M   0        21 160
10  81  60  71  19   0   6 0.19  0.0    0  4.4 14 300   M    M   5 13     19 290
11  78  54  66  14   0   1 1.18  0.0    0  6.6 22 170   M    M   8 1238   28 160
12  74  53  64  11   1   0 0.33  0.0    0 10.4 23 290   M    M   7 1      34 240
13  55  38  47  -6  18   0 0.03    M    0 10.4 22 310   M    M   6 1      29 300
14  61  35  48  -5  17   0 0.00  0.0    0  4.2 15 350   M    M   0 8      20 340
15  69  32  51  -3  14   0 0.00  0.0    0  3.7 13 160   M    M   2        18 160
16  71  49  60   6   5   0 0.05    M    0  5.8 16 180   M    M   9 1      20 160
17  75  51  63   9   2   0 0.00  0.0    0  3.6 14 290   M    M   2 1      19 340
18  75  49  62   8   3   0 0.00  0.0    0 10.7 20 160   M    M   4        25 160
19  78  56  67  12   0   2 0.22  0.0    0  7.8 21 290   M    M   5 13     30 310
20  56  36  46  -9  19   0    T    M    0 11.7 28 310   M    M   7        38 290
21  65  34  50  -5  15   0 0.00  0.0    0  3.3 15 190   M    M   5        20 220
22  57  37  47  -9  18   0    T    M    0  9.2 22 350   M    M   8        32 360
23  58  33  46 -10  19   0    T    M    0 10.2 20 300   M    M   2        31 300
24  76  52  64   8   1   0    T  0.0    0  8.3 21 300   M    M   3        31 310
25  72  53  63   6   2   0 0.08  0.0    0  4.3 13 180   M    M   5 1      21 240
26  83  59  71  14   0   6    T  0.0    0  6.1 18 300   M    M   4 18     24 270
27  85  63  74  17   0   9 0.16  0.0    M  7.5 22 190   M    M   4 13     30 190
28  78  59  69  11   0   4    T  0.0    0  8.4 20 230   M    M   6        31 230
29  79  51  65   7   0   0 0.00  0.0    0  3.4 10 170   M    M   3 18     14 180
================================================================================
SM 2088 1318       204  28  2.25     0.0 184.4          M      118
================================================================================
AV 72.0 45.4                               6.4 FASTST   M    M   4    MAX(MPH)
                                 MISC ---->  # 28 310               # 38  290
================================================================================
NOTES:
# LAST OF SEVERAL OCCURRENCES

COLUMN 17 PEAK WIND IN M.P.H.

PRELIMINARY LOCAL CLIMATOLOGICAL DATA (WS FORM: F-6) , PAGE 2

                                          STATION:  MONTPELIER VT
                                          MONTH:    MAY
                                          YEAR:     2015
                                          LATITUDE:   44 12 N
                                          LONGITUDE:  72 34 W

[TEMPERATURE DATA]      [PRECIPITATION DATA]       SYMBOLS USED IN COLUMN 16

AVERAGE MONTHLY: 58.7   TOTAL FOR MONTH:   2.25    1 = FOG OR MIST
DPTR FM NORMAL:   5.2   DPTR FM NORMAL:   -0.89    2 = FOG REDUCING VISIBILITY
HIGHEST:    85 ON 27    GRTST 24HR  1.51 ON 11-12      TO 1/4 MILE OR LESS
LOWEST:     32 ON 15                               3 = THUNDER
                        SNOW, ICE PELLETS, HAIL    4 = ICE PELLETS
                        TOTAL MONTH:   0.0 INCH    5 = HAIL
                        GRTST 24HR     0.0         6 = FREEZING RAIN OR DRIZZLE
                        GRTST DEPTH:   0           7 = DUSTSTORM OR SANDSTORM:
                                                       VSBY 1/2 MILE OR LESS
                                                   8 = SMOKE OR HAZE
[NO. OF DAYS WITH]      [WEATHER - DAYS WITH]      9 = BLOWING SNOW
                                                   X = TORNADO
MAX 32 OR BELOW:   0    0.01 INCH OR MORE:   9
MAX 90 OR ABOVE:   0    0.10 INCH OR MORE:   5
MIN 32 OR BELOW:   1    0.50 INCH OR MORE:   1
MIN  0 OR BELOW:   0    1.00 INCH OR MORE:   1

[HDD (BASE 65) ]
TOTAL THIS MO.   204    CLEAR  (SCALE 0-3)  12
DPTR FM NORMAL  -137    PTCLDY (SCALE 4-7)  15
TOTAL FM JUL 1  8616    CLOUDY (SCALE 8-10)  2
DPTR FM NORMAL   571

[CDD (BASE 65) ]
TOTAL THIS MO.    28
DPTR FM NORMAL    23    [PRESSURE DATA]
TOTAL FM JAN 1    28    HIGHEST SLP M ON M
DPTR FM NORMAL    22    LOWEST  SLP 29.69 ON 12

[REMARKS]
