000
CXUS53 KMPX 271000
CF6MPX
PRELIMINARY LOCAL CLIMATOLOGICAL DATA (WS FORM: F-6)

                                          STATION:   CHANHASSEN MN
                                          MONTH:     MARCH
                                          YEAR:      2015
                                          LATITUDE:   44 50 N
                                          LONGITUDE:  93 34 W

  TEMPERATURE IN F:       :PCPN:    SNOW:  WIND      :SUNSHINE: SKY     :PK WND
================================================================================
1   2   3   4   5  6A  6B    7    8   9   10  11  12  13   14  15   16   17  18
                                     12Z  AVG MX 2MIN
DY MAX MIN AVG DEP HDD CDD  WTR  SNW DPTH SPD SPD DIR MIN PSBL S-S WX    SPD DR
================================================================================

 1  27  12  20  -4  45   0    T    T    T   M   M   M   M    M   M         M  M
 2  25   3  14 -11  51   0    T    T    T   M   M   M   M    M   M         M  M
 3  27   4  16  -9  49   0 0.19  2.4    T   M   M   M   M    M   M         M  M
 4  10  -5   3 -23  62   0 0.00  0.0    2   M   M   M   M    M   M         M  M
 5  16 -11   3 -23  62   0 0.00  0.0    2   M   M   M   M    M   M         M  M
 6  36   9  23  -3  42   0 0.00  0.0    2   M   M   M   M    M   M         M  M
 7  42  26  34   7  31   0 0.00  0.0    T   M   M   M   M    M   M         M  M
 8  46  28  37  10  28   0 0.00  0.0    T   M   M   M   M    M   M         M  M
 9  56  26  41  13  24   0 0.00  0.0    0   M   M   M   M    M   M         M  M
10  62  33  48  20  17   0 0.00  0.0    0   M   M   M   M    M   M         M  M
11  56  24  40  11  25   0 0.00  0.0    0   M   M   M   M    M   M         M  M
12  62  39  51  22  14   0 0.00  0.0    0   M   M   M   M    M   M         M  M
13  57  38  48  18  17   0 0.00  0.0    0   M   M   M   M    M   M         M  M
14  59  33  46  16  19   0 0.00  0.0    0   M   M   M   M    M   M         M  M
15  69  33  51  20  14   0 0.00  0.0    0   M   M   M   M    M   M         M  M
16  60  35  48  17  17   0    T  0.0    0   M   M   M   M    M   M         M  M
17  43  25  34   2  31   0 0.00  0.0    0   M   M   M   M    M   M         M  M
18  43  26  35   3  30   0 0.00  0.0    0   M   M   M   M    M   M         M  M
19  49  33  41   8  24   0    T  0.0    0   M   M   M   M    M   M         M  M
20  57  30  44  11  21   0 0.00  0.0    0   M   M   M   M    M   M         M  M
21  37  26  32  -2  33   0 0.00  0.0    0   M   M   M   M    M   M         M  M
22  34  27  31  -3  34   0 0.37  5.0    0   M   M   M   M    M   M         M  M
23  32  28  30  -5  35   0 0.03  0.4    5   M   M   M   M    M   M         M  M
24  36  25  31  -4  34   0 0.12  1.0    2   M   M   M   M    M   M         M  M
25  36  30  33  -3  32   0    T    T    3   M   M   M   M    M   M         M  M
26  33  23  28  -8  37   0 0.00  0.0    2   M   M   M   M    M   M         M  M
================================================================================
SM 1110  600       828   0  0.71     8.8     M          M        M
================================================================================
AV 42.7 23.1                                 M FASTST   M    M   4    MAX(MPH)
                                 MISC ---->     M   M                  M    M
================================================================================
NOTES:
# LAST OF SEVERAL OCCURRENCES

COLUMN 17 PEAK WIND IN M.P.H.

PRELIMINARY LOCAL CLIMATOLOGICAL DATA (WS FORM: F-6) , PAGE 2

                                          STATION:  CHANHASSEN MN
                                          MONTH:    MARCH
                                          YEAR:     2015
                                          LATITUDE:   44 50 N
                                          LONGITUDE:  93 34 W

[TEMPERATURE DATA]      [PRECIPITATION DATA]       SYMBOLS USED IN COLUMN 16

AVERAGE MONTHLY: 32.9   TOTAL FOR MONTH:   0.71    1 = FOG OR MIST
DPTR FM NORMAL:   2.8   DPTR FM NORMAL:   -0.69    2 = FOG REDUCING VISIBILITY
HIGHEST:    69 ON 15    GRTST 24HR  0.37 ON 22-22      TO 1/4 MILE OR LESS
LOWEST:    -11 ON  5                               3 = THUNDER
                        SNOW, ICE PELLETS, HAIL    4 = ICE PELLETS
                        TOTAL MONTH:   8.8 INCHES  5 = HAIL
                        GRTST 24HR   5.0 ON 22-22  6 = FREEZING RAIN OR DRIZZLE
                        GRTST DEPTH:   5 ON 23     7 = DUSTSTORM OR SANDSTORM:
                                                       VSBY 1/2 MILE OR LESS
                                                   8 = SMOKE OR HAZE
[NO. OF DAYS WITH]      [WEATHER - DAYS WITH]      9 = BLOWING SNOW
                                                   X = TORNADO
MAX 32 OR BELOW:   6    0.01 INCH OR MORE:   4
MAX 90 OR ABOVE:   0    0.10 INCH OR MORE:   3
MIN 32 OR BELOW:  19    0.50 INCH OR MORE:   0
MIN  0 OR BELOW:   2    1.00 INCH OR MORE:   0

[HDD (BASE 65) ]
TOTAL THIS MO.   828    CLEAR  (SCALE 0-3)   0
DPTR FM NORMAL   -80    PTCLDY (SCALE 4-7)   0
TOTAL FM JUL 1  7086    CLOUDY (SCALE 8-10)  0
DPTR FM NORMAL   163

[CDD (BASE 65) ]
TOTAL THIS MO.     0
DPTR FM NORMAL     0    [PRESSURE DATA]
TOTAL FM JAN 1     0    HIGHEST SLP M ON M
DPTR FM NORMAL     0    LOWEST  SLP M ON M

[REMARKS]
