000
CXUS54 KMAF 301100
CF6MRF
PRELIMINARY LOCAL CLIMATOLOGICAL DATA (WS FORM: F-6)

                                          STATION:   Marfa
                                          MONTH:     OCTOBER
                                          YEAR:      2014
                                          LATITUDE:   30 22 N
                                          LONGITUDE: 104  1 W

  TEMPERATURE IN F:       :PCPN:    SNOW:  WIND      :SUNSHINE: SKY     :PK WND
================================================================================
1   2   3   4   5  6A  6B    7    8   9   10  11  12  13   14  15   16   17  18
                                     12Z  AVG MX 2MIN
DY MAX MIN AVG DEP HDD CDD  WTR  SNW DPTH SPD SPD DIR MIN PSBL S-S WX    SPD DR
================================================================================

 1  82  52  67   M   0   2 0.00  0.0    0  6.0 14 250   M    M   0        20 220
 2  81  52  67   M   0   2 0.00  0.0    0  8.8 17 290   M    M   0        27 290
 3  81  43  62   M   3   0 0.00  0.0    0  5.6 10  30   M    M   0         M  M
 4  82  43  63   M   2   0 0.00  0.0    0  7.0 12 210   M    M   0        21 210
 5  84  45  65   M   0   0 0.00  0.0    0 10.3 24 280   M    M   0        32 290
 6  84  45  65   M   0   0 0.00  0.0    0  5.0 10 240   M    M   0         M  M
 7  84  43  64   M   1   0 0.00  0.0    0  7.1 20 270   M    M   0        27 270
 8  88  46  67   M   0   2 0.00  0.0    0  8.1 17 180   M    M   0        21 180
 9  86  48  67   M   0   2 0.00  0.0    0  5.5 13 190   M    M   0        20 200
10  81  48  65   M   0   0 0.00  0.0    0  9.3 17  30   M    M   0        24  30
11  73  48  61   M   4   0 0.00  0.0    0  9.9 18  20   M    M   1        25  20
12  82  43  63   M   2   0 0.00  0.0    0  9.5 25 250   M    M   1        32 250
13  64  39  52   M  13   0 0.00  0.0    0 12.6 22  40   M    M   0        29  20
14  73  30  52   M  13   0 0.00  0.0    0  4.8 10 340   M    M   0         M  M
15  81  36  59   M   6   0 0.00  0.0    0  5.1  9 200   M    M   0         M  M
16  86  39  63   M   2   0 0.00  0.0    0  8.2 16 280   M    M   0        28 290
17  86  45  66   M   0   1 0.00  0.0    0  5.5 12 200   M    M   0        16 200
18  75  46  61   M   4   0 0.00  0.0    0 11.4 21  70   M    M   2        27  70
19  75  54  65   M   0   0 0.00  0.0    0  8.9 18  80   M    M   4        23  80
20  63  54  59   M   6   0 0.27  0.0    0  6.4 13  60   M    M   8 3       M  M
21  61  52  57   M   8   0 1.11  0.0    0  5.0 10  40   M    M   8 3       M  M
22  72  55  64   M   1   0 0.00  0.0    0  4.4 12 180   M    M   7         M  M
23  77  54  66   M   0   1 0.00  0.0    0  4.7 12 230   M    M   4         M  M
24  79  46  63   M   2   0 0.00  0.0    0  4.3  8 220   M    M   0         M  M
25  81  46  64   M   1   0 0.00  0.0    0  4.5  9 150   M    M   0         M  M
26  82  45  64   M   1   0 0.00  0.0    0  6.1 12 270   M    M   0        17 320
27  82  46  64   M   1   0 0.00  0.0    0  6.2 15 260   M    M   0        23 270
28  75  48  62   M   3   0 0.00  0.0    0  7.1 14  40   M    M   0        20  10
29  77  45  61   M   4   0 0.00  0.0    0  5.1 12  70   M    M   1         M  M
================================================================================
SM 2277 1336        77  10  1.38     0.0 202.4          M       36
================================================================================
AV 78.5 46.1                               7.0 FASTST   M    M   1    MAX(MPH)
                                 MISC ---->    25   M                 32    M
================================================================================
NOTES:
# LAST OF SEVERAL OCCURRENCES

COLUMN 17 PEAK WIND IN M.P.H.

PRELIMINARY LOCAL CLIMATOLOGICAL DATA (WS FORM: F-6) , PAGE 2

                                          STATION:  Marfa
                                          MONTH:    OCTOBER
                                          YEAR:     2014
                                          LATITUDE:   30 22 N
                                          LONGITUDE: 104  1 W

[TEMPERATURE DATA]      [PRECIPITATION DATA]       SYMBOLS USED IN COLUMN 16

AVERAGE MONTHLY: 62.3   TOTAL FOR MONTH:   1.38    1 = FOG OR MIST
DPTR FM NORMAL:     M   DPTR FM NORMAL:       M    2 = FOG REDUCING VISIBILITY
HIGHEST:    88 ON  8    GRTST 24HR  1.11 ON 21-21      TO 1/4 MILE OR LESS
LOWEST:     30 ON 14                               3 = THUNDER
                        SNOW, ICE PELLETS, HAIL    4 = ICE PELLETS
                        TOTAL MONTH:   0.0 INCH    5 = HAIL
                        GRTST 24HR     0.0         6 = FREEZING RAIN OR DRIZZLE
                        GRTST DEPTH:   0           7 = DUSTSTORM OR SANDSTORM:
                                                       VSBY 1/2 MILE OR LESS
                                                   8 = SMOKE OR HAZE
[NO. OF DAYS WITH]      [WEATHER - DAYS WITH]      9 = BLOWING SNOW
                                                   X = TORNADO
MAX 32 OR BELOW:   0    0.01 INCH OR MORE:   2
MAX 90 OR ABOVE:   0    0.10 INCH OR MORE:   2
MIN 32 OR BELOW:   1    0.50 INCH OR MORE:   1
MIN  0 OR BELOW:   0    1.00 INCH OR MORE:   1

[HDD (BASE 65) ]
TOTAL THIS MO.    77    CLEAR  (SCALE 0-3)  24
DPTR FM NORMAL     M    PTCLDY (SCALE 4-7)   4
TOTAL FM JUL 1   102    CLOUDY (SCALE 8-10)  1
DPTR FM NORMAL     M

[CDD (BASE 65) ]
TOTAL THIS MO.    10
DPTR FM NORMAL     M    [PRESSURE DATA]
TOTAL FM JAN 1  1144    HIGHEST SLP M ON M
DPTR FM NORMAL     M    LOWEST  SLP M ON M

[REMARKS]
