000
CXUS55 KMSO 300800
CF6MSO
PRELIMINARY LOCAL CLIMATOLOGICAL DATA (WS FORM: F-6)

                                          STATION:   MISSOULA MT
                                          MONTH:     MARCH
                                          YEAR:      2015
                                          LATITUDE:   46 55 N
                                          LONGITUDE: 114  5 W

  TEMPERATURE IN F:       :PCPN:    SNOW:  WIND      :SUNSHINE: SKY     :PK WND
================================================================================
1   2   3   4   5  6A  6B    7    8   9   10  11  12  13   14  15   16   17  18
                                     12Z  AVG MX 2MIN
DY MAX MIN AVG DEP HDD CDD  WTR  SNW DPTH SPD SPD DIR MIN PSBL S-S WX    SPD DR
================================================================================

 1  38  12  25  -9  40   0 0.00  0.0    0  3.8 10 120   M    M   1        14 110
 2  36  15  26  -8  39   0 0.02    T    T  6.1 24  90   M    M   6 18     32  90
 3  29  13  21 -13  44   0 0.00  0.0    0 10.0 20 110   M    M   4        24 110
 4  39   9  24 -11  41   0 0.00  0.0    0  2.9  9 320   M    M   1        12 320
 5  50  17  34  -1  31   0 0.00  0.0    0  1.7  9 300   M    M   1        10 300
 6  60  22  41   5  24   0 0.00  0.0    0  2.9 15 290   M    M   2        18 290
 7  59  26  43   7  22   0 0.00  0.0    0  2.2 14 180   M    M   1        16 180
 8  58  24  41   5  24   0 0.00  0.0    0  3.9 22 300   M    M   0        27 310
 9  62  23  43   6  22   0 0.00  0.0    0  3.8 18 260   M    M   0        22 260
10  66  23  45   8  20   0 0.00  0.0    0  0.9  8 340   M    M   0         9 340
11  53  32  43   6  22   0    T  0.0    0  3.4 17 300   M    M   4        22 300
12  60  33  47   9  18   0    T  0.0    0  4.7 22 280   M    M   8        27 290
13  65  24  45   7  20   0 0.00  0.0    0  1.4  7 230   M    M   0         8 230
14  61  33  47   9  18   0    T  0.0    0  6.4 21 200   M    M   5        28 200
15  60  45  53  14  12   0 0.20  0.0    0  8.1 23 330   M    M   9 1      29 310
16  56  41  49  10  16   0    T  0.0    0  5.8 15  80   M    M   6        19  80
17  47  37  42   3  23   0 0.03  0.0    0  6.2 20 100   M    M  10        20 100
18  49  35  42   2  23   0 0.01  0.0    0  6.9 24 310   M    M   9        29 310
19  57  27  42   2  23   0 0.00  0.0    0  4.0 10 330   M    M   2        14 330
20  65  29  47   7  18   0 0.00  0.0    0  3.7 12 280   M    M   0 18     15 340
21  55  37  46   6  19   0 0.01    T    0  6.5 24 290   M    M   5 58     29 290
22  61  25  43   2  22   0 0.00  0.0    0  2.7 20 220   M    M   3        25 220
23  48  37  43   2  22   0 0.07  0.0    0  8.2 22 290   M    M   8 1      27 280
24  40  31  36  -5  29   0 0.11    T    0  3.0 12 210   M    M   8 1      14 130
25  49  33  41  -1  24   0    T  0.0    0  3.5 16 230   M    M  10        21 240
26  57  38  48   6  17   0    T  0.0    0  2.1  8 110   M    M   8        10 110
27  74  31  53  11  12   0 0.00  0.0    0  0.9  8 350   M    M   2 1       9 350
28  54  37  46   4  19   0 0.01  0.0    0 12.0 29 280   M    M   7        36 290
29  57  28  43   1  22   0 0.00  0.0    0  4.4 21 270   M    M   3        27 270
================================================================================
SM 1565  817       686   0  0.46    T    132.1          M      123
================================================================================
AV 54.0 28.2                               4.6 FASTST   M    M   4    MAX(MPH)
                                 MISC ---->  # 29 280               # 36  290
================================================================================
NOTES:
# LAST OF SEVERAL OCCURRENCES

COLUMN 17 PEAK WIND IN M.P.H.

PRELIMINARY LOCAL CLIMATOLOGICAL DATA (WS FORM: F-6) , PAGE 2

                                          STATION:  MISSOULA MT
                                          MONTH:    MARCH
                                          YEAR:     2015
                                          LATITUDE:   46 55 N
                                          LONGITUDE: 114  5 W

[TEMPERATURE DATA]      [PRECIPITATION DATA]       SYMBOLS USED IN COLUMN 16

AVERAGE MONTHLY: 41.1   TOTAL FOR MONTH:   0.46    1 = FOG OR MIST
DPTR FM NORMAL:   2.6   DPTR FM NORMAL:   -0.46    2 = FOG REDUCING VISIBILITY
HIGHEST:    74 ON 27    GRTST 24HR  0.20 ON 15-15      TO 1/4 MILE OR LESS
LOWEST:      9 ON  4                               3 = THUNDER
                        SNOW, ICE PELLETS, HAIL    4 = ICE PELLETS
                        TOTAL MONTH:    T          5 = HAIL
                        GRTST 24HR    T  ON 24-24  6 = FREEZING RAIN OR DRIZZLE
                        GRTST DEPTH:   T           7 = DUSTSTORM OR SANDSTORM:
                                                       VSBY 1/2 MILE OR LESS
                                                   8 = SMOKE OR HAZE
[NO. OF DAYS WITH]      [WEATHER - DAYS WITH]      9 = BLOWING SNOW
                                                   X = TORNADO
MAX 32 OR BELOW:   1    0.01 INCH OR MORE:   8
MAX 90 OR ABOVE:   0    0.10 INCH OR MORE:   2
MIN 32 OR BELOW:  18    0.50 INCH OR MORE:   0
MIN  0 OR BELOW:   0    1.00 INCH OR MORE:   0

[HDD (BASE 65) ]
TOTAL THIS MO.   686    CLEAR  (SCALE 0-3)  13
DPTR FM NORMAL   -82    PTCLDY (SCALE 4-7)  11
TOTAL FM JUL 1  5678    CLOUDY (SCALE 8-10)  5
DPTR FM NORMAL  -459

[CDD (BASE 65) ]
TOTAL THIS MO.     0
DPTR FM NORMAL     0    [PRESSURE DATA]
TOTAL FM JAN 1     0    HIGHEST SLP M ON M
DPTR FM NORMAL     0    LOWEST  SLP 29.77 ON M

[REMARKS]
