000
CXUS51 KBTV 010700
CF6MSS
PRELIMINARY LOCAL CLIMATOLOGICAL DATA (WS FORM: F-6)

                                          STATION:   MASSENA NY
                                          MONTH:     FEBRUARY
                                          YEAR:      2015
                                          LATITUDE:   44 55 N
                                          LONGITUDE:  74 51 W

  TEMPERATURE IN F:       :PCPN:    SNOW:  WIND      :SUNSHINE: SKY     :PK WND
================================================================================
1   2   3   4   5  6A  6B    7    8   9   10  11  12  13   14  15   16   17  18
                                     12Z  AVG MX 2MIN
DY MAX MIN AVG DEP HDD CDD  WTR  SNW DPTH SPD SPD DIR MIN PSBL S-S WX    SPD DR
================================================================================

 1   8 -11  -1 -16  66   0    T    M    0  5.9 14 310   M    M   2 1      17 290
 2   1 -14  -6 -21  71   0    M    M    0 13.9 29  60   M    M   8 18     36  40
 3  20 -16   2 -13  63   0    T    M    0  9.4 20 210   M    M   5 18     25 220
 4  29  15  22   7  43   0 0.10    M    0  7.0 17 210   M    M  10 12     23 210
 5  21 -23  -1 -17  66   0    T    M    0  6.6 16 340   M    M   3 1      23 350
 6  23 -24   0 -16  65   0    T    M    0  7.8 18 220   M    M   8 18     24 220
 7  18   8  13  -3  52   0 0.01    M    0  5.5 15  50   M    M  10 1      17  60
 8   8   1   5 -11  60   0 0.01    M    0 21.3 28  60   M    M  10 168    39  60
 9  11   5   8  -8  57   0    T    M    0 16.8 26  50   M    M  10 18     34  60
10  21  -6   8  -8  57   0    T    M    0  2.7  9  60   M    M   6 18     10  60
11  11  -8   2 -15  63   0 0.02    M    0 10.1 20  60   M    M   3 1      23  60
12  16  -2   7 -10  58   0    T    M    0  9.8 20 260   M    M  10 18     24 290
13  -1 -17  -9 -26  74   0 0.00  0.0    0  8.3 16 240   M    M   1        21 250
14  10 -14  -2 -19  67   0    T    M    0 11.5 18  50   M    M  10 18     23  50
15   8 -11  -1 -19  66   0    T    M    0 12.8 21 290   M    M   4 18     29 330
16   4 -23  -9 -27  74   0 0.00  0.0    0  8.3 17 270   M    M   0        23 260
17  11 -23  -6 -24  71   0 0.00  0.0    0  1.5  9  30   M    M   8 8      11  30
18  20 -15   3 -15  62   0    T    M    0  4.6 17  50   M    M   8 18     21  60
19  13  -3   5 -14  60   0    T    M    0 13.8 22 270   M    M   9 18     29 260
20   7  -5   1 -18  64   0    T    M    0 13.8 21 220   M    M   4 8      28 240
21  16 -10   3 -16  62   0    T    M    0  4.3 14  40   M    M   8 128    15  30
22  27  11  19  -1  46   0    T    M    0  8.3 25 270   M    M  10 18     34 260
23  17 -24  -3 -23  68   0    T    M    0  9.7 22 270   M    M   4 1      28 300
24  21 -21   0 -20  65   0    T    M    0  9.6 23 200   M    M   3 89     30 180
25  22  -9   7 -13  58   0    T    M    0 11.4 26 220   M    M   9 18     31 220
26  10 -18  -4 -25  69   0 0.00  0.0    0  2.2  9 310   M    M   2 18     12 340
27  16 -19  -1 -22  66   0 0.00  0.0    0  8.1 18 220   M    M   0 18     22 220
28  23   1  12  -9  53   0 0.00  0.0    0 12.3 21 230   M    M   0        29 220
================================================================================
SM  411 -275      1746   0  0.14     0.0 257.3          M      165
================================================================================
AV 14.7 -9.8                               9.2 FASTST   M    M   6    MAX(MPH)
                                 MISC ---->  # 29  60               # 39   60
================================================================================
NOTES:
# LAST OF SEVERAL OCCURRENCES

COLUMN 17 PEAK WIND IN M.P.H.

PRELIMINARY LOCAL CLIMATOLOGICAL DATA (WS FORM: F-6) , PAGE 2

                                          STATION:  MASSENA NY
                                          MONTH:    FEBRUARY
                                          YEAR:     2015
                                          LATITUDE:   44 55 N
                                          LONGITUDE:  74 51 W

[TEMPERATURE DATA]      [PRECIPITATION DATA]       SYMBOLS USED IN COLUMN 16

AVERAGE MONTHLY:  2.4   TOTAL FOR MONTH:   0.14    1 = FOG OR MIST
DPTR FM NORMAL: -15.3   DPTR FM NORMAL:   -1.63    2 = FOG REDUCING VISIBILITY
HIGHEST:    29 ON  4    GRTST 24HR  0.10 ON  4- 4      TO 1/4 MILE OR LESS
LOWEST:    -24 ON 23, 6                            3 = THUNDER
                        SNOW, ICE PELLETS, HAIL    4 = ICE PELLETS
                        TOTAL MONTH:   0.0 INCH    5 = HAIL
                        GRTST 24HR     0.0         6 = FREEZING RAIN OR DRIZZLE
                        GRTST DEPTH:   0           7 = DUSTSTORM OR SANDSTORM:
                                                       VSBY 1/2 MILE OR LESS
                                                   8 = SMOKE OR HAZE
[NO. OF DAYS WITH]      [WEATHER - DAYS WITH]      9 = BLOWING SNOW
                                                   X = TORNADO
MAX 32 OR BELOW:  28    0.01 INCH OR MORE:   4
MAX 90 OR ABOVE:   0    0.10 INCH OR MORE:   1
MIN 32 OR BELOW:  28    0.50 INCH OR MORE:   0
MIN  0 OR BELOW:  22    1.00 INCH OR MORE:   0

[HDD (BASE 65) ]
TOTAL THIS MO.  1746    CLEAR  (SCALE 0-3)   8
DPTR FM NORMAL   422    PTCLDY (SCALE 4-7)   9
TOTAL FM JUL 1  6166    CLOUDY (SCALE 8-10) 11
DPTR FM NORMAL   179

[CDD (BASE 65) ]
TOTAL THIS MO.     0
DPTR FM NORMAL     0    [PRESSURE DATA]
TOTAL FM JAN 1     0    HIGHEST SLP M ON M
DPTR FM NORMAL     0    LOWEST  SLP 29.51 ON 15

[REMARKS]
#FINAL-02-15#
