000
CXUS51 KBTV 280700
CF6MSS
PRELIMINARY LOCAL CLIMATOLOGICAL DATA (WS FORM: F-6)

                                          STATION:   MASSENA NY
                                          MONTH:     NOVEMBER
                                          YEAR:      2014
                                          LATITUDE:   44 55 N
                                          LONGITUDE:  74 51 W

  TEMPERATURE IN F:       :PCPN:    SNOW:  WIND      :SUNSHINE: SKY     :PK WND
================================================================================
1   2   3   4   5  6A  6B    7    8   9   10  11  12  13   14  15   16   17  18
                                     12Z  AVG MX 2MIN
DY MAX MIN AVG DEP HDD CDD  WTR  SNW DPTH SPD SPD DIR MIN PSBL S-S WX    SPD DR
================================================================================

 1  42  37  40  -1  25   0    T    M    0 10.5 17  10   M    M  10        24  10
 2  44  33  39  -1  26   0 0.00  0.0    0 11.7 22 310   M    M   3        29 300
 3  47  31  39  -1  26   0 0.00  0.0    0  6.4 13 220   M    M   7 1      17 300
 4  61  31  46   6  19   0 0.07    M    0  6.8 22 200   M    M   9 1      29 190
 5  55  45  50  11  15   0 0.01    M    0 15.1 32 230   M    M   8        41 230
 6  48  35  42   3  23   0 0.11    M    0  5.2 15  30   M    M   8 1      19  30
 7  40  33  37  -2  28   0 0.06    M    0 10.2 18 310   M    M  10 1      25 340
 8  43  31  37  -1  28   0    T    M    0  8.2 16 190   M    M   9 1      21 190
 9  47  35  41   3  24   0    T    M    0 10.7 23 260   M    M   8        31 210
10  47  40  44   6  21   0 0.00  0.0    0  7.2 25 220   M    M   8        31 220
11  59  30  45   8  20   0 0.00  0.0    0  6.4 13  60   M    M   1 18     14  50
12  52  35  44   7  21   0 0.15    M    0 13.0 26 240   M    M  10 1      35 230
13  41  27  34  -3  31   0    T    M    0  9.1 18 220   M    M   6 1      23 240
14  35  24  30  -6  35   0    T    M    0  9.0 17 280   M    M   5        22 270
15  37  20  29  -7  36   0 0.00  0.0    0  8.6 17 260   M    M   6        22 260
16  38  30  34  -1  31   0    T    M    0  8.9 22 210   M    M  10 18     27 190
17  34  31  33  -2  32   0 0.36    M    0  6.0 15 230   M    M  10 18     21 230
18  34  22  28  -7  37   0    T    M    0 20.4 35 240   M    M   4 1      49 220
19  29  17  23 -11  42   0    T    M    0  9.4 26 280   M    M   6 1      35 270
20  32  20  26  -8  39   0    T    M    0 14.0 28 230   M    M   4 1      37 210
21  24  15  20 -13  45   0 0.00  0.0    0 10.1 20 260   M    M   3        26 270
22  40  17  29  -4  36   0 0.01    M    0 15.5 28 220   M    M   6 1      36 220
23  51  40  46  14  19   0 0.16    M    0  6.3 14 220   M    M   9 12     18 230
24  70  41  56  24   9   0 0.51    M    0 18.3 37 220   M    M   5 1      50 230
25  47  34  41   9  24   0    T    M    0 18.8 32 230   M    M   6        45 230
26  35  30  33   2  32   0 0.00  0.0    0  6.4 16 240   M    M   7        22 250
27  31  25  28  -3  37   0    T    M    0  5.5 13  20   M    M  10        15  20
================================================================================
SM 1163  809       761   0  1.44     0.0 277.7          M      188
================================================================================
AV 43.1 30.0                              10.3 FASTST   M    M   7    MAX(MPH)
                                 MISC ---->  # 37 220               # 50  230
================================================================================
NOTES:
# LAST OF SEVERAL OCCURRENCES

COLUMN 17 PEAK WIND IN M.P.H.

PRELIMINARY LOCAL CLIMATOLOGICAL DATA (WS FORM: F-6) , PAGE 2

                                          STATION:  MASSENA NY
                                          MONTH:    NOVEMBER
                                          YEAR:     2014
                                          LATITUDE:   44 55 N
                                          LONGITUDE:  74 51 W

[TEMPERATURE DATA]      [PRECIPITATION DATA]       SYMBOLS USED IN COLUMN 16

AVERAGE MONTHLY: 36.5   TOTAL FOR MONTH:   1.44    1 = FOG OR MIST
DPTR FM NORMAL:   0.5   DPTR FM NORMAL:   -1.31    2 = FOG REDUCING VISIBILITY
HIGHEST:    70 ON 24    GRTST 24HR  0.51 ON 24-24      TO 1/4 MILE OR LESS
LOWEST:     15 ON 21                               3 = THUNDER
                        SNOW, ICE PELLETS, HAIL    4 = ICE PELLETS
                        TOTAL MONTH:   0.0 INCH    5 = HAIL
                        GRTST 24HR     0.0         6 = FREEZING RAIN OR DRIZZLE
                        GRTST DEPTH:   0           7 = DUSTSTORM OR SANDSTORM:
                                                       VSBY 1/2 MILE OR LESS
                                                   8 = SMOKE OR HAZE
[NO. OF DAYS WITH]      [WEATHER - DAYS WITH]      9 = BLOWING SNOW
                                                   X = TORNADO
MAX 32 OR BELOW:   4    0.01 INCH OR MORE:   9
MAX 90 OR ABOVE:   0    0.10 INCH OR MORE:   5
MIN 32 OR BELOW:  16    0.50 INCH OR MORE:   1
MIN  0 OR BELOW:   0    1.00 INCH OR MORE:   0

[HDD (BASE 65) ]
TOTAL THIS MO.   761    CLEAR  (SCALE 0-3)   2
DPTR FM NORMAL   -22    PTCLDY (SCALE 4-7)  15
TOTAL FM JUL 1  1450    CLOUDY (SCALE 8-10) 10
DPTR FM NORMAL  -214

[CDD (BASE 65) ]
TOTAL THIS MO.     0
DPTR FM NORMAL     0    [PRESSURE DATA]
TOTAL FM JAN 1   336    HIGHEST SLP M ON M
DPTR FM NORMAL   -27    LOWEST  SLP 29.46 ON 17

[REMARKS]
