000
CXUS53 KBIS 240741
CF6N60
PRELIMINARY LOCAL CLIMATOLOGICAL DATA (WS FORM: F-6)

                                          STATION:   GARRISON (AMOS) ND
                                          MONTH:     JANUARY
                                          YEAR:      2017
                                          LATITUDE:   47 39 N
                                          LONGITUDE: 101 23 W

  TEMPERATURE IN F:       :PCPN:    SNOW:  WIND      :SUNSHINE: SKY     :PK WND
================================================================================
1   2   3   4   5  6A  6B    7    8   9   10  11  12  13   14  15   16   17  18
                                     12Z  AVG MX 2MIN
DY MAX MIN AVG DEP HDD CDD  WTR  SNW DPTH SPD SPD DIR MIN PSBL S-S WX    SPD DR
================================================================================

 1  19  10  15   M  50   0 0.07    M    M  8.3 15 340   M    M   0        19  30
 2  10   1   6   M  59   0    M    M    M 14.6 29 350   M    M   0        34 350
 3   1 -15  -7   M  72   0 0.00    M    M 16.4 28 310   M    M   0        32 320
 4  -3 -16  -9   M  74   0 0.01    M    M 11.0 18 280   M    M   0        22 280
 5   3 -14  -5   M  70   0 0.00    M    M 13.7 23 330   M    M   0        24 330
 6   2 -16  -7   M  72   0 0.05    M    M  6.7 16 310   M    M   0        18 300
 7  -6 -21 -13   M  78   0 0.00    M    M  4.7 15 310   M    M   0        17 310
 8   2 -15  -6   M  71   0 0.00    M    M 10.4 30 320   M    M   0        37 310
 9   8  -7   1   M  64   0 0.06    M    M 11.7 21 140   M    M   0        25 120
10   8  -4   2   M  63   0 0.03    M    M 18.6 30 310   M    M   0        36 310
11  -2 -17  -9   M  74   0 0.00    M    M 10.8 21 240   M    M   0        26 240
12   5 -25 -10   M  75   0 0.01    M    M 15.3 36 310   M    M   0        44 310
13   8 -25  -8   M  73   0 0.00    M    M  6.8 14 310   M    M   0        17 300
14  10  -9   1   M  64   0 0.00    M    M  2.0 13 320   M    M   0        15 300
15  19  -9   5   M  60   0 0.00    M    M  2.2  9 190   M    M   0        16 240
16  22   7  15   M  50   0 0.00    M    M  6.9 18 310   M    M   0        20 320
17  30   2  16   M  49   0 0.00    M    M  6.6 17 250   M    M   0        19 250
18  37  20  29   M  36   0 0.00    M    M  3.9 10 180   M    M   0        13 240
19  31  12  22   M  43   0 0.00    M    M  1.9  9 350   M    M   0         9 350
20  26   6  16   M  49   0 0.00    M    M  4.1 13 170   M    M   0        16 180
21  27  20  24   M  41   0 0.00    M    M  3.8 12 300   M    M   0        14 310
22  32  27  30   M  35   0 0.00    M    M 11.5 21 310   M    M   0        23 290
23  30  19  25   M  40   0 0.00    M    M  7.9 14 300   M    M   M        18 290
================================================================================
SM  319  -69      1362   0  0.23    M    199.8          M        0
================================================================================
AV 13.9 -3.0                               8.7 FASTST   M    M   0    MAX(MPH)
                                 MISC ---->  # 36 310               # 44  310
================================================================================
NOTES:
# LAST OF SEVERAL OCCURRENCES

COLUMN 17 PEAK WIND IN M.P.H.

PRELIMINARY LOCAL CLIMATOLOGICAL DATA (WS FORM: F-6) , PAGE 2

                                          STATION:  GARRISON (AMOS) ND
                                          MONTH:    JANUARY
                                          YEAR:     2017
                                          LATITUDE:   47 39 N
                                          LONGITUDE: 101 23 W

[TEMPERATURE DATA]      [PRECIPITATION DATA]       SYMBOLS USED IN COLUMN 16

AVERAGE MONTHLY:  5.4   TOTAL FOR MONTH:   0.23    1 = FOG OR MIST
DPTR FM NORMAL:     M   DPTR FM NORMAL:       M    2 = FOG REDUCING VISIBILITY
HIGHEST:    37 ON 18    GRTST 24HR  0.56 ON  1- 2      TO 1/4 MILE OR LESS
LOWEST:    -25 ON 13,12                            3 = THUNDER
                        SNOW, ICE PELLETS, HAIL    4 = ICE PELLETS
                        TOTAL MONTH:    M          5 = HAIL
                        GRTST 24HR    M  ON   M    6 = FREEZING RAIN OR DRIZZLE
                        GRTST DEPTH:  M  ON   M    7 = DUSTSTORM OR SANDSTORM:
                                                       VSBY 1/2 MILE OR LESS
                                                   8 = SMOKE OR HAZE
[NO. OF DAYS WITH]      [WEATHER - DAYS WITH]      9 = BLOWING SNOW
                                                   X = TORNADO
MAX 32 OR BELOW:  22    0.01 INCH OR MORE:   6
MAX 90 OR ABOVE:   0    0.10 INCH OR MORE:   0
MIN 32 OR BELOW:  23    0.50 INCH OR MORE:   0
MIN  0 OR BELOW:  13    1.00 INCH OR MORE:   0

[HDD (BASE 65) ]
TOTAL THIS MO.  1362    CLEAR  (SCALE 0-3)  22
DPTR FM NORMAL     M    PTCLDY (SCALE 4-7)   0
TOTAL FM JUL 1  4664    CLOUDY (SCALE 8-10)  0
DPTR FM NORMAL     M

[CDD (BASE 65) ]
TOTAL THIS MO.     0
DPTR FM NORMAL     M    [PRESSURE DATA]
TOTAL FM JAN 1     0    HIGHEST SLP M ON M
DPTR FM NORMAL     M    LOWEST  SLP 29.36 ON 21

[REMARKS]
