000
CXHW50 PHFO 251250
CF6NGF
PRELIMINARY LOCAL CLIMATOLOGICAL DATA (WS FORM: F-6)

                                          STATION:   KANEOHE BAY MCAS HI
                                          MONTH:     JULY
                                          YEAR:      2014
                                          LATITUDE:   21 25 N
                                          LONGITUDE: 157 46 W

  TEMPERATURE IN F:       :PCPN:    SNOW:  WIND      :SUNSHINE: SKY     :PK WND
================================================================================
1   2   3   4   5  6A  6B    7    8   9   10  11  12  13   14  15   16   17  18
                                     12Z  AVG MX 2MIN
DY MAX MIN AVG DEP HDD CDD  WTR  SNW DPTH SPD SPD DIR MIN PSBL S-S WX    SPD DR
================================================================================

 1  84  73  79   1   0  14 0.00  0.0    0  8.3 12  50   M    M   7        17  80
 2  82  73  78   0   0  13 0.00  0.0    0  8.7 12  50   M    M   6 8      20  80
 3  82  73  78   0   0  13 0.08  0.0    0 10.6 14  50   M    M   6        23  90
 4  86  73  80   2   0  15 0.00  0.0    0 10.6 14  50   M    M   4        20  60
 5   M   M   M   M   M   M 0.14    M    0  9.3 15  80   M    M   6 18     24  80
 6  84  73  79   1   0  14 0.01  0.0    0  9.5 14  80   M    M   5 8      27  90
 7  82  73  78   0   0  13 0.17  0.0    0  8.5 15  80   M    M   8 8      23  80
 8  84  73  79   1   0  14 0.00  0.0    0  9.9 14  70   M    M   5        21  60
 9  84  72  78   0   0  13 0.06  0.0    0  9.6 13  60   M    M   8 8      21  50
10   M   M   M   M   M   M 0.03    M    0  9.7 13  80   M    M   9 8      22  60
11  84  75  80   2   0  15 0.02  0.0    0  9.5 13  50   M    M   8        21  80
12  84  73  79   1   0  14 0.02  0.0    0  9.1 14  50   M    M   6 8      18  60
13  84  73  79   1   0  14 0.04  0.0    0  8.9 14  70   M    M   8 8      23  80
14   M   M   M   M   M   M 0.05    M    0  9.4 15  80   M    M   9 1      21  80
15  84  73  79   1   0  14 0.01  0.0    0  8.5 12  40   M    M   5 8      20  40
16  84  73  79   1   0  14 0.03  0.0    0 10.4 15  60   M    M   5 1      22  70
17  81  73  77  -1   0  12 0.06  0.0    0 10.0 14 110   M    M   8        28  70
18  84  73  79   1   0  14 0.00  0.0    0 10.1 15  60   M    M   4 8      21  60
19  84  73  79   1   0  14 1.39  0.0    0  9.6 14  50   M    M   6 13     21  70
20  81  72  77  -1   0  12 4.35  0.0    0  9.0 17  50   M    M   8 38     33  40
21  81  73  77  -1   0  12 0.21  0.0    0  7.0 12  50   M    M   9 18     17 100
22  82  73  78  -1   0  13 0.53  0.0    0  6.7 14  60   M    M   8 18     21  60
23  84  72  78  -1   0  13 0.02  0.0    0 10.4 16  80   M    M   8        25  80
24  82  73  78  -1   0  13 0.01  0.0    0  9.5 13  60   M    M   5        20  60
================================================================================
SM 1747 1532         0 283  7.23     0.0 222.8          M      161
================================================================================
AV 83.2 73.0                               9.3 FASTST   M    M   7    MAX(MPH)
                                 MISC ---->    17   M                 33    M
================================================================================
NOTES:
# LAST OF SEVERAL OCCURRENCES

COLUMN 17 PEAK WIND IN M.P.H.

PRELIMINARY LOCAL CLIMATOLOGICAL DATA (WS FORM: F-6) , PAGE 2

                                          STATION:  KANEOHE BAY MCAS HI
                                          MONTH:    JULY
                                          YEAR:     2014
                                          LATITUDE:   21 25 N
                                          LONGITUDE: 157 46 W

[TEMPERATURE DATA]      [PRECIPITATION DATA]       SYMBOLS USED IN COLUMN 16

AVERAGE MONTHLY: 78.1   TOTAL FOR MONTH:   7.23    1 = FOG OR MIST
DPTR FM NORMAL:  -0.1   DPTR FM NORMAL:    6.02    2 = FOG REDUCING VISIBILITY
HIGHEST:    86 ON  4    GRTST 24HR  4.35 ON 20-20      TO 1/4 MILE OR LESS
LOWEST:     72 ON 23,20                            3 = THUNDER
                        SNOW, ICE PELLETS, HAIL    4 = ICE PELLETS
                        TOTAL MONTH:   0.0 INCH    5 = HAIL
                        GRTST 24HR     0.0         6 = FREEZING RAIN OR DRIZZLE
                        GRTST DEPTH:   0           7 = DUSTSTORM OR SANDSTORM:
                                                       VSBY 1/2 MILE OR LESS
                                                   8 = SMOKE OR HAZE
[NO. OF DAYS WITH]      [WEATHER - DAYS WITH]      9 = BLOWING SNOW
                                                   X = TORNADO
MAX 32 OR BELOW:   0    0.01 INCH OR MORE:  19
MAX 90 OR ABOVE:   0    0.10 INCH OR MORE:   6
MIN 32 OR BELOW:   0    0.50 INCH OR MORE:   3
MIN  0 OR BELOW:   0    1.00 INCH OR MORE:   2

[HDD (BASE 65) ]
TOTAL THIS MO.     0    CLEAR  (SCALE 0-3)   0
DPTR FM NORMAL     0    PTCLDY (SCALE 4-7)  18
TOTAL FM JUL 1     0    CLOUDY (SCALE 8-10)  6
DPTR FM NORMAL     0

[CDD (BASE 65) ]
TOTAL THIS MO.   283
DPTR FM NORMAL   -34    [PRESSURE DATA]
TOTAL FM JAN 1  1895    HIGHEST SLP M ON M
DPTR FM NORMAL  -112    LOWEST  SLP M ON M

[REMARKS]
