000
CXHW50 PHFO 271250
CF6NGF
PRELIMINARY LOCAL CLIMATOLOGICAL DATA (WS FORM: F-6)

                                          STATION:   KANEOHE BAY MCAS HI
                                          MONTH:     MARCH
                                          YEAR:      2015
                                          LATITUDE:   21 25 N
                                          LONGITUDE: 157 46 W

  TEMPERATURE IN F:       :PCPN:    SNOW:  WIND      :SUNSHINE: SKY     :PK WND
================================================================================
1   2   3   4   5  6A  6B    7    8   9   10  11  12  13   14  15   16   17  18
                                     12Z  AVG MX 2MIN
DY MAX MIN AVG DEP HDD CDD  WTR  SNW DPTH SPD SPD DIR MIN PSBL S-S WX    SPD DR
================================================================================

 1  80  72  76   3   0  11 0.02  0.0    0 13.7 18  40   M    M   8        25  40
 2  81  72  77   4   0  12 0.03  0.0    0 10.5 17  10   M    M   4         M  M
 3  80  73  77   4   0  12 0.06  0.0    0 12.9 18  30   M    M   8        22  40
 4  76  67  72  -1   0   7 0.74  0.0    0 14.4 18  30   M    M   8         M  M
 5  76  67  72  -1   0   7 0.09  0.0    0 19.7 24  30   M    M  10        30  30
 6  76  66  71  -2   0   6 0.04  0.0    0 19.5 25  20   M    M   8        31  20
 7  76  67  72  -1   0   7    T  0.0    0 16.9 21  30   M    M   6        25  30
 8  76  65  71  -2   0   6    T  0.0    0 12.0 15  20   M    M   8         M  M
 9  76  64  70  -3   0   5 0.03  0.0    0  8.6 16  20   M    M   6        22 340
10  78  64  71  -2   0   6    T  0.0    0  6.0 13  30   M    M   4         M  M
11  75  65  70  -3   0   5 0.00  0.0    0  3.7 14 350   M    M   2         M  M
12  77  65  71  -2   0   6    T  0.0    0 12.1 23 340   M    M   7        36 350
13  76  65  71  -2   0   6 0.01  0.0    0 16.6 21  10   M    M   5        24 350
14  76  68  72  -1   0   7 0.00  0.0    0 11.9 16  40   M    M   7        23  40
15  77  69  73   0   0   8    T  0.0    0  7.6 15  30   M    M   7         M  M
16  78  65  72  -1   0   7    T  0.0    0  3.9  9  40   M    M   6         M  M
17  80  62  71  -2   0   6 0.00  0.0    0  2.5  8  30   M    M   3         M  M
18  82  63  73   0   0   8 0.00  0.0    0  3.9 12  80   M    M   2         M  M
19  79  66  73   0   0   8 0.01  0.0    0  7.8 15  50   M    M   7        23  50
20  80  71  76   3   0  11 0.16  0.0    0 11.3 22  30   M    M   6 1      22  60
21  80  70  75   1   0  10 0.01  0.0    0 11.3 15  50   M    M   8        21  50
22  81  72  77   3   0  12 0.00  0.0    0  9.3 15 100   M    M   6        24  70
23  81  73  77   3   0  12 0.23  0.0    0  6.4 12  50   M    M   7        18  80
24  81  66  74   0   0   9    T  0.0    0  4.8 12  10   M    M   4         M  M
25  81  70  76   2   0  11 0.00  0.0    0 12.9 24  30   M    M   5        29  30
26  78  69  74   0   0   9 0.00  0.0    0 13.8 20  40   M    M  10        28  50
================================================================================
SM 2037 1756         0 214  1.43     0.0 274.0          M      162
================================================================================
AV 78.3 67.5                              10.5 FASTST   M    M   6    MAX(MPH)
                                 MISC ---->    25   M                 36    M
================================================================================
NOTES:
# LAST OF SEVERAL OCCURRENCES

COLUMN 17 PEAK WIND IN M.P.H.

PRELIMINARY LOCAL CLIMATOLOGICAL DATA (WS FORM: F-6) , PAGE 2

                                          STATION:  KANEOHE BAY MCAS HI
                                          MONTH:    MARCH
                                          YEAR:     2015
                                          LATITUDE:   21 25 N
                                          LONGITUDE: 157 46 W

[TEMPERATURE DATA]      [PRECIPITATION DATA]       SYMBOLS USED IN COLUMN 16

AVERAGE MONTHLY: 72.9   TOTAL FOR MONTH:   1.43    1 = FOG OR MIST
DPTR FM NORMAL:  -0.3   DPTR FM NORMAL:   -1.97    2 = FOG REDUCING VISIBILITY
HIGHEST:    82 ON 18    GRTST 24HR  0.74 ON  4- 4      TO 1/4 MILE OR LESS
LOWEST:     62 ON 17                               3 = THUNDER
                        SNOW, ICE PELLETS, HAIL    4 = ICE PELLETS
                        TOTAL MONTH:   0.0 INCH    5 = HAIL
                        GRTST 24HR     0.0         6 = FREEZING RAIN OR DRIZZLE
                        GRTST DEPTH:   0           7 = DUSTSTORM OR SANDSTORM:
                                                       VSBY 1/2 MILE OR LESS
                                                   8 = SMOKE OR HAZE
[NO. OF DAYS WITH]      [WEATHER - DAYS WITH]      9 = BLOWING SNOW
                                                   X = TORNADO
MAX 32 OR BELOW:   0    0.01 INCH OR MORE:  12
MAX 90 OR ABOVE:   0    0.10 INCH OR MORE:   3
MIN 32 OR BELOW:   0    0.50 INCH OR MORE:   1
MIN  0 OR BELOW:   0    1.00 INCH OR MORE:   0

[HDD (BASE 65) ]
TOTAL THIS MO.     0    CLEAR  (SCALE 0-3)   3
DPTR FM NORMAL     0    PTCLDY (SCALE 4-7)  18
TOTAL FM JUL 1     0    CLOUDY (SCALE 8-10)  5
DPTR FM NORMAL     0

[CDD (BASE 65) ]
TOTAL THIS MO.   214
DPTR FM NORMAL     2    [PRESSURE DATA]
TOTAL FM JAN 1   704    HIGHEST SLP M ON M
DPTR FM NORMAL    34    LOWEST  SLP M ON M

[REMARKS]
