000
CXUS51 KOKX 220703
CF6NYC
PRELIMINARY LOCAL CLIMATOLOGICAL DATA (WS FORM: F-6)

                                          STATION:   CENTRAL PARK NY
                                          MONTH:     MARCH
                                          YEAR:      2017
                                          LATITUDE:   40 46 N
                                          LONGITUDE:  73 58 W

  TEMPERATURE IN F:       :PCPN:    SNOW:  WIND      :SUNSHINE: SKY     :PK WND
================================================================================
1   2   3   4   5  6A  6B    7    8   9   10  11  12  13   14  15   16   17  18
                                     12Z  AVG MX 2MIN
DY MAX MIN AVG DEP HDD CDD  WTR  SNW DPTH SPD SPD DIR MIN PSBL S-S WX    SPD DR
================================================================================

 1  70  54  62  24   3   0 0.12  0.0    0  6.1 16 250   M    M   7 18     30 260
 2  64  35  50  12  15   0 0.00  0.0    0 11.3 26 270   M    M   2        47 290
 3  39  24  32  -7  33   0 0.00  0.0    0  8.3 18 310   M    M   3        35 300
 4  30  17  24 -15  41   0 0.00  0.0    0  9.0 20 310   M    M   3        34 260
 5  37  14  26 -13  39   0 0.00  0.0    0  5.4 14 350   M    M   0        23 300
 6  45  26  36  -3  29   0 0.00  0.0    0  3.3 10 180   M    M   4        16 180
 7  56  42  49   9  16   0 0.10  0.0    0  4.2 13 160   M    M   8 1      20 160
 8  59  47  53  13  12   0 0.02  0.0    0  7.7 17 250   M    M   5 1      31 270
 9  61  47  54  14  11   0 0.00  0.0    0  8.7 23 280   M    M   2        39 270
10  47  23  35  -5  30   0 0.31  2.1    0  7.7 20 310   M    M   7 12     33 290
11  29  17  23 -18  42   0 0.00  0.0    1  9.5 18 290   M    M   6        32 330
12  29  19  24 -17  41   0 0.00  0.0    T  8.9 17 280   M    M   1        25 300
13  36  20  28 -13  37   0    T    T    0  4.4 14 170   M    M   2        22 180
14  32  21  27 -15  38   0 1.97  7.6    4 13.5 28  60   M    M   9 128    38  40
15  26  20  23 -19  42   0 0.00  0.0    6 11.7 21 280   M    M   6 8      35 290
16  39  24  32 -10  33   0 0.00  0.0    5  7.8 20 290   M    M   1        34 280
17  47  29  38  -5  27   0 0.00  0.0    4  6.5 15 280   M    M   0        22 290
18  39  34  37  -6  28   0 0.08    T    3  8.7 20  70   M    M   8 18     27  60
19  47  34  41  -2  24   0 0.00  0.0    3  8.2 18  60   M    M   3        29  70
20  52  33  43  -1  22   0 0.00  0.0    T  5.1 14  40   M    M   3        22  40
21  59  42  51   7  14   0 0.00  0.0    0  4.1 13 270   M    M   6        18 270
================================================================================
SM  943  622       577   0  2.60     9.7 160.1          M       86
================================================================================
AV 44.9 29.6                               7.6 FASTST   M    M   4    MAX(MPH)
                                 MISC ---->  # 28  60               # 47  290
================================================================================
NOTES:
# LAST OF SEVERAL OCCURRENCES

COLUMN 17 PEAK WIND IN M.P.H.

PRELIMINARY LOCAL CLIMATOLOGICAL DATA (WS FORM: F-6) , PAGE 2

                                          STATION:  CENTRAL PARK NY
                                          MONTH:    MARCH
                                          YEAR:     2017
                                          LATITUDE:   40 46 N
                                          LONGITUDE:  73 58 W

[TEMPERATURE DATA]      [PRECIPITATION DATA]       SYMBOLS USED IN COLUMN 16

AVERAGE MONTHLY: 37.3   TOTAL FOR MONTH:   2.60    1 = FOG OR MIST
DPTR FM NORMAL:  -3.6   DPTR FM NORMAL:   -0.23    2 = FOG REDUCING VISIBILITY
HIGHEST:    70 ON  1    GRTST 24HR  1.97 ON 14-14      TO 1/4 MILE OR LESS
LOWEST:     14 ON  5                               3 = THUNDER
                        SNOW, ICE PELLETS, HAIL    4 = ICE PELLETS
                        TOTAL MONTH:   9.7 INCHES  5 = HAIL
                        GRTST 24HR   7.6 ON   M    6 = FREEZING RAIN OR DRIZZLE
                        GRTST DEPTH:   6 ON 15     7 = DUSTSTORM OR SANDSTORM:
                                                       VSBY 1/2 MILE OR LESS
                                                   8 = SMOKE OR HAZE
[NO. OF DAYS WITH]      [WEATHER - DAYS WITH]      9 = BLOWING SNOW
                                                   X = TORNADO
MAX 32 OR BELOW:   5    0.01 INCH OR MORE:   6
MAX 90 OR ABOVE:   0    0.10 INCH OR MORE:   4
MIN 32 OR BELOW:  12    0.50 INCH OR MORE:   1
MIN  0 OR BELOW:   0    1.00 INCH OR MORE:   1

[HDD (BASE 65) ]
TOTAL THIS MO.   577    CLEAR  (SCALE 0-3)  11
DPTR FM NORMAL    70    PTCLDY (SCALE 4-7)   8
TOTAL FM JUL 1  3560    CLOUDY (SCALE 8-10)  2
DPTR FM NORMAL  -469

[CDD (BASE 65) ]
TOTAL THIS MO.     0
DPTR FM NORMAL     0    [PRESSURE DATA]
TOTAL FM JAN 1     0    HIGHEST SLP M ON M
DPTR FM NORMAL     0    LOWEST  SLP 29.15 ON 14

[REMARKS]
