008
CXUS56 KMTR 231000
CF6OAK
PRELIMINARY LOCAL CLIMATOLOGICAL DATA (WS FORM: F-6)

                                          STATION:   OAKLAND AIRPORT
                                          MONTH:     MAY
                                          YEAR:      2016
                                          LATITUDE:   37 43 N
                                          LONGITUDE: 122 13 W

  TEMPERATURE IN F:       :PCPN:    SNOW:  WIND      :SUNSHINE: SKY     :PK WND
================================================================================
1   2   3   4   5  6A  6B    7    8   9   10  11  12  13   14  15   16   17  18
                                     12Z  AVG MX 2MIN
DY MAX MIN AVG DEP HDD CDD  WTR  SNW DPTH SPD SPD DIR MIN PSBL S-S WX    SPD DR
================================================================================

 1  80  55  68   9   0   3    M  0.0    0  8.4 16 330   M    M   1        21 330
 2  68  53  61   2   4   0    M  0.0    0  9.7 21 290   M    M   5        24 280
 3  69  54  62   3   3   0 0.00  0.0    0  8.3 17 280   M    M   9        19 280
 4  69  56  63   4   2   0 0.00  0.0    0  9.0 17 270   M    M   9        22 250
 5  68  57  63   4   2   0 0.00  0.0    0  9.2 16 270   M    M   9        19 240
 6  60  56  58  -1   7   0    M  0.0    0  6.9 16 250   M    M  10 18     20 240
 7  62  57  60   1   5   0 0.02  0.0    0  5.5 12 150   M    M  10 1      14 160
 8  67  56  62   3   3   0    M  0.0    0  8.9 17 280   M    M   7        20 280
 9  66  54  60   1   5   0 0.00  0.0    0 10.5 21 290   M    M   7        23 300
10  68  54  61   2   4   0 0.00  0.0    0  7.9 21 290   M    M   6        24 290
11  67  53  60   1   5   0 0.00  0.0    0  9.6 18 290   M    M   5        22 280
12  66  53  60   1   5   0 0.00  0.0    0 11.2 20 270   M    M   7        23 270
13  67  57  62   3   3   0 0.00  0.0    0 12.0 22 260   M    M   6        25 260
14  71  57  64   5   1   0 0.00  0.0    0  9.7 21 290   M    M   7        23 290
15  69  57  63   4   2   0 0.00  0.0    0 11.7 22 280   M    M   5        26 260
16  73  56  65   6   0   0 0.00  0.0    0  8.4 20 280   M    M   3        23 280
17  88  52  70  11   0   5 0.00  0.0    0  6.7 20 280   M    M   1        22 280
18  76  57  67   8   0   2 0.00  0.0    0 10.2 23 290   M    M   1        25 290
19  67  55  61   1   4   0 0.00  0.0    0 18.3 32 270   M    M   7        36 280
20  64  53  59  -1   6   0 0.00  0.0    0 22.0 30 260   M    M   5        36 260
21  68  55  62   2   3   0 0.00  0.0    0 11.4 20 270   M    M   7 8      24 260
22  68  56  62   2   3   0 0.00  0.0    0 11.6 22 270   M    M   7        24 260
================================================================================
SM 1521 1213        67  10  0.02     0.0 227.1          M      134
================================================================================
AV 69.1 55.1                              10.3 FASTST   M    M   6    MAX(MPH)
                                 MISC ---->  # 32 270               # 36  280
================================================================================
NOTES:
# LAST OF SEVERAL OCCURRENCES

COLUMN 17 PEAK WIND IN M.P.H.

PRELIMINARY LOCAL CLIMATOLOGICAL DATA (WS FORM: F-6) , PAGE 2

                                          STATION:  OAKLAND AIRPORT
                                          MONTH:    MAY
                                          YEAR:     2016
                                          LATITUDE:   37 43 N
                                          LONGITUDE: 122 13 W

[TEMPERATURE DATA]      [PRECIPITATION DATA]       SYMBOLS USED IN COLUMN 16

AVERAGE MONTHLY: 62.1   TOTAL FOR MONTH:   0.02    1 = FOG OR MIST
DPTR FM NORMAL:   3.0   DPTR FM NORMAL:   -0.54    2 = FOG REDUCING VISIBILITY
HIGHEST:    88 ON 17    GRTST 24HR  0.02 ON  7- 7      TO 1/4 MILE OR LESS
LOWEST:     52 ON 17                               3 = THUNDER
                        SNOW, ICE PELLETS, HAIL    4 = ICE PELLETS
                        TOTAL MONTH:   0.0 INCH    5 = HAIL
                        GRTST 24HR     0.0         6 = FREEZING RAIN OR DRIZZLE
                        GRTST DEPTH:   0           7 = DUSTSTORM OR SANDSTORM:
                                                       VSBY 1/2 MILE OR LESS
                                                   8 = SMOKE OR HAZE
[NO. OF DAYS WITH]      [WEATHER - DAYS WITH]      9 = BLOWING SNOW
                                                   X = TORNADO
MAX 32 OR BELOW:   0    0.01 INCH OR MORE:   1
MAX 90 OR ABOVE:   0    0.10 INCH OR MORE:   0
MIN 32 OR BELOW:   0    0.50 INCH OR MORE:   0
MIN  0 OR BELOW:   0    1.00 INCH OR MORE:   0

[HDD (BASE 65) ]
TOTAL THIS MO.    67    CLEAR  (SCALE 0-3)   3
DPTR FM NORMAL   -68    PTCLDY (SCALE 4-7)  14
TOTAL FM JUL 1  1877    CLOUDY (SCALE 8-10)  5
DPTR FM NORMAL  -844

[CDD (BASE 65) ]
TOTAL THIS MO.    10
DPTR FM NORMAL    10    [PRESSURE DATA]
TOTAL FM JAN 1    29    HIGHEST SLP 29.94 ON 17
DPTR FM NORMAL    23    LOWEST  SLP 29.78 ON 19

[REMARKS]
