000
CXUS53 KGID 280730
CF6ODX
PRELIMINARY LOCAL CLIMATOLOGICAL DATA (WS FORM: F-6)

                                          STATION:   ORD NE
                                          MONTH:     JULY
                                          YEAR:      2016
                                          LATITUDE:   41 37 N
                                          LONGITUDE:  98 57 W

  TEMPERATURE IN F:       :PCPN:    SNOW:  WIND      :SUNSHINE: SKY     :PK WND
================================================================================
1   2   3   4   5  6A  6B    7    8   9   10  11  12  13   14  15   16   17  18
                                     12Z  AVG MX 2MIN
DY MAX MIN AVG DEP HDD CDD  WTR  SNW DPTH SPD SPD DIR MIN PSBL S-S WX    SPD DR
================================================================================

 1  74  53  64  -9   1   0 0.67    M    M  5.8 12 120   M    M   4 1      15 120
 2  63  54  59 -14   6   0 0.76    M    M  9.9 20 120   M    M  10 1      27 120
 3  68  60  64  -9   1   0 0.00    M    M  6.6 10 140   M    M  10 18     14 120
 4  81  63  72  -2   0   7 0.00    M    M  7.3 15 240   M    M   7 1      17 220
 5  93  62  78   4   0  13 0.01    M    M  4.1 15 200   M    M   2 123    18 190
 6  88  63  76   2   0  11 0.58    M    M  6.7 39 290   M    M   1 1238   51 300
 7  85  60  73  -1   0   8 0.00    M    M  8.4 20 340   M    M   2        28  50
 8  84  56  70  -4   0   5 0.00    M    M  4.6 13 170   M    M   1 1      17 150
 9  90  67  79   5   0  14 0.00    M    M  9.4 20 170   M    M   1        26 180
10  93  72  83   9   0  18 0.00    M    M 13.8 25 140   M    M   0        31 140
11  89  61  75   1   0  10 0.00    M    M 12.0 22 220   M    M   1        31 220
12  87  54  71  -3   0   6 0.00    M    M  5.2 15 330   M    M   0        21 330
13  88  62  75   1   0  10    T    M    M  7.2 35 190   M    M   0        45 170
14  87  60  74  -1   0   9 0.01    M    M  5.1 16 340   M    M   0        19 350
15  74  59  67  -8   0   2 0.92    M    M  6.7 23 180   M    M   5 13     29 190
16  84  57  71  -4   0   6 0.01    M    M  9.2 21 150   M    M   3 13     32 180
17  83  66  75   0   0  10 0.00    M    M  5.1 15  30   M    M   3        19  20
18  86  68  77   2   0  12 0.00    M    M  7.5 17 140   M    M   5        25 140
19  92  67  80   5   0  15 0.24    M    M  8.9 35 280   M    M   1 13     46 290
20  94  68  81   6   0  16 0.00    M    M  9.8 20 170   M    M   0        26 180
21  94  67  81   6   0  16 0.00    M    M  4.8 15 240   M    M   0 3      21 240
22  98  71  85  10   0  20 0.00    M    M  4.5 12  40   M    M   1 1      15  50
23  92  70  81   6   0  16 0.34    M    M  8.9 32 220   M    M   1 3      44 220
24  85  65  75   0   0  10 0.00    M    M  5.5 15  30   M    M   0        19 330
25  87  59  73  -2   0   8 0.00    M    M  6.1 15 190   M    M   1        19 140
26  87  60  74  -1   0   9 0.08    M    M   M   M   M   M    M   0 13      M  M
27  86  61  74  -1   0   9 0.28    M    M  6.6 33 330   M    M   1 138    43 330
================================================================================
SM 2312 1685         8 260  3.90    M    189.7          M       60
================================================================================
AV 85.6 62.4                               7.3 FASTST   M    M   2    MAX(MPH)
                                 MISC ---->  # 39 290               # 51  300
================================================================================
NOTES:
# LAST OF SEVERAL OCCURRENCES

COLUMN 17 PEAK WIND IN M.P.H.

PRELIMINARY LOCAL CLIMATOLOGICAL DATA (WS FORM: F-6) , PAGE 2

                                          STATION:  ORD NE
                                          MONTH:    JULY
                                          YEAR:     2016
                                          LATITUDE:   41 37 N
                                          LONGITUDE:  98 57 W

[TEMPERATURE DATA]      [PRECIPITATION DATA]       SYMBOLS USED IN COLUMN 16

AVERAGE MONTHLY: 74.0   TOTAL FOR MONTH:   3.90    1 = FOG OR MIST
DPTR FM NORMAL:  -0.4   DPTR FM NORMAL:    1.58    2 = FOG REDUCING VISIBILITY
HIGHEST:    98 ON 22    GRTST 24HR  1.43 ON  1- 2      TO 1/4 MILE OR LESS
LOWEST:     53 ON  1                               3 = THUNDER
                        SNOW, ICE PELLETS, HAIL    4 = ICE PELLETS
                        TOTAL MONTH:    M          5 = HAIL
                        GRTST 24HR    M  ON   M    6 = FREEZING RAIN OR DRIZZLE
                        GRTST DEPTH:  M  ON   M    7 = DUSTSTORM OR SANDSTORM:
                                                       VSBY 1/2 MILE OR LESS
                                                   8 = SMOKE OR HAZE
[NO. OF DAYS WITH]      [WEATHER - DAYS WITH]      9 = BLOWING SNOW
                                                   X = TORNADO
MAX 32 OR BELOW:   0    0.01 INCH OR MORE:  11
MAX 90 OR ABOVE:   8    0.10 INCH OR MORE:   7
MIN 32 OR BELOW:   0    0.50 INCH OR MORE:   4
MIN  0 OR BELOW:   0    1.00 INCH OR MORE:   0

[HDD (BASE 65) ]
TOTAL THIS MO.     8    CLEAR  (SCALE 0-3)  20
DPTR FM NORMAL     8    PTCLDY (SCALE 4-7)   5
TOTAL FM JUL 1     8    CLOUDY (SCALE 8-10)  2
DPTR FM NORMAL     8

[CDD (BASE 65) ]
TOTAL THIS MO.   260
DPTR FM NORMAL     3    [PRESSURE DATA]
TOTAL FM JAN 1   547    HIGHEST SLP M ON M
DPTR FM NORMAL    87    LOWEST  SLP 29.57 ON 11

[REMARKS]
