000
CXUS53 KGID 210730
CF6ODX
PRELIMINARY LOCAL CLIMATOLOGICAL DATA (WS FORM: F-6)

                                          STATION:   ORD NE
                                          MONTH:     SEPTEMBER
                                          YEAR:      2014
                                          LATITUDE:   41 37 N
                                          LONGITUDE:  98 57 W

  TEMPERATURE IN F:       :PCPN:    SNOW:  WIND      :SUNSHINE: SKY     :PK WND
================================================================================
1   2   3   4   5  6A  6B    7    8   9   10  11  12  13   14  15   16   17  18
                                     12Z  AVG MX 2MIN
DY MAX MIN AVG DEP HDD CDD  WTR  SNW DPTH SPD SPD DIR MIN PSBL S-S WX    SPD DR
================================================================================

 1  78  54  66  -4   0   1 0.42    M    M  7.9 40 330   M    M   2 13     52 350
 2  81  48  65  -4   0   0 0.00    M    M  6.9 16 190   M    M   0        21 200
 3  86  62  74   5   0   9 0.00    M    M  9.2 23 180   M    M   4 1      29 180
 4  78  59  69   0   0   4 0.00    M    M 11.3 23 340   M    M   1        29 340
 5  67  47  57 -11   8   0    T    M    M  5.8 16 360   M    M   6        23  10
 6  73  43  58 -10   7   0 0.00    M    M  2.3 10 230   M    M   0 1      13 200
 7  77  49  63  -5   2   0 0.00    M    M  9.0 20 200   M    M   1        27 170
 8  86  58  72   5   0   7 0.00    M    M  6.6 13 210   M    M   0        18 170
 9  72  57  65  -2   0   0 0.09    M    M  4.8 18  10   M    M   5 12     26  10
10  62  49  56 -10   9   0    T    M    M 14.9 26 330   M    M  10        32 330
11  49  41  45 -21  20   0 0.14    M    M  9.6 16 360   M    M  10 1      24 360
12  54  37  46 -19  19   0 0.48    M    M  6.9 14 350   M    M   8 1      20 340
13  61  32  47 -18  18   0 0.00    M    M  9.5 24 180   M    M   2        33 180
14  69  35  52 -12  13   0 0.00    M    M  5.1 17 140   M    M   3 1      22 120
15  65  42  54 -10  11   0 0.00    M    M  7.0 18 350   M    M   2        24 360
16  69  38  54 -10  11   0 0.00    M    M  7.7 21 200   M    M   2        26 170
17  82  44  63   0   2   0 0.00    M    M  2.9 12 140   M    M   2 12     15 140
18  78  51  65   2   0   0 0.00    M    M  9.1 20 180   M    M   5 12     27 150
19  89  62  76  14   0  11 0.00    M    M 12.3 23 200   M    M   3        29 190
20  84  51  68   6   0   3 0.07    M    M  7.5 21 300   M    M   0 3      27 300
================================================================================
SM 1460  959       120  35  1.20    M    156.3          M       66
================================================================================
AV 73.0 48.0                               7.8 FASTST   M    M   3    MAX(MPH)
                                 MISC ---->  # 40 330               # 52  350
================================================================================
NOTES:
# LAST OF SEVERAL OCCURRENCES

COLUMN 17 PEAK WIND IN M.P.H.

PRELIMINARY LOCAL CLIMATOLOGICAL DATA (WS FORM: F-6) , PAGE 2

                                          STATION:  ORD NE
                                          MONTH:    SEPTEMBER
                                          YEAR:     2014
                                          LATITUDE:   41 37 N
                                          LONGITUDE:  98 57 W

[TEMPERATURE DATA]      [PRECIPITATION DATA]       SYMBOLS USED IN COLUMN 16

AVERAGE MONTHLY: 60.5   TOTAL FOR MONTH:   1.20    1 = FOG OR MIST
DPTR FM NORMAL:  -5.5   DPTR FM NORMAL:   -0.55    2 = FOG REDUCING VISIBILITY
HIGHEST:    89 ON 19    GRTST 24HR  0.48 ON 12-12      TO 1/4 MILE OR LESS
LOWEST:     32 ON 13                               3 = THUNDER
                        SNOW, ICE PELLETS, HAIL    4 = ICE PELLETS
                        TOTAL MONTH:    M          5 = HAIL
                        GRTST 24HR    M  ON   M    6 = FREEZING RAIN OR DRIZZLE
                        GRTST DEPTH:  M  ON   M    7 = DUSTSTORM OR SANDSTORM:
                                                       VSBY 1/2 MILE OR LESS
                                                   8 = SMOKE OR HAZE
[NO. OF DAYS WITH]      [WEATHER - DAYS WITH]      9 = BLOWING SNOW
                                                   X = TORNADO
MAX 32 OR BELOW:   0    0.01 INCH OR MORE:   5
MAX 90 OR ABOVE:   0    0.10 INCH OR MORE:   3
MIN 32 OR BELOW:   1    0.50 INCH OR MORE:   0
MIN  0 OR BELOW:   0    1.00 INCH OR MORE:   0

[HDD (BASE 65) ]
TOTAL THIS MO.   120    CLEAR  (SCALE 0-3)  12
DPTR FM NORMAL    69    PTCLDY (SCALE 4-7)   6
TOTAL FM JUL 1   139    CLOUDY (SCALE 8-10)  2
DPTR FM NORMAL    74

[CDD (BASE 65) ]
TOTAL THIS MO.    35
DPTR FM NORMAL   -36    [PRESSURE DATA]
TOTAL FM JAN 1   670    HIGHEST SLP M ON M
DPTR FM NORMAL  -158    LOWEST  SLP 29.60 ON  9

[REMARKS]
