000
CXUS53 KGID 250730
CF6ODX
PRELIMINARY LOCAL CLIMATOLOGICAL DATA (WS FORM: F-6)

                                          STATION:   ORD NE
                                          MONTH:     JUNE
                                          YEAR:      2017
                                          LATITUDE:   41 37 N
                                          LONGITUDE:  98 57 W

  TEMPERATURE IN F:       :PCPN:    SNOW:  WIND      :SUNSHINE: SKY     :PK WND
================================================================================
1   2   3   4   5  6A  6B    7    8   9   10  11  12  13   14  15   16   17  18
                                     12Z  AVG MX 2MIN
DY MAX MIN AVG DEP HDD CDD  WTR  SNW DPTH SPD SPD DIR MIN PSBL S-S WX    SPD DR
================================================================================

 1  82  47  65   0   0   0 0.00    M    M  7.6 16 140   M    M   2        22 150
 2  89  62  76  11   0  11 0.00    M    M 11.5 25 180   M    M   0        31 180
 3  83  55  69   3   0   4 0.05    M    M  3.6 18 150   M    M   1 3      26 280
 4  89  55  72   6   0   7 0.00    M    M  2.3  9 330   M    M   1 8      13 360
 5  93  55  74   8   0   9 0.00    M    M  3.5 12  30   M    M   1 8      16  80
 6  83  63  73   7   0   8 0.25    M    M  6.4 23 320   M    M   6 3      28 320
 7  83  64  74   7   0   9 0.00    M    M  6.0 18 170   M    M   5        23 170
 8  86  62  74   7   0   9 0.11    M    M  6.4 15 190   M    M   2 3      20 180
 9  90  62  76   9   0  11 0.00    M    M 13.9 28 190   M    M   0        35 180
10  91  69  80  12   0  15 0.00    M    M 11.6 25 180   M    M   1        32 190
11  91  73  82  14   0  17 0.00    M    M 10.7 23 170   M    M   4        29 160
12  89  69  79  11   0  14 0.00    M    M  8.5 20 150   M    M   5 1      26 160
13  96  69  83  14   0  18 0.00    M    M 14.0 32 220   M    M   2        45 210
14  86  59  73   4   0   8 0.00    M    M  7.3 17 300   M    M   0 3      25 310
15  88  52  70   1   0   5 0.00    M    M  4.1 10 360   M    M   0        16  60
16  95  57  76   6   0  11 0.00    M    M  7.4 26  20   M    M   0        34  10
17  78  52  65  -5   0   0    T    M    M  8.6 26 340   M    M   5        33 340
18  82  47  65  -5   0   0    T    M    M  9.7 23 330   M    M   2        30 320
19  86  50  68  -2   0   3 0.00    M    M  5.8 20 340   M    M   2        28 350
20  94  49  72   2   0   7 0.00    M    M  4.9 15 100   M    M   0        20 100
21  98  64  81  10   0  16    T    M    M  7.3 16 210   M    M   0 3      23 250
22  87  59  73   2   0   8 0.00    M    M 12.1 28  20   M    M   3        34  20
23  74  50  62  -9   3   0    T    M    M 14.4 30 330   M    M   3        40 340
24  80  41  61 -11   4   0    T    M    M  8.4 24 320   M    M   2        34 280
================================================================================
SM 2093 1385         7 190  0.41    M    196.0          M       47
================================================================================
AV 87.2 57.7                               8.2 FASTST   M    M   2    MAX(MPH)
                                 MISC ---->  # 32 220               # 45  210
================================================================================
NOTES:
# LAST OF SEVERAL OCCURRENCES

COLUMN 17 PEAK WIND IN M.P.H.

PRELIMINARY LOCAL CLIMATOLOGICAL DATA (WS FORM: F-6) , PAGE 2

                                          STATION:  ORD NE
                                          MONTH:    JUNE
                                          YEAR:     2017
                                          LATITUDE:   41 37 N
                                          LONGITUDE:  98 57 W

[TEMPERATURE DATA]      [PRECIPITATION DATA]       SYMBOLS USED IN COLUMN 16

AVERAGE MONTHLY: 72.5   TOTAL FOR MONTH:   0.41    1 = FOG OR MIST
DPTR FM NORMAL:   4.1   DPTR FM NORMAL:   -3.18    2 = FOG REDUCING VISIBILITY
HIGHEST:    98 ON 21    GRTST 24HR  0.25 ON  6- 6      TO 1/4 MILE OR LESS
LOWEST:     41 ON 24                               3 = THUNDER
                        SNOW, ICE PELLETS, HAIL    4 = ICE PELLETS
                        TOTAL MONTH:    M          5 = HAIL
                        GRTST 24HR    M  ON   M    6 = FREEZING RAIN OR DRIZZLE
                        GRTST DEPTH:  M  ON   M    7 = DUSTSTORM OR SANDSTORM:
                                                       VSBY 1/2 MILE OR LESS
                                                   8 = SMOKE OR HAZE
[NO. OF DAYS WITH]      [WEATHER - DAYS WITH]      9 = BLOWING SNOW
                                                   X = TORNADO
MAX 32 OR BELOW:   0    0.01 INCH OR MORE:   3
MAX 90 OR ABOVE:   8    0.10 INCH OR MORE:   2
MIN 32 OR BELOW:   0    0.50 INCH OR MORE:   0
MIN  0 OR BELOW:   0    1.00 INCH OR MORE:   0

[HDD (BASE 65) ]
TOTAL THIS MO.     7    CLEAR  (SCALE 0-3)  19
DPTR FM NORMAL   -29    PTCLDY (SCALE 4-7)   5
TOTAL FM JUL 1  5955    CLOUDY (SCALE 8-10)  0
DPTR FM NORMAL  -651

[CDD (BASE 65) ]
TOTAL THIS MO.   190
DPTR FM NORMAL    75    [PRESSURE DATA]
TOTAL FM JAN 1   204    HIGHEST SLP M ON M
DPTR FM NORMAL    48    LOWEST  SLP 29.49 ON M

[REMARKS]
