000
CXUS53 KOAX 231000
CF6OFK
PRELIMINARY LOCAL CLIMATOLOGICAL DATA (WS FORM: F-6)

                                          STATION:   NORFOLK NE
                                          MONTH:     JANUARY
                                          YEAR:      2018
                                          LATITUDE:   41 58 N
                                          LONGITUDE:  97 26 W

  TEMPERATURE IN F:       :PCPN:    SNOW:  WIND      :SUNSHINE: SKY     :PK WND
================================================================================
1   2   3   4   5  6A  6B    7    8   9   10  11  12  13   14  15   16   17  18
                                     12Z  AVG MX 2MIN
DY MAX MIN AVG DEP HDD CDD  WTR  SNW DPTH SPD SPD DIR MIN PSBL S-S WX    SPD DR
================================================================================

 1   1 -26 -12 -34  77   0 0.00  0.0    3  4.5 12 290   M    M   0 18     13 290
 2  26 -17   5 -17  60   0 0.00  0.0    3 12.5 28 330   M    M   3        37 330
 3  23  -1  11 -11  54   0    T    T    2 10.0 29 320   M    M   2 1      40 340
 4  23  -4  10 -12  55   0 0.00  0.0    2  6.9 17 160   M    M   2        21 150
 5  14   4   9 -13  56   0 0.00  0.0    2  6.2 12  70   M    M   9        14  60
 6  19   3  11 -11  54   0 0.00  0.0    2 12.7 22 170   M    M   3        28 160
 7  44  15  30   8  35   0 0.00  0.0    2 10.3 20 330   M    M   4        26 300
 8  50  19  35  13  30   0 0.00  0.0    2  7.2 21 190   M    M   0        27 190
 9  48  35  42  20  23   0 0.00  0.0    1 13.8 26 170   M    M   0        34 180
10  40  20  30   8  35   0    T  0.0    0 12.7 36 330   M    M   6 16     43 330
11  20   1  11 -11  54   0 0.06  0.6    1 26.0 39 320   M    M   7 1      50 330
12   9  -4   3 -19  62   0    T    T    1 10.7 16 360   M    M   7 1      20 340
13  14   3   9 -13  56   0    T    T    1  8.5 16 170   M    M  10 1      20 170
14  34  13  24   2  41   0 0.09  1.3    2 14.2 33 330   M    M   9 1      41 330
15  14  -3   6 -16  59   0    T    T    2 20.9 32 320   M    M   5 89     44 330
16  12  -4   4 -18  61   0 0.00  0.0    2 12.6 25 320   M    M   4        31 320
17  30   4  17  -5  48   0 0.00  0.0    2 13.6 22 200   M    M   0        26 210
18  40  10  25   3  40   0 0.00  0.0    1  7.5 18 220   M    M   0        21 230
19  55  27  41  19  24   0 0.00  0.0    1  6.4 17 190   M    M   0        21 190
20  53  26  40  18  25   0 0.00  0.0    0  5.2 17  20   M    M   0        20  10
21  52  31  42  19  23   0 0.07  0.0    0 12.9 26  40   M    M   8 8      36  50
22  34  22  28   5  37   0    M 14.6    1 28.3 39 340   M    M  10 1289   76  20
================================================================================
SM  655  174      1009   0  0.22    16.5 263.6          M       89
================================================================================
AV 29.8  7.9                              12.0 FASTST   M    M   4    MAX(MPH)
                                 MISC ---->  # 39 320               # 76   20
================================================================================
NOTES:
# LAST OF SEVERAL OCCURRENCES

COLUMN 17 PEAK WIND IN M.P.H.

PRELIMINARY LOCAL CLIMATOLOGICAL DATA (WS FORM: F-6) , PAGE 2

                                          STATION:  NORFOLK NE
                                          MONTH:    JANUARY
                                          YEAR:     2018
                                          LATITUDE:   41 58 N
                                          LONGITUDE:  97 26 W

[TEMPERATURE DATA]      [PRECIPITATION DATA]       SYMBOLS USED IN COLUMN 16

AVERAGE MONTHLY: 18.8   TOTAL FOR MONTH:   0.22    1 = FOG OR MIST
DPTR FM NORMAL:  -3.2   DPTR FM NORMAL:   -0.19    2 = FOG REDUCING VISIBILITY
HIGHEST:    55 ON 19    GRTST 24HR  0.09 ON 14-14      TO 1/4 MILE OR LESS
LOWEST:    -26 ON  1                               3 = THUNDER
                        SNOW, ICE PELLETS, HAIL    4 = ICE PELLETS
                        TOTAL MONTH:  16.5 INCHES  5 = HAIL
                        GRTST 24HR  14.6 ON 22-22  6 = FREEZING RAIN OR DRIZZLE
                        GRTST DEPTH:   3 ON  2, 1  7 = DUSTSTORM OR SANDSTORM:
                                                       VSBY 1/2 MILE OR LESS
                                                   8 = SMOKE OR HAZE
[NO. OF DAYS WITH]      [WEATHER - DAYS WITH]      9 = BLOWING SNOW
                                                   X = TORNADO
MAX 32 OR BELOW:  12    0.01 INCH OR MORE:   3
MAX 90 OR ABOVE:   0    0.10 INCH OR MORE:   0
MIN 32 OR BELOW:  21    0.50 INCH OR MORE:   0
MIN  0 OR BELOW:   7    1.00 INCH OR MORE:   0

[HDD (BASE 65) ]
TOTAL THIS MO.  1009    CLEAR  (SCALE 0-3)  10
DPTR FM NORMAL    66    PTCLDY (SCALE 4-7)   7
TOTAL FM JUL 1  3562    CLOUDY (SCALE 8-10)  5
DPTR FM NORMAL   -87

[CDD (BASE 65) ]
TOTAL THIS MO.     0
DPTR FM NORMAL     0    [PRESSURE DATA]
TOTAL FM JAN 1     0    HIGHEST SLP M ON M
DPTR FM NORMAL     0    LOWEST  SLP 29.42 ON 10

[REMARKS]
