000
CXUS55 KCAE 281400
CF6OGB
PRELIMINARY LOCAL CLIMATOLOGICAL DATA (WS FORM: F-6)

                                          STATION:   ORANGEBURG AIRPORT SC
                                          MONTH:     JUNE
                                          YEAR:      2017
                                          LATITUDE:   33 27 N
                                          LONGITUDE:  80 51 W

  TEMPERATURE IN F:       :PCPN:    SNOW:  WIND      :SUNSHINE: SKY     :PK WND
================================================================================
1   2   3   4   5  6A  6B    7    8   9   10  11  12  13   14  15   16   17  18
                                     12Z  AVG MX 2MIN
DY MAX MIN AVG DEP HDD CDD  WTR  SNW DPTH SPD SPD DIR MIN PSBL S-S WX    SPD DR
================================================================================

 1  89  65  77   1   0  12 0.00    M    M  4.4 10 320   M    M   1 1      14 330
 2  91  70  81   5   0  16    T    M    M  3.6 10 150   M    M   3 18     14 310
 3  91  68  80   4   0  15    T    M    M  3.5 14 140   M    M   1 1      17 140
 4  90  68  79   3   0  14 0.00    M    M  5.9 16 150   M    M   1 1      22 140
 5  88  72  80   4   0  15 0.09    M    M  7.6 18 320   M    M   6 13     27 250
 6  86  70  78   1   0  13 0.74    M    M  5.1 13  10   M    M   7 12     15 290
 7  71  66  69  -8   0   4 0.20    M    M  7.4 14  60   M    M  10 1      21  40
 8  80  62  71  -6   0   6 0.01    M    M  8.0 18  10   M    M   3        25  50
 9  86  59  73  -4   0   8 0.00    M    M  4.8 13 230   M    M   3        16 180
10  88  64  76  -1   0  11 0.00    M    M  4.1 12 160   M    M   2        15 150
11  88  64  76  -2   0  11 0.00    M    M  3.0 13 190   M    M   1 1      19 160
12  87  64  76  -2   0  11 0.00    M    M  2.5 12 150   M    M   0 1      14 150
13  86  67  77  -1   0  12 0.00    M    M  3.1 10 210   M    M   0        14 170
14  92  66  79   1   0  14 0.00    M    M  5.9 14 210   M    M   0 1      19 210
15  93  71  82   4   0  17    T    M    M  7.7 16 310   M    M   2        22 310
16  90  70  80   2   0  15 0.85    M    M  4.5 20 250   M    M   4 123    24 250
17  89  72  81   2   0  16 0.13    M    M  5.4 17 160   M    M   4 13     24 150
18  90  71  81   2   0  16 0.00    M    M  7.5 14 170   M    M   1        20 160
19  91  74  83   4   0  18 0.00    M    M  8.2 18 190   M    M   5 3      22 200
20  80  73  77  -2   0  12 0.22    M    M  4.1 10 220   M    M   9 1      13 210
21  80  72  76  -3   0  11 0.52    M    M  3.4  9 190   M    M   7 1      12 130
22  88  75  82   3   0  17    T    M    M  3.3  9 120   M    M   6 1      15  90
23  92  75  84   4   0  19    T    M    M  8.8 21 220   M    M   4        27 220
24  93  74  84   4   0  19 0.11    M    M  9.3 18 240   M    M   4 13     25 240
25  87  74  81   1   0  16    T    M    M  4.2 10 170   M    M   4 3      13 180
26  86  67  77  -3   0  12 0.00    M    M  5.7 15  30   M    M   2        21  60
27  87  64  76  -4   0  11 0.00  0.0    0  2.7 12  20   M    M   2 1      15  20
================================================================================
SM 2359 1857         0 361  2.87     0.0 143.7          M       92
================================================================================
AV 87.4 68.8                               5.3 FASTST   M    M   3    MAX(MPH)
                                 MISC ---->  # 21 220               # 27  250
================================================================================
NOTES:
# LAST OF SEVERAL OCCURRENCES

COLUMN 17 PEAK WIND IN M.P.H.

PRELIMINARY LOCAL CLIMATOLOGICAL DATA (WS FORM: F-6) , PAGE 2

                                          STATION:  ORANGEBURG AIRPORT SC
                                          MONTH:    JUNE
                                          YEAR:     2017
                                          LATITUDE:   33 27 N
                                          LONGITUDE:  80 51 W

[TEMPERATURE DATA]      [PRECIPITATION DATA]       SYMBOLS USED IN COLUMN 16

AVERAGE MONTHLY: 78.1   TOTAL FOR MONTH:   2.87    1 = FOG OR MIST
DPTR FM NORMAL:   0.0   DPTR FM NORMAL:   -1.77    2 = FOG REDUCING VISIBILITY
HIGHEST:    93 ON 24,15 GRTST 24HR  0.85 ON 16-16      TO 1/4 MILE OR LESS
LOWEST:     59 ON  9                               3 = THUNDER
                        SNOW, ICE PELLETS, HAIL    4 = ICE PELLETS
                        TOTAL MONTH:   0.0 INCH    5 = HAIL
                        GRTST 24HR     0.0         6 = FREEZING RAIN OR DRIZZLE
                        GRTST DEPTH:   0           7 = DUSTSTORM OR SANDSTORM:
                                                       VSBY 1/2 MILE OR LESS
                                                   8 = SMOKE OR HAZE
[NO. OF DAYS WITH]      [WEATHER - DAYS WITH]      9 = BLOWING SNOW
                                                   X = TORNADO
MAX 32 OR BELOW:   0    0.01 INCH OR MORE:   9
MAX 90 OR ABOVE:  10    0.10 INCH OR MORE:   7
MIN 32 OR BELOW:   0    0.50 INCH OR MORE:   3
MIN  0 OR BELOW:   0    1.00 INCH OR MORE:   0

[HDD (BASE 65) ]
TOTAL THIS MO.     0    CLEAR  (SCALE 0-3)  14
DPTR FM NORMAL     0    PTCLDY (SCALE 4-7)  11
TOTAL FM JUL 1  1630    CLOUDY (SCALE 8-10)  2
DPTR FM NORMAL  -702

[CDD (BASE 65) ]
TOTAL THIS MO.   361
DPTR FM NORMAL     9    [PRESSURE DATA]
TOTAL FM JAN 1   829    HIGHEST SLP M ON M
DPTR FM NORMAL   174    LOWEST  SLP 29.70 ON M

[REMARKS]
