000
CXUS55 KCAE 011400
CF6OGB
PRELIMINARY LOCAL CLIMATOLOGICAL DATA (WS FORM: F-6)

                                          STATION:   ORANGEBURG AIRPORT SC
                                          MONTH:     FEBRUARY
                                          YEAR:      2015
                                          LATITUDE:   33 27 N
                                          LONGITUDE:  80 51 W

  TEMPERATURE IN F:       :PCPN:    SNOW:  WIND      :SUNSHINE: SKY     :PK WND
================================================================================
1   2   3   4   5  6A  6B    7    8   9   10  11  12  13   14  15   16   17  18
                                     12Z  AVG MX 2MIN
DY MAX MIN AVG DEP HDD CDD  WTR  SNW DPTH SPD SPD DIR MIN PSBL S-S WX    SPD DR
================================================================================

 1  68  35  52   5  13   0 0.01    M    M  8.3 23 220   M    M   2        31 210
 2  61  37  49   2  16   0 0.18    M    M 15.8 36 270   M    M   6 1      50 270
 3  51  28  40  -8  25   0 0.00    M    M  3.5 12  90   M    M   0        16  60
 4  52  30  41  -7  24   0 0.09    M    M  1.0  7  70   M    M   6 1       8  70
 5  61  35  48   0  17   0 0.12    M    M  8.4 22 360   M    M   5 1      29 350
 6  50  26  38 -10  27   0 0.00    M    M  4.0 10  30   M    M   0        14  20
 7  63  29  46  -2  19   0 0.00    M    M  6.4 17 250   M    M   0        22 240
 8  71  38  55   7  10   0 0.00    M    M  8.4 23 240   M    M   0        30 240
 9  71  45  58  10   7   0 0.36    M    M  5.4 30 270   M    M   5 13     40 270
10  57  40  49   0  16   0 0.02    M    M  9.9 22  30   M    M   8 12     29  20
11  60  36  48  -1  17   0 0.00    M    M  4.5 16  20   M    M   0        20  20
12  65  34  50   1  15   0 0.00    M    M 11.2 29 280   M    M   0 1      37 280
13  44  25  35 -14  30   0 0.00    M    M  4.4 15  30   M    M   0        19  30
14  59  24  42  -7  23   0 0.00  0.0    0 12.5 26 250   M    M   0        33 270
15  55  29  42  -8  23   0 0.00    M    M  8.1 32 290   M    M   0        43 290
16  45  31  38 -12  27   0 0.01    M    M  6.2 12  80   M    M   8 8      16 130
17  48  35  42  -8  23   0 0.34    M    M  6.9 15 350   M    M   7 1      22 340
18  52  30  41  -9  24   0    T    M    M 11.7 32 260   M    M   5 18     42 290
19  34  21  28 -22  37   0 0.00    M    M 11.5 21 270   M    M   0        28 280
20  38  16  27 -23  38   0 0.00    M    M  4.5 10  50   M    M   1        13  40
21  66  28  47  -4  18   0 0.00    M    M  8.2 25 210   M    M   4        34 220
22  68  51  60   9   5   0 0.27    M    M  3.5 13 240   M    M   8 1      16 240
23  59  43  51   0  14   0 0.80    M    M  8.5 17  30   M    M  10 1      24  30
24  43  32  38 -13  27   0 0.07    M    M  6.7 14  60   M    M  10 146    19  70
25  40  34  37 -15  28   0 1.53    M    M  4.1 15  50   M    M  10 18     19  90
26  44  36  40 -12  25   0 0.23    M    M  6.0 15  30   M    M   9 1      20  40
27  54  32  43  -9  22   0 0.00    M    M  1.9 12  50   M    M   1 18     15 130
28  55  35  45  -7  20   0    T    M    M  9.9 17  50   M    M   3        22  60
================================================================================
SM 1534  915       590   0  4.03     0.0 201.4          M      108
================================================================================
AV 54.8 32.7                               7.2 FASTST   M    M   4    MAX(MPH)
                                 MISC ---->  # 36 270               # 50  270
================================================================================
NOTES:
# LAST OF SEVERAL OCCURRENCES

COLUMN 17 PEAK WIND IN M.P.H.

PRELIMINARY LOCAL CLIMATOLOGICAL DATA (WS FORM: F-6) , PAGE 2

                                          STATION:  ORANGEBURG AIRPORT SC
                                          MONTH:    FEBRUARY
                                          YEAR:     2015
                                          LATITUDE:   33 27 N
                                          LONGITUDE:  80 51 W

[TEMPERATURE DATA]      [PRECIPITATION DATA]       SYMBOLS USED IN COLUMN 16

AVERAGE MONTHLY: 43.7   TOTAL FOR MONTH:   4.03    1 = FOG OR MIST
DPTR FM NORMAL:  -5.9   DPTR FM NORMAL:    0.44    2 = FOG REDUCING VISIBILITY
HIGHEST:    71 ON  9, 8 GRTST 24HR  1.76 ON 25-26      TO 1/4 MILE OR LESS
LOWEST:     16 ON 20                               3 = THUNDER
                        SNOW, ICE PELLETS, HAIL    4 = ICE PELLETS
                        TOTAL MONTH:   0.0 INCH    5 = HAIL
                        GRTST 24HR     0.0         6 = FREEZING RAIN OR DRIZZLE
                        GRTST DEPTH:   0           7 = DUSTSTORM OR SANDSTORM:
                                                       VSBY 1/2 MILE OR LESS
                                                   8 = SMOKE OR HAZE
[NO. OF DAYS WITH]      [WEATHER - DAYS WITH]      9 = BLOWING SNOW
                                                   X = TORNADO
MAX 32 OR BELOW:   0    0.01 INCH OR MORE:  13
MAX 90 OR ABOVE:   0    0.10 INCH OR MORE:   8
MIN 32 OR BELOW:  14    0.50 INCH OR MORE:   2
MIN  0 OR BELOW:   0    1.00 INCH OR MORE:   1

[HDD (BASE 65) ]
TOTAL THIS MO.   590    CLEAR  (SCALE 0-3)  13
DPTR FM NORMAL   155    PTCLDY (SCALE 4-7)  10
TOTAL FM JUL 1  2074    CLOUDY (SCALE 8-10)  5
DPTR FM NORMAL   142

[CDD (BASE 65) ]
TOTAL THIS MO.     0
DPTR FM NORMAL    -2    [PRESSURE DATA]
TOTAL FM JAN 1     0    HIGHEST SLP 30.66 ON 28
DPTR FM NORMAL    -3    LOWEST  SLP 29.56 ON 26

[REMARKS]
#FINAL-02-15#
