000
CXHW52 PHFO 241250
CF6OGG
PRELIMINARY LOCAL CLIMATOLOGICAL DATA (WS FORM: F-6)

                                          STATION:   KAHULUI HI
                                          MONTH:     JUNE
                                          YEAR:      2017
                                          LATITUDE:   20 53 N
                                          LONGITUDE: 156 26 W

  TEMPERATURE IN F:       :PCPN:    SNOW:  WIND      :SUNSHINE: SKY     :PK WND
================================================================================
1   2   3   4   5  6A  6B    7    8   9   10  11  12  13   14  15   16   17  18
                                     12Z  AVG MX 2MIN
DY MAX MIN AVG DEP HDD CDD  WTR  SNW DPTH SPD SPD DIR MIN PSBL S-S WX    SPD DR
================================================================================

 1  88  66  77   0   0  12 0.00  0.0    M 15.0 29  40   M    M   M        38  50
 2  87  74  81   4   0  16    T  0.0    M 19.8 33  40   M    M   M        42  40
 3  86  72  79   2   0  14    T  0.0    M 16.6 28  50   M    M   M        37  50
 4  86  75  81   4   0  16    T  0.0    M 18.4 29  30   M    M   M        33  30
 5  86  73  80   3   0  15    T  0.0    M 17.3 28  40   M    M   M        33  30
 6  86  71  79   1   0  14 0.00  0.0    M 15.5 25  40   M    M   M        31  30
 7  87  73  80   2   0  15 0.00  0.0    M 16.0 30  40   M    M   M        37  50
 8  88  71  80   2   0  15 0.00  0.0    M 15.2 28  40   M    M   M        34  40
 9  86  69  78   0   0  13 0.00  0.0    M 14.6 29  30   M    M   M        33  30
10  87  69  78   0   0  13 0.02  0.0    M 11.3 24  40   M    M   M 1      30  80
11  87  75  81   3   0  16    T  0.0    M 15.0 29  40   M    M   M 8      33  40
12  88  71  80   2   0  15 0.05  0.0    M 13.0 25  40   M    M   M 18     29  30
13  89  73  81   3   0  16 0.00  0.0    M 17.0 30  40   M    M   M        36  40
14  88  74  81   3   0  16    T  0.0    M 16.4 28  30   M    M   M        35  60
15  88  72  80   2   0  15    T  0.0    M 16.0 28  40   M    M   M        33  40
16  90  67  79   1   0  14    T  0.0    M 10.4 26  50   M    M   M        34  40
17  88  72  80   2   0  15    T  0.0    M 12.6 28  50   M    M   M        33  50
18  88  71  80   2   0  15 0.00  0.0    M 12.4 28  30   M    M   M        34  30
19  90  68  79   1   0  14    T  0.0    M 13.7 28  90   M    M   M        37  50
20  89  69  79   1   0  14 0.00  0.0    M  9.4 22  70   M    M   M        30  80
21  88  69  79   1   0  14    T  0.0    M 13.2 29  50   M    M   M        34  40
22  86  72  79   1   0  14    T  0.0    M 13.6 30  40   M    M   M        34  40
23  87  70  79   1   0  14 0.00  0.0    M 12.4 24  40   M    M   M        28  30
================================================================================
SM 2013 1636         0 335  0.07     0.0 334.8          M        M
================================================================================
AV 87.5 71.1                              14.6 FASTST   M    M -nan   MAX(MPH)
                                 MISC ---->  # 33  40               # 42   40
================================================================================
NOTES:
# LAST OF SEVERAL OCCURRENCES

COLUMN 17 PEAK WIND IN M.P.H.

PRELIMINARY LOCAL CLIMATOLOGICAL DATA (WS FORM: F-6) , PAGE 2

                                          STATION:  KAHULUI HI
                                          MONTH:    JUNE
                                          YEAR:     2017
                                          LATITUDE:   20 53 N
                                          LONGITUDE: 156 26 W

[TEMPERATURE DATA]      [PRECIPITATION DATA]       SYMBOLS USED IN COLUMN 16

AVERAGE MONTHLY: 79.3   TOTAL FOR MONTH:   0.07    1 = FOG OR MIST
DPTR FM NORMAL:   1.5   DPTR FM NORMAL:   -0.07    2 = FOG REDUCING VISIBILITY
HIGHEST:    90 ON 19,16 GRTST 24HR  0.05 ON 12-12      TO 1/4 MILE OR LESS
LOWEST:     66 ON  1                               3 = THUNDER
                        SNOW, ICE PELLETS, HAIL    4 = ICE PELLETS
                        TOTAL MONTH:   0.0 INCH    5 = HAIL
                        GRTST 24HR     0.0         6 = FREEZING RAIN OR DRIZZLE
                        GRTST DEPTH:  M  ON   M    7 = DUSTSTORM OR SANDSTORM:
                                                       VSBY 1/2 MILE OR LESS
                                                   8 = SMOKE OR HAZE
[NO. OF DAYS WITH]      [WEATHER - DAYS WITH]      9 = BLOWING SNOW
                                                   X = TORNADO
MAX 32 OR BELOW:   0    0.01 INCH OR MORE:   2
MAX 90 OR ABOVE:   2    0.10 INCH OR MORE:   0
MIN 32 OR BELOW:   0    0.50 INCH OR MORE:   0
MIN  0 OR BELOW:   0    1.00 INCH OR MORE:   0

[HDD (BASE 65) ]
TOTAL THIS MO.     0    CLEAR  (SCALE 0-3)   0
DPTR FM NORMAL     0    PTCLDY (SCALE 4-7)   0
TOTAL FM JUL 1     0    CLOUDY (SCALE 8-10)  0
DPTR FM NORMAL     0

[CDD (BASE 65) ]
TOTAL THIS MO.   335
DPTR FM NORMAL    42    [PRESSURE DATA]
TOTAL FM JAN 1  1698    HIGHEST SLP M ON M
DPTR FM NORMAL   146    LOWEST  SLP 29.93 ON 23

[REMARKS]
