918
CXUS55 KEAX 010736
CF6OJC
PRELIMINARY LOCAL CLIMATOLOGICAL DATA (WS FORM: F-6)

                                          STATION:   Johnson County Executive KS
                                          MONTH:     APRIL
                                          YEAR:      2016
                                          LATITUDE:   38 50 N
                                          LONGITUDE:  94 44 W

  TEMPERATURE IN F:       :PCPN:    SNOW:  WIND      :SUNSHINE: SKY     :PK WND
================================================================================
1   2   3   4   5  6A  6B    7    8   9   10  11  12  13   14  15   16   17  18
                                     12Z  AVG MX 2MIN
DY MAX MIN AVG DEP HDD CDD  WTR  SNW DPTH SPD SPD DIR MIN PSBL S-S WX    SPD DR
================================================================================

 1  52  34  43  -7  22   0 0.00    M    M 12.0 23 310   M    M   5        30 320
 2  64  29  47  -4  18   0 0.00    M    M  9.8 23 350   M    M   0        31 360
 3  78  40  59   8   6   0 0.00    M    M 13.2 26 210   M    M   0        36 200
 4  68  48  58   6   7   0 0.00    M    M  9.5 20  10   M    M   0        24  10
 5  76  42  59   7   6   0 0.02    M    M 17.2 31 170   M    M   0        40 170
 6  61  48  55   3  10   0 0.07    M    M 11.6 24 320   M    M   4 1      36 290
 7  65  42  54   2  11   0 0.00    M    M 13.3 32 330   M    M   2        46 320
 8  63  37  50  -3  15   0 0.00    M    M 12.6 25 340   M    M   1        34 340
 9  61  31  46  -7  19   0 0.00    M    M 12.2 22 200   M    M   1        33 190
10  74  54  64  11   1   0 0.01    M    M 12.4 25 200   M    M   7 3      35 200
11  58  41  50  -4  15   0 0.00    M    M 12.0 25  20   M    M   3        30  20
12  61  34  48  -6  17   0 0.00    M    M  7.0 14 110   M    M   0        19 140
13  69  40  55   1  10   0 0.00    M    M  7.1 15 160   M    M   0        23 160
14  70  42  56   1   9   0 0.00    M    M  6.7 17 170   M    M   0 18     22 170
15  72  50  61   6   4   0 0.00    M    M 11.3 22 140   M    M   2        27 140
16  74  56  65  10   0   0 0.00    M    M 13.1 26 170   M    M   3        31 170
17  76  57  67  11   0   2 0.01    M    M 10.5 22 130   M    M   6        33 160
18  65  58  62   6   3   0 0.61    M    M  8.1 16 160   M    M  10 1      23 140
19  68  54  61   5   4   0 0.36    M    M  6.1 14 360   M    M   8 1      16 360
20  66  53  60   4   5   0 0.18    M    M  8.3 17 270   M    M   7 1      23 260
21  65  50  58   1   7   0 0.00    M    M  8.5 21 330   M    M   5        29 300
22  70  51  61   4   4   0 0.00    M    M  6.2 14 360   M    M   3 18     17  10
23  76  49  63   5   2   0 0.00    M    M  9.5 21 160   M    M   0 1      26 170
24  76  59  68  10   0   3 0.12    M    M 15.5 28 180   M    M   1 13     37 170
25  73  58  66   8   0   1 0.25    M    M  8.7 30 170   M    M   5 13     34 170
26  69  57  63   5   2   0 1.90    M    M 10.3 30  20   M    M   6 13     37  20
27  72  51  62   3   3   0 0.56    M    M 11.5 31  70   M    M   5 13     40  70
28  63  43  53  -6  12   0 0.00    M    M  7.9 17 270   M    M   4        25 260
29  59  47  53  -6  12   0 0.28    M    M 11.9 24  60   M    M   6 13     34  80
30  66  53  60   0   5   0 0.13    M    M  9.4 21 260   M    M   6 13     27 270
================================================================================
SM 2030 1408       229   6  4.50    M    313.4          M      100
================================================================================
AV 67.7 46.9                              10.4 FASTST   M    M   3    MAX(MPH)
                                 MISC ---->  # 32 330               # 46  320
================================================================================
NOTES:
# LAST OF SEVERAL OCCURRENCES

COLUMN 17 PEAK WIND IN M.P.H.

PRELIMINARY LOCAL CLIMATOLOGICAL DATA (WS FORM: F-6) , PAGE 2

                                          STATION:  Johnson County Executive KS
                                          MONTH:    APRIL
                                          YEAR:     2016
                                          LATITUDE:   38 50 N
                                          LONGITUDE:  94 44 W

[TEMPERATURE DATA]      [PRECIPITATION DATA]       SYMBOLS USED IN COLUMN 16

AVERAGE MONTHLY: 57.3   TOTAL FOR MONTH:   4.50    1 = FOG OR MIST
DPTR FM NORMAL:   2.2   DPTR FM NORMAL:    0.51    2 = FOG REDUCING VISIBILITY
HIGHEST:    78 ON  3    GRTST 24HR  2.46 ON 26-27      TO 1/4 MILE OR LESS
LOWEST:     29 ON  2                               3 = THUNDER
                        SNOW, ICE PELLETS, HAIL    4 = ICE PELLETS
                        TOTAL MONTH:    M          5 = HAIL
                        GRTST 24HR    M  ON   M    6 = FREEZING RAIN OR DRIZZLE
                        GRTST DEPTH:  M  ON   M    7 = DUSTSTORM OR SANDSTORM:
                                                       VSBY 1/2 MILE OR LESS
                                                   8 = SMOKE OR HAZE
[NO. OF DAYS WITH]      [WEATHER - DAYS WITH]      9 = BLOWING SNOW
                                                   X = TORNADO
MAX 32 OR BELOW:   0    0.01 INCH OR MORE:  13
MAX 90 OR ABOVE:   0    0.10 INCH OR MORE:   9
MIN 32 OR BELOW:   2    0.50 INCH OR MORE:   3
MIN  0 OR BELOW:   0    1.00 INCH OR MORE:   1

[HDD (BASE 65) ]
TOTAL THIS MO.   229    CLEAR  (SCALE 0-3)  15
DPTR FM NORMAL   -85    PTCLDY (SCALE 4-7)  14
TOTAL FM JUL 1  4008    CLOUDY (SCALE 8-10)  1
DPTR FM NORMAL  -823

[CDD (BASE 65) ]
TOTAL THIS MO.     6
DPTR FM NORMAL   -11    [PRESSURE DATA]
TOTAL FM JAN 1     6    HIGHEST SLP  0.00 ON M
DPTR FM NORMAL   -12    LOWEST  SLP  0.00 ON M

[REMARKS]
#FINAL-04-16#
