000
CXUS55 KEAX 290736
CF6OJC
PRELIMINARY LOCAL CLIMATOLOGICAL DATA (WS FORM: F-6)

                                          STATION:   Johnson County Executive KS
                                          MONTH:     AUGUST
                                          YEAR:      2015
                                          LATITUDE:   38 50 N
                                          LONGITUDE:  94 44 W

  TEMPERATURE IN F:       :PCPN:    SNOW:  WIND      :SUNSHINE: SKY     :PK WND
================================================================================
1   2   3   4   5  6A  6B    7    8   9   10  11  12  13   14  15   16   17  18
                                     12Z  AVG MX 2MIN
DY MAX MIN AVG DEP HDD CDD  WTR  SNW DPTH SPD SPD DIR MIN PSBL S-S WX    SPD DR
================================================================================

 1  93  69  81   2   0  16 0.00    M    M  5.9 16  90   M    M   1 3      21 110
 2  92  69  81   2   0  16 0.00    M    M  7.2 16 230   M    M   0        23 240
 3  93  68  81   2   0  16 0.00    M    M  4.4 13  60   M    M   0        17 230
 4  87  68  78  -1   0  13 0.46    M    M  6.5 28 210   M    M   1 13     38 230
 5  75  68  72  -7   0   7 0.04    M    M  6.8 12  40   M    M   9 1      16  50
 6  82  67  75  -4   0  10 0.00    M    M  6.9 14 170   M    M   4 1      20 170
 7  92  72  82   3   0  17 0.00    M    M  4.7 12 340   M    M   2        15 340
 8  88  73  81   2   0  16 0.13    M    M 11.3 24  80   M    M   1 13     35  70
 9  89  77  83   4   0  18 0.03    M    M  6.0 15 180   M    M   1 1      20 180
10  89  73  81   2   0  16 0.04    M    M  6.8 18 300   M    M   2 13     25 300
11  86  67  77  -2   0  12 0.00    M    M  6.4 15  40   M    M   1        21  10
12  86  65  76  -3   0  11 0.00    M    M  3.1  9  30   M    M   2        14 130
13  85  64  75  -3   0  10 0.00    M    M  4.2 10 160   M    M   1        14 160
14  85  65  75  -3   0  10 0.00    M    M  4.2 13 150   M    M   0        18 170
15  87  65  76  -2   0  11 0.00    M    M  4.3 12 150   M    M   0        16 210
16  88  66  77  -1   0  12 0.00    M    M  6.7 16 170   M    M   1        22 170
17  90  68  79   1   0  14 0.00    M    M  5.5 12 200   M    M   0 1      16 200
18  79  64  72  -6   0   7 1.00    M    M  7.2 15 280   M    M   5 13     21 270
19  72  56  64 -14   1   0 0.00    M    M  8.8 18 290   M    M   1        26 300
20  81  52  67 -10   0   2 0.00    M    M  5.6 15 180   M    M   0        20 180
21  81  57  69  -8   0   4 0.00    M    M  9.2 20 160   M    M   3        25 160
22  83  67  75  -2   0  10 0.00    M    M  9.7 21 170   M    M   3 3      26 170
23  76  60  68  -9   0   3 0.12    M    M  9.8 26 330   M    M   1 13     35 330
24  80  51  66 -10   0   1 0.00    M    M  3.4 13 300   M    M   0        17 320
25  83  56  70  -6   0   5 0.00    M    M  2.5  9 290   M    M   0        15 320
26  82  61  72  -4   0   7 0.00    M    M  4.9 13 150   M    M   0        16 160
27  73  60  67  -9   0   2 2.06    M    M  8.9 20 160   M    M   5 123    26 150
28  77  67  72  -3   0   7 0.03    M    M 11.1 23 170   M    M   4 13     30 180
================================================================================
SM 2354 1815         1 273  3.91    M    182.0          M       48
================================================================================
AV 84.1 64.8                               6.5 FASTST   M    M   2    MAX(MPH)
                                 MISC ---->  # 28 210               # 38  230
================================================================================
NOTES:
# LAST OF SEVERAL OCCURRENCES

COLUMN 17 PEAK WIND IN M.P.H.

PRELIMINARY LOCAL CLIMATOLOGICAL DATA (WS FORM: F-6) , PAGE 2

                                          STATION:  Johnson County Executive KS
                                          MONTH:    AUGUST
                                          YEAR:     2015
                                          LATITUDE:   38 50 N
                                          LONGITUDE:  94 44 W

[TEMPERATURE DATA]      [PRECIPITATION DATA]       SYMBOLS USED IN COLUMN 16

AVERAGE MONTHLY: 74.4   TOTAL FOR MONTH:   3.91    1 = FOG OR MIST
DPTR FM NORMAL:  -3.4   DPTR FM NORMAL:    0.62    2 = FOG REDUCING VISIBILITY
HIGHEST:    93 ON  3, 1 GRTST 24HR  2.06 ON 27-27      TO 1/4 MILE OR LESS
LOWEST:     51 ON 24                               3 = THUNDER
                        SNOW, ICE PELLETS, HAIL    4 = ICE PELLETS
                        TOTAL MONTH:    M          5 = HAIL
                        GRTST 24HR    M  ON   M    6 = FREEZING RAIN OR DRIZZLE
                        GRTST DEPTH:  M  ON   M    7 = DUSTSTORM OR SANDSTORM:
                                                       VSBY 1/2 MILE OR LESS
                                                   8 = SMOKE OR HAZE
[NO. OF DAYS WITH]      [WEATHER - DAYS WITH]      9 = BLOWING SNOW
                                                   X = TORNADO
MAX 32 OR BELOW:   0    0.01 INCH OR MORE:   9
MAX 90 OR ABOVE:   5    0.10 INCH OR MORE:   5
MIN 32 OR BELOW:   0    0.50 INCH OR MORE:   2
MIN  0 OR BELOW:   0    1.00 INCH OR MORE:   2

[HDD (BASE 65) ]
TOTAL THIS MO.     1    CLEAR  (SCALE 0-3)  22
DPTR FM NORMAL     1    PTCLDY (SCALE 4-7)   5
TOTAL FM JUL 1     2    CLOUDY (SCALE 8-10)  1
DPTR FM NORMAL     2

[CDD (BASE 65) ]
TOTAL THIS MO.   273
DPTR FM NORMAL   -91    [PRESSURE DATA]
TOTAL FM JAN 1  1089    HIGHEST SLP  0.00 ON M
DPTR FM NORMAL   -47    LOWEST  SLP  0.00 ON M

[REMARKS]
