000
CXUS55 KEAX 240736
CF6OJC
PRELIMINARY LOCAL CLIMATOLOGICAL DATA (WS FORM: F-6)

                                          STATION:   Johnson County Executive KS
                                          MONTH:     JULY
                                          YEAR:      2017
                                          LATITUDE:   38 50 N
                                          LONGITUDE:  94 44 W

  TEMPERATURE IN F:       :PCPN:    SNOW:  WIND      :SUNSHINE: SKY     :PK WND
================================================================================
1   2   3   4   5  6A  6B    7    8   9   10  11  12  13   14  15   16   17  18
                                     12Z  AVG MX 2MIN
DY MAX MIN AVG DEP HDD CDD  WTR  SNW DPTH SPD SPD DIR MIN PSBL S-S WX    SPD DR
================================================================================

 1  86  60  73  -4   0   8 0.00    M    M  4.7 10 280   M    M   0        14 280
 2  87  63  75  -2   0  10 0.00    M    M  6.3 13 170   M    M   0        17 210
 3  86  67  77   0   0  12 0.00    M    M  5.7 13 210   M    M   1        22 180
 4  76  68  72  -5   0   7 0.89    M    M  4.9 16 210   M    M   8 13     21 240
 5  84  69  77   0   0  12    T    M    M  8.6 20  30   M    M   4 1      25  30
 6  87  65  76  -1   0  11 0.00    M    M  4.7 12 210   M    M   1        14 210
 7  90  71  81   3   0  16 0.00    M    M  8.9 20 360   M    M   1 8      23 330
 8  85  63  74  -4   0   9 0.00    M    M  4.6 13 160   M    M   0        17 210
 9  87  68  78   0   0  13 0.00    M    M  8.1 18 200   M    M   1        24 210
10  91  73  82   4   0  17 0.00    M    M 10.5 17 220   M    M   0        25 210
11  90  73  82   4   0  17 0.00    M    M 11.6 21 170   M    M   0        26 160
12  93  77  85   7   0  20 0.00    M    M 10.2 16 190   M    M   0        24 220
13  90  69  80   2   0  15 1.82    M    M  7.4 21  40   M    M   5 13     26 290
14  87  70  79   1   0  14 0.00    M    M  2.8  8 100   M    M   3        11  90
15  88  71  80   2   0  15 0.00    M    M  3.7  9  90   M    M   1        15 110
16  88  68  78   0   0  13 0.00    M    M  2.8  9 190   M    M   0        12 210
17  89  68  79   1   0  14 0.00    M    M  5.0 12 170   M    M   0 8      14 180
18  88  71  80   1   0  15 0.00    M    M  6.3 16 170   M    M   0        20 170
19  91  72  82   3   0  17 0.01    M    M  7.5 16 200   M    M   2 1      21 170
20  94  74  84   5   0  19 0.00    M    M  8.7 15 170   M    M   0        20 200
21  93  76  85   6   0  20 0.00    M    M 10.2 17 200   M    M   0        24 190
22  98  67  83   4   0  18 2.09    M    M 10.2 28  40   M    M   1 13     31  50
23  91  68  80   1   0  15 0.01    M    M  5.0 14 200   M    M   1 3      17 210
================================================================================
SM 2039 1591         0 327  4.82    M    158.4          M       29
================================================================================
AV 88.7 69.2                               6.9 FASTST   M    M   1    MAX(MPH)
                                 MISC ---->  # 28  40               # 31   50
================================================================================
NOTES:
# LAST OF SEVERAL OCCURRENCES

COLUMN 17 PEAK WIND IN M.P.H.

PRELIMINARY LOCAL CLIMATOLOGICAL DATA (WS FORM: F-6) , PAGE 2

                                          STATION:  Johnson County Executive KS
                                          MONTH:    JULY
                                          YEAR:     2017
                                          LATITUDE:   38 50 N
                                          LONGITUDE:  94 44 W

[TEMPERATURE DATA]      [PRECIPITATION DATA]       SYMBOLS USED IN COLUMN 16

AVERAGE MONTHLY: 78.9   TOTAL FOR MONTH:   4.82    1 = FOG OR MIST
DPTR FM NORMAL:   0.9   DPTR FM NORMAL:    1.97    2 = FOG REDUCING VISIBILITY
HIGHEST:    98 ON 22    GRTST 24HR  2.09 ON 22-22      TO 1/4 MILE OR LESS
LOWEST:     60 ON  1                               3 = THUNDER
                        SNOW, ICE PELLETS, HAIL    4 = ICE PELLETS
                        TOTAL MONTH:    M          5 = HAIL
                        GRTST 24HR    M  ON   M    6 = FREEZING RAIN OR DRIZZLE
                        GRTST DEPTH:  M  ON   M    7 = DUSTSTORM OR SANDSTORM:
                                                       VSBY 1/2 MILE OR LESS
                                                   8 = SMOKE OR HAZE
[NO. OF DAYS WITH]      [WEATHER - DAYS WITH]      9 = BLOWING SNOW
                                                   X = TORNADO
MAX 32 OR BELOW:   0    0.01 INCH OR MORE:   5
MAX 90 OR ABOVE:  10    0.10 INCH OR MORE:   3
MIN 32 OR BELOW:   0    0.50 INCH OR MORE:   3
MIN  0 OR BELOW:   0    1.00 INCH OR MORE:   2

[HDD (BASE 65) ]
TOTAL THIS MO.     0    CLEAR  (SCALE 0-3)  19
DPTR FM NORMAL     0    PTCLDY (SCALE 4-7)   3
TOTAL FM JUL 1     0    CLOUDY (SCALE 8-10)  1
DPTR FM NORMAL     0

[CDD (BASE 65) ]
TOTAL THIS MO.   327
DPTR FM NORMAL    28    [PRESSURE DATA]
TOTAL FM JAN 1   691    HIGHEST SLP  0.00 ON M
DPTR FM NORMAL    31    LOWEST  SLP  0.00 ON M

[REMARKS]
