000
CXUS56 KSGX 011445
CF6OKB
PRELIMINARY LOCAL CLIMATOLOGICAL DATA (WS FORM: F-6)

                                          STATION:   OCEANSIDE AIRPORT CA
                                          MONTH:     JUNE
                                          YEAR:      2015
                                          LATITUDE:   33 13 N
                                          LONGITUDE: 117 21 W

  TEMPERATURE IN F:       :PCPN:    SNOW:  WIND      :SUNSHINE: SKY     :PK WND
================================================================================
1   2   3   4   5  6A  6B    7    8   9   10  11  12  13   14  15   16   17  18
                                     12Z  AVG MX 2MIN
DY MAX MIN AVG DEP HDD CDD  WTR  SNW DPTH SPD SPD DIR MIN PSBL S-S WX    SPD DR
================================================================================

 1  72  56  64   1   1   0 0.00  0.0    0  3.8 16 240   M    M   4        20 240
 2  72  59  66   2   0   1 0.00  0.0    0  4.3 16 240   M    M   7 8      20 240
 3  71  63  67   3   0   2 0.00  0.0    0  5.9 13 240   M    M   8        19 250
 4  70  62  66   2   0   1    T  0.0    0  7.0 16 230   M    M   8 8      23 210
 5  71  54  63  -1   2   0 0.00  0.0    0  5.8 16 240   M    M   5 8      22 250
 6  73  56  65   1   0   0 0.00  0.0    0  4.8 15 290   M    M   5        23 290
 7  73  58  66   2   0   1 0.00  0.0    0  3.9 15 250   M    M   5        20 230
 8  74  61  68   4   0   3 0.00  0.0    0  4.9 16 240   M    M   4 18     20 230
 9  85  66  76  12   0  11    T  0.0    0  6.4 16 240   M    M   4 18     22 290
10  72  64  68   3   0   3    T  0.0    0  5.6 14 220   M    M  10 1      18 220
11  72  63  68   3   0   3 0.00  0.0    0  4.3 14 240   M    M  10 1      16 240
12  71  63  67   2   0   2 0.00  0.0    0  4.9 14 250   M    M  10 18     17 250
13  72  62  67   2   0   2 0.00  0.0    0  4.6 12 240   M    M  10 18     15 240
14  72  65  69   4   0   4 0.00  0.0    0  4.1 13 230   M    M  10        18 250
15  74  64  69   4   0   4 0.00  0.0    0  3.9 14 240   M    M   9        18 250
16  72  64  68   3   0   3 0.00  0.0    0  4.5 10 240   M    M   9 18      M  M
17  72  56  64  -2   1   0 0.00  0.0    0  4.3 12 240   M    M   5 18     15 240
18  74  55  65  -1   0   0 0.00  0.0    0  4.3 15 230   M    M   4 18     20 220
19  75  58  67   1   0   2 0.00  0.0    0  4.6 14 240   M    M   5 128    17 230
20  77  58  68   2   0   3 0.00  0.0    0  4.4 13 220   M    M   4 18     17 220
21  76  60  68   2   0   3 0.00  0.0    0  4.9 14 230   M    M   4 18     18 230
22  76  59  68   2   0   3 0.00  0.0    0  3.9 12 230   M    M   3 18     16 240
23  79  60  70   4   0   5 0.00  0.0    0  4.4 14 240   M    M   4 18     17 230
24  77  57  67   1   0   2 0.00  0.0    0  4.3 14 240   M    M   3 18     19 240
25  77  60  69   2   0   4 0.00  0.0    0  4.2 15 240   M    M   5 18     18 240
26  76  66  71   4   0   6 0.00  0.0    0  5.2 16 240   M    M   5 8      20 240
27  75  67  71   4   0   6    T  0.0    0  4.2 20 300   M    M   5 8      26 290
28  79  64  72   5   0   7 0.00  0.0    0  4.5 14 250   M    M   0        19 250
29  81  63  72   5   0   7 0.00  0.0    0  3.3 14 240   M    M   0        17 210
30  89  62  76   9   0  11 0.02  0.0    0  3.5 14 220   M    M   2 13     18 220
================================================================================
SM 2249 1825         4  99  0.02     0.0 138.7          M      167
================================================================================
AV 75.0 60.8                               4.6 FASTST   M    M   6    MAX(MPH)
                                 MISC ---->  # 20 300               # 26  290
================================================================================
NOTES:
# LAST OF SEVERAL OCCURRENCES

COLUMN 17 PEAK WIND IN M.P.H.

PRELIMINARY LOCAL CLIMATOLOGICAL DATA (WS FORM: F-6) , PAGE 2

                                          STATION:  OCEANSIDE AIRPORT CA
                                          MONTH:    JUNE
                                          YEAR:     2015
                                          LATITUDE:   33 13 N
                                          LONGITUDE: 117 21 W

[TEMPERATURE DATA]      [PRECIPITATION DATA]       SYMBOLS USED IN COLUMN 16

AVERAGE MONTHLY: 67.9   TOTAL FOR MONTH:   0.02    1 = FOG OR MIST
DPTR FM NORMAL:   2.6   DPTR FM NORMAL:   -0.09    2 = FOG REDUCING VISIBILITY
HIGHEST:    89 ON 30    GRTST 24HR  0.02 ON 30-30      TO 1/4 MILE OR LESS
LOWEST:     54 ON  5                               3 = THUNDER
                        SNOW, ICE PELLETS, HAIL    4 = ICE PELLETS
                        TOTAL MONTH:   0.0 INCH    5 = HAIL
                        GRTST 24HR     0.0         6 = FREEZING RAIN OR DRIZZLE
                        GRTST DEPTH:   0           7 = DUSTSTORM OR SANDSTORM:
                                                       VSBY 1/2 MILE OR LESS
                                                   8 = SMOKE OR HAZE
[NO. OF DAYS WITH]      [WEATHER - DAYS WITH]      9 = BLOWING SNOW
                                                   X = TORNADO
MAX 32 OR BELOW:   0    0.01 INCH OR MORE:   1
MAX 90 OR ABOVE:   0    0.10 INCH OR MORE:   0
MIN 32 OR BELOW:   0    0.50 INCH OR MORE:   0
MIN  0 OR BELOW:   0    1.00 INCH OR MORE:   0

[HDD (BASE 65) ]
TOTAL THIS MO.     4    CLEAR  (SCALE 0-3)   4
DPTR FM NORMAL   -23    PTCLDY (SCALE 4-7)  19
TOTAL FM JUL 1  1207    CLOUDY (SCALE 8-10)  7
DPTR FM NORMAL  -821

[CDD (BASE 65) ]
TOTAL THIS MO.    99
DPTR FM NORMAL    61    [PRESSURE DATA]
TOTAL FM JAN 1   138    HIGHEST SLP 30.03 ON 27
DPTR FM NORMAL    90    LOWEST  SLP 29.76 ON 14

[REMARKS]
#FINAL-06-15#
