000
CXUS53 KARX 190930
CF6OLZ
PRELIMINARY LOCAL CLIMATOLOGICAL DATA (WS FORM: F-6)

                                          STATION:   OELWEIN IA
                                          MONTH:     DECEMBER
                                          YEAR:      2014
                                          LATITUDE:   42 40 N
                                          LONGITUDE:  91 58 W

  TEMPERATURE IN F:       :PCPN:    SNOW:  WIND      :SUNSHINE: SKY     :PK WND
================================================================================
1   2   3   4   5  6A  6B    7    8   9   10  11  12  13   14  15   16   17  18
                                     12Z  AVG MX 2MIN
DY MAX MIN AVG DEP HDD CDD  WTR  SNW DPTH SPD SPD DIR MIN PSBL S-S WX    SPD DR
================================================================================

 1  14   7  11   M  54   0 0.00  0.0    M 11.7 23 330   M    M   2        31 330
 2  28   9  19   M  46   0 0.00  0.0    M 12.4 20 180   M    M   6        21 210
 3  30  16  23   M  42   0 0.00  0.0    M  9.7 21 300   M    M   1        25 300
 4  32  19  26   M  39   0 0.00  0.0    0 11.1 20 150   M    M   7         M  M
 5  36  30  33   M  32   0 0.00  0.0    M  6.5 12 160   M    M  10 1       M  M
 6  39  25  32   M  33   0 0.00  0.0    M  8.8 16 360   M    M   1 18     17  10
 7  36  25  31   M  34   0 0.00  0.0    M 15.7 23 150   M    M   4 1      32 150
 8  36  27  32   M  33   0 0.00  0.0    M 15.7 22 320   M    M  10 12     31 310
 9  34  21  28   M  37   0 0.00  0.0    M  9.2 18 330   M    M   9         M  M
10  30  27  29   M  36   0 0.00  0.0    M  4.7  8 130   M    M  10         M  M
11  28  25  27   M  38   0 0.00  0.0    M  4.3  7 200   M    M  10 1       M  M
12  37  28  33   M  32   0 0.00  0.0    M  8.0 10 190   M    M   8 12      M  M
13  46  30  38   M  27   0 0.00  0.0    M  8.1 10 240   M    M   9 12      M  M
14  50  45  48   M  17   0 0.00  0.0    0 10.1 14 160   M    M  10 12      M  M
15  48  43  46   M  19   0 0.39  0.0    M 11.8 16 140   M    M  10 12     21 130
16  43  19  31   M  34   0 0.10    M    M 21.2 29 320   M    M  10 1      40 330
17  23  14  19   M  46   0    M    M    M  9.5 15 310   M    M   5        18 320
18  25  12  19   M  46   0    M    M    M  2.0  6 350   M    M   5         M  M
================================================================================
SM  615  422       645   0  0.49     0.0 180.5          M      127
================================================================================
AV 34.2 23.4                              10.0 FASTST   M    M   7    MAX(MPH)
                                 MISC ---->    29   M                 40    M
================================================================================
NOTES:
# LAST OF SEVERAL OCCURRENCES

COLUMN 17 PEAK WIND IN M.P.H.

PRELIMINARY LOCAL CLIMATOLOGICAL DATA (WS FORM: F-6) , PAGE 2

                                          STATION:  OELWEIN IA
                                          MONTH:    DECEMBER
                                          YEAR:     2014
                                          LATITUDE:   42 40 N
                                          LONGITUDE:  91 58 W

[TEMPERATURE DATA]      [PRECIPITATION DATA]       SYMBOLS USED IN COLUMN 16

AVERAGE MONTHLY: 28.8   TOTAL FOR MONTH:   0.49    1 = FOG OR MIST
DPTR FM NORMAL:     M   DPTR FM NORMAL:       M    2 = FOG REDUCING VISIBILITY
HIGHEST:    50 ON 14    GRTST 24HR  0.39 ON 15-15      TO 1/4 MILE OR LESS
LOWEST:      7 ON  1                               3 = THUNDER
                        SNOW, ICE PELLETS, HAIL    4 = ICE PELLETS
                        TOTAL MONTH:   0.0 INCH    5 = HAIL
                        GRTST 24HR     0.0         6 = FREEZING RAIN OR DRIZZLE
                        GRTST DEPTH:   0           7 = DUSTSTORM OR SANDSTORM:
                                                       VSBY 1/2 MILE OR LESS
                                                   8 = SMOKE OR HAZE
[NO. OF DAYS WITH]      [WEATHER - DAYS WITH]      9 = BLOWING SNOW
                                                   X = TORNADO
MAX 32 OR BELOW:   8    0.01 INCH OR MORE:   2
MAX 90 OR ABOVE:   0    0.10 INCH OR MORE:   2
MIN 32 OR BELOW:  16    0.50 INCH OR MORE:   0
MIN  0 OR BELOW:   0    1.00 INCH OR MORE:   0

[HDD (BASE 65) ]
TOTAL THIS MO.   645    CLEAR  (SCALE 0-3)   3
DPTR FM NORMAL     M    PTCLDY (SCALE 4-7)   5
TOTAL FM JUL 1  2412    CLOUDY (SCALE 8-10) 10
DPTR FM NORMAL     M

[CDD (BASE 65) ]
TOTAL THIS MO.     0
DPTR FM NORMAL     M    [PRESSURE DATA]
TOTAL FM JAN 1   562    HIGHEST SLP M ON M
DPTR FM NORMAL     M    LOWEST  SLP M ON M

[REMARKS]
