000
CXUS56 KOTX 291500
CF6OMK
PRELIMINARY LOCAL CLIMATOLOGICAL DATA (WS FORM: F-6)

                                          STATION:   OMAK WA AIRPORT
                                          MONTH:     APRIL
                                          YEAR:      2016
                                          LATITUDE:   48 27 N
                                          LONGITUDE: 119 31 W

  TEMPERATURE IN F:       :PCPN:    SNOW:  WIND      :SUNSHINE: SKY     :PK WND
================================================================================
1   2   3   4   5  6A  6B    7    8   9   10  11  12  13   14  15   16   17  18
                                     12Z  AVG MX 2MIN
DY MAX MIN AVG DEP HDD CDD  WTR  SNW DPTH SPD SPD DIR MIN PSBL S-S WX    SPD DR
================================================================================

 1  74  38  56   9   9   0 0.00    M    M  5.6 16 150   M    M   0        18 180
 2  74  39  57  10   8   0 0.00    M    M  5.9 18 310   M    M   0        24 290
 3  71  42  57  10   8   0 0.00    M    M  7.0 16 150   M    M   0        20 150
 4  61  41  51   3  14   0 0.07    M    M  9.2 26 290   M    M   3        36 260
 5  58  33  46  -2  19   0 0.00    M    M  6.1 14 160   M    M   2        18 150
 6  68  39  54   6  11   0 0.00    M    M  5.4 10 300   M    M   2        14 150
 7  73  45  59  11   6   0 0.00    M    M  8.7 17  10   M    M   0        21 360
 8  80  40  60  12   5   0 0.00    M    M  5.8 16 160   M    M   0        19 160
 9  73  52  63  14   2   0 0.00    M    M 16.3 29  10   M    M   0        35 360
10  72  45  59  10   6   0 0.00    M    M 10.0 20  10   M    M   0        23  10
11  74  39  57   8   8   0 0.00    M    M  6.5 20 160   M    M   0        24 150
12  68  44  56   7   9   0 0.00    M    M  6.3 17 200   M    M   2        21 180
13  63  41  52   2  13   0 0.00    M    M  7.5 22 150   M    M   2        29 160
14  50  39  45  -5  20   0 0.32    M    M  7.1 14 350   M    M   8 1      16 330
15  64  33  49  -1  16   0 0.00    M    M  5.8 18 180   M    M   2        26 190
16  67  37  52   2  13   0 0.00    M    M  6.3 15 200   M    M   1        20 210
17  73  38  56   6   9   0 0.00    M    M  4.6 12 290   M    M   0        16 190
18  79  41  60  10   5   0 0.00    M    M  5.0 12 270   M    M   0        16 140
19  81  44  63  12   2   0 0.00    M    M  6.2 10 300   0    0   0         M  M
20  85  52  69  18   0   4 0.00    M    M  7.6 15 360   M    M   0        18 340
21  81  50  66  15   0   1 0.00    M    M  6.4 17 160   M    M   0        22 160
22  77  53  65  14   0   0 0.00    M    M  8.4 20 150   M    M   2        26 140
23  73  48  61   9   4   0 0.00    M    M  8.6 17  10   M    M   4        23  10
24  66  43  55   3  10   0 0.01    M    M  6.8 20 360   M    M   6        24 310
25  67  39  53   1  12   0 0.00    M    M 12.4 21  10   M    M   0        26  40
26  68  37  53   1  12   0 0.00    M    M  7.1 14 190   M    M   0        19 190
27  69  44  57   5   8   0 0.00    M    M  5.0 12 200   M    M   8        18 210
28  73  43  58   5   7   0    T    M    M  7.5 18 160   M    M   6        25 160
================================================================================
SM 1982 1179       236   5  0.40    M    205.1            0     48
================================================================================
AV 70.8 42.1                               7.3 FASTST    0   0   2    MAX(MPH)
                                 MISC ---->  # 29  10               # 36  260
================================================================================
NOTES:
# LAST OF SEVERAL OCCURRENCES

COLUMN 17 PEAK WIND IN M.P.H.

PRELIMINARY LOCAL CLIMATOLOGICAL DATA (WS FORM: F-6) , PAGE 2

                                          STATION:  OMAK WA AIRPORT
                                          MONTH:    APRIL
                                          YEAR:     2016
                                          LATITUDE:   48 27 N
                                          LONGITUDE: 119 31 W

[TEMPERATURE DATA]      [PRECIPITATION DATA]       SYMBOLS USED IN COLUMN 16

AVERAGE MONTHLY: 56.4   TOTAL FOR MONTH:   0.40    1 = FOG OR MIST
DPTR FM NORMAL:   6.7   DPTR FM NORMAL:   -0.57    2 = FOG REDUCING VISIBILITY
HIGHEST:    85 ON 20    GRTST 24HR  0.32 ON 14-14      TO 1/4 MILE OR LESS
LOWEST:     33 ON 15, 5                            3 = THUNDER
                        SNOW, ICE PELLETS, HAIL    4 = ICE PELLETS
                        TOTAL MONTH:    M          5 = HAIL
                        GRTST 24HR    M  ON   M    6 = FREEZING RAIN OR DRIZZLE
                        GRTST DEPTH:  M  ON   M    7 = DUSTSTORM OR SANDSTORM:
                                                       VSBY 1/2 MILE OR LESS
                                                   8 = SMOKE OR HAZE
[NO. OF DAYS WITH]      [WEATHER - DAYS WITH]      9 = BLOWING SNOW
                                                   X = TORNADO
MAX 32 OR BELOW:   0    0.01 INCH OR MORE:   3
MAX 90 OR ABOVE:   0    0.10 INCH OR MORE:   1
MIN 32 OR BELOW:   0    0.50 INCH OR MORE:   0
MIN  0 OR BELOW:   0    1.00 INCH OR MORE:   0

[HDD (BASE 65) ]
TOTAL THIS MO.   236    CLEAR  (SCALE 0-3)  23
DPTR FM NORMAL  -190    PTCLDY (SCALE 4-7)   5
TOTAL FM JUL 1  5262    CLOUDY (SCALE 8-10)  0
DPTR FM NORMAL  -754

[CDD (BASE 65) ]
TOTAL THIS MO.     5
DPTR FM NORMAL     5    [PRESSURE DATA]
TOTAL FM JAN 1     5    HIGHEST SLP  0.00 ON 19
DPTR FM NORMAL     5    LOWEST  SLP  0.00 ON M

[REMARKS]
