000
CXUS53 KARX 220930
CF6ONA
PRELIMINARY LOCAL CLIMATOLOGICAL DATA (WS FORM: F-6)

                                          STATION:   WINONA_MUNI_(AWOS) MN
                                          MONTH:     JANUARY
                                          YEAR:      2018
                                          LATITUDE:   44  4 N
                                          LONGITUDE:  91 42 W

  TEMPERATURE IN F:       :PCPN:    SNOW:  WIND      :SUNSHINE: SKY     :PK WND
================================================================================
1   2   3   4   5  6A  6B    7    8   9   10  11  12  13   14  15   16   17  18
                                     12Z  AVG MX 2MIN
DY MAX MIN AVG DEP HDD CDD  WTR  SNW DPTH SPD SPD DIR MIN PSBL S-S WX    SPD DR
================================================================================

 1   1  -9  -4   M  69   0 0.00  0.0    2  5.2  8 300   M    M   0         M  M
 2  18  -9   5   M  60   0    M    M    2  4.7 12 220   M    M   0        21 220
 3  16  -6   5   M  60   0 0.00  0.0    3 10.1 17 320   M    M   0        22 320
 4   9 -13  -2   M  67   0 0.00  0.0    3  2.3  7 310   M    M   0         M  M
 5   9 -15  -3   M  68   0 0.00  0.0    3  3.6  8 340   M    M   0         M  M
 6  14 -15   0   M  65   0 0.00  0.0    3  3.1  9 160   M    M   0         M  M
 7  34  14  24   M  41   0 0.00  0.0    3  4.4  7 300   M    M   4         M  M
 8  37  18  28   M  37   0 0.00  0.0    M  3.4  9 290   M    M   1 1       M  M
 9  45  21  33   M  32   0 0.00  0.0    M  5.8  9 150   M    M   0         M  M
10  39  34  37   M  28   0 0.00  0.0    M  4.8  8 170   M    M   5 1      16 180
11  37  10  24   M  41   0    M    M    M  9.9 22 320   M    M  10 18     31 320
12  10  -6   2   M  63   0 0.00  0.0    M  9.6 15 320   M    M   4        21 340
13   5  -9  -2   M  67   0 0.00  0.0    M  1.6  8 330   M    M   0         M  M
14  18 -15   2   M  63   0    M    M    M  3.6  8 140   M    M   7         M  M
15  18   9  14   M  51   0    M    M    M 12.4 20 330   M    M  10 8      30 320
16  14   0   7   M  58   0    M    M    M  7.4 14 320   M    M   5        20 330
17  30  -6  12   M  53   0 0.00  0.0    M  4.2 10 240   M    M   0         M  M
18  37  21  29   M  36   0 0.00  0.0    M  3.8 12 260   M    M   0        16 260
19  41  21  31   M  34   0 0.00  0.0    0  2.8  7 140   M    M   0         M  M
20  39  21  30   M  35   0 0.00  0.0    0  0.3  4 130   M    M   1 1       M  M
21  39  21  30   M  35   0 0.00  0.0    0  1.0  5  40   M    M   7 12      M  M
================================================================================
SM  510   87      1063   0  0.00     0.0 104.0          M       54
================================================================================
AV 24.3  4.1                               5.0 FASTST   M    M   3    MAX(MPH)
                                 MISC ---->  # 22 320               # 31  320
================================================================================
NOTES:
# LAST OF SEVERAL OCCURRENCES

COLUMN 17 PEAK WIND IN M.P.H.

PRELIMINARY LOCAL CLIMATOLOGICAL DATA (WS FORM: F-6) , PAGE 2

                                          STATION:  WINONA_MUNI_(AWOS) MN
                                          MONTH:    JANUARY
                                          YEAR:     2018
                                          LATITUDE:   44  4 N
                                          LONGITUDE:  91 42 W

[TEMPERATURE DATA]      [PRECIPITATION DATA]       SYMBOLS USED IN COLUMN 16

AVERAGE MONTHLY: 14.2   TOTAL FOR MONTH:   0.00    1 = FOG OR MIST
DPTR FM NORMAL:     M   DPTR FM NORMAL:       M    2 = FOG REDUCING VISIBILITY
HIGHEST:    45 ON  9    GRTST 24HR  0.00 ON 21-21      TO 1/4 MILE OR LESS
LOWEST:    -15 ON 14, 6                            3 = THUNDER
                        SNOW, ICE PELLETS, HAIL    4 = ICE PELLETS
                        TOTAL MONTH:   0.0 INCH    5 = HAIL
                        GRTST 24HR     0.0         6 = FREEZING RAIN OR DRIZZLE
                        GRTST DEPTH:   3 ON  7, 6  7 = DUSTSTORM OR SANDSTORM:
                                                       VSBY 1/2 MILE OR LESS
                                                   8 = SMOKE OR HAZE
[NO. OF DAYS WITH]      [WEATHER - DAYS WITH]      9 = BLOWING SNOW
                                                   X = TORNADO
MAX 32 OR BELOW:  12    0.01 INCH OR MORE:   0
MAX 90 OR ABOVE:   0    0.10 INCH OR MORE:   0
MIN 32 OR BELOW:  20    0.50 INCH OR MORE:   0
MIN  0 OR BELOW:  11    1.00 INCH OR MORE:   0

[HDD (BASE 65) ]
TOTAL THIS MO.  1063    CLEAR  (SCALE 0-3)  13
DPTR FM NORMAL     M    PTCLDY (SCALE 4-7)   6
TOTAL FM JUL 1  3718    CLOUDY (SCALE 8-10)  2
DPTR FM NORMAL     M

[CDD (BASE 65) ]
TOTAL THIS MO.     0
DPTR FM NORMAL     M    [PRESSURE DATA]
TOTAL FM JAN 1     0    HIGHEST SLP M ON M
DPTR FM NORMAL     M    LOWEST  SLP M ON M

[REMARKS]
