000
CXUS52 KMFL 271000
CF6OPF
PRELIMINARY LOCAL CLIMATOLOGICAL DATA (WS FORM: F-6)

                                          STATION:   OPA-LOCKA ARPT
                                          MONTH:     JULY
                                          YEAR:      2015
                                          LATITUDE:   25 53 N
                                          LONGITUDE:  80 17 W

  TEMPERATURE IN F:       :PCPN:    SNOW:  WIND      :SUNSHINE: SKY     :PK WND
================================================================================
1   2   3   4   5  6A  6B    7    8   9   10  11  12  13   14  15   16   17  18
                                     12Z  AVG MX 2MIN
DY MAX MIN AVG DEP HDD CDD  WTR  SNW DPTH SPD SPD DIR MIN PSBL S-S WX    SPD DR
================================================================================

 1  93  75  84   1   0  19 0.00  0.0    0  7.2 20  30   M    M   1        24  30
 2  92  82  87   4   0  22 0.00  0.0    0  8.9 16 130   M    M   1 3      21 140
 3  92  78  85   2   0  20    T  0.0    0  7.7 17 130   M    M   1 38     25 160
 4  92  77  85   2   0  20 0.00  0.0    0  8.2 18 130   M    M   2 3      22 120
 5  92  79  86   3   0  21 0.00  0.0    0 10.6 21 340   M    M   2        24 340
 6  93  74  84   1   0  19    T  0.0    0  7.9 18 140   M    M   2 138    23 140
 7  92  78  85   2   0  20    T  0.0    0  8.0 29 160   M    M   1 3      43 150
 8  92  75  84   1   0  19 0.01  0.0    0  9.4 22 110   M    M   2 3      27 100
 9  92  76  84   1   0  19    T  0.0    0  8.8 20 150   M    M   2 3      24 120
10  92  78  85   2   0  20    T  0.0    0  8.4 18  90   M    M   2        26 100
11  92  77  85   2   0  20 0.00  0.0    0  6.9 20  90   M    M   1        26 120
12  93  75  84   1   0  19 0.00  0.0    0  6.0 16 110   M    M   1        21 120
13  93  76  85   2   0  20    T  0.0    0  5.8 21 200   M    M   2 3      26 200
14  94  77  86   3   0  21 0.33  0.0    0  5.6 22 250   M    M   3 3      26 260
15  90  76  83   0   0  18 0.24  0.0    0  5.8 30 260   M    M   2 13     39 270
16  87  77  82  -1   0  17 0.25  0.0    0  3.3 17 260   M    M   1 13     21 220
17  92  73  83  -1   0  18    T  0.0    0  5.7 21 120   M    M   2 3      24 120
18  87  75  81  -3   0  16 0.26  0.0    0  3.9 24 190   M    M   2 3      30 190
19  93  75  84   0   0  19 0.05  0.0    0  4.6 20 160   M    M   2 3      22 160
20  93  77  85   1   0  20 0.18  0.0    0  4.9 18 240   M    M   2 13     23 260
21  93  76  85   1   0  20 0.15  0.0    0  4.7 23 240   M    M   2 3      27 240
22  94  75  85   1   0  20 1.47  0.0    0  4.3 25  70   M    M   2 13     31  70
23  94  79  87   3   0  22    T  0.0    0  6.2 24 220   M    M   2 3      32 220
24  95  79  87   3   0  22 0.00  0.0    0  8.6 26 300   M    M   1        34 300
25  88  74  81  -3   0  16 0.57  0.0    0  7.6 33 240   M    M   4 13     43 240
26  87  76  82  -2   0  17 0.17  0.0    0  7.7 25 220   M    M   4        32 220
================================================================================
SM 2387 1989         0 504  3.68     0.0 176.7          M       49
================================================================================
AV 91.8 76.5                               6.8 FASTST   M    M   2    MAX(MPH)
                                 MISC ---->  # 33 240               # 43  150
================================================================================
NOTES:
# LAST OF SEVERAL OCCURRENCES

COLUMN 17 PEAK WIND IN M.P.H.

PRELIMINARY LOCAL CLIMATOLOGICAL DATA (WS FORM: F-6) , PAGE 2

                                          STATION:  OPA-LOCKA ARPT
                                          MONTH:    JULY
                                          YEAR:     2015
                                          LATITUDE:   25 53 N
                                          LONGITUDE:  80 17 W

[TEMPERATURE DATA]      [PRECIPITATION DATA]       SYMBOLS USED IN COLUMN 16

AVERAGE MONTHLY: 84.2   TOTAL FOR MONTH:   3.68    1 = FOG OR MIST
DPTR FM NORMAL:   0.8   DPTR FM NORMAL:   -2.25    2 = FOG REDUCING VISIBILITY
HIGHEST:    95 ON 24    GRTST 24HR  1.51 ON 21-22      TO 1/4 MILE OR LESS
LOWEST:     73 ON 17                               3 = THUNDER
                        SNOW, ICE PELLETS, HAIL    4 = ICE PELLETS
                        TOTAL MONTH:   0.0 INCH    5 = HAIL
                        GRTST 24HR     0.0         6 = FREEZING RAIN OR DRIZZLE
                        GRTST DEPTH:   0           7 = DUSTSTORM OR SANDSTORM:
                                                       VSBY 1/2 MILE OR LESS
                                                   8 = SMOKE OR HAZE
[NO. OF DAYS WITH]      [WEATHER - DAYS WITH]      9 = BLOWING SNOW
                                                   X = TORNADO
MAX 32 OR BELOW:   0    0.01 INCH OR MORE:  11
MAX 90 OR ABOVE:  22    0.10 INCH OR MORE:   9
MIN 32 OR BELOW:   0    0.50 INCH OR MORE:   2
MIN  0 OR BELOW:   0    1.00 INCH OR MORE:   1

[HDD (BASE 65) ]
TOTAL THIS MO.     0    CLEAR  (SCALE 0-3)  24
DPTR FM NORMAL     0    PTCLDY (SCALE 4-7)   2
TOTAL FM JUL 1     0    CLOUDY (SCALE 8-10)  0
DPTR FM NORMAL     0

[CDD (BASE 65) ]
TOTAL THIS MO.   504
DPTR FM NORMAL    27    [PRESSURE DATA]
TOTAL FM JAN 1  2642    HIGHEST SLP M ON M
DPTR FM NORMAL   412    LOWEST  SLP 29.88 ON 26

[REMARKS]
