000
CXUS52 KMFL 291000
CF6OPF
PRELIMINARY LOCAL CLIMATOLOGICAL DATA (WS FORM: F-6)

                                          STATION:   OPA-LOCKA ARPT
                                          MONTH:     MARCH
                                          YEAR:      2015
                                          LATITUDE:   25 53 N
                                          LONGITUDE:  80 17 W

  TEMPERATURE IN F:       :PCPN:    SNOW:  WIND      :SUNSHINE: SKY     :PK WND
================================================================================
1   2   3   4   5  6A  6B    7    8   9   10  11  12  13   14  15   16   17  18
                                     12Z  AVG MX 2MIN
DY MAX MIN AVG DEP HDD CDD  WTR  SNW DPTH SPD SPD DIR MIN PSBL S-S WX    SPD DR
================================================================================

 1  82  69  76   5   0  11 0.03  0.0    0 11.4 18  90   M    M   4        23 130
 2  83  68  76   5   0  11 0.00  0.0    0  8.0 16  90   M    M   1        24  90
 3  82  70  76   5   0  11 0.00  0.0    0 10.8 18  90   M    M   4        23 100
 4  83  72  78   7   0  13    T  0.0    0 10.5 20 130   M    M   4        26 120
 5  85  72  79   8   0  14 0.00  0.0    0 11.4 21 160   M    M   3        28 150
 6  86  68  77   6   0  12 0.02  0.0    0  5.4 13 130   M    M   4        17 140
 7  82  67  75   4   0  10 0.17  0.0    0 10.8 21  20   M    M   9 18     24  30
 8  77  72  75   4   0  10    T  0.0    0 12.9 22  60   M    M  10 8      27  60
 9  83  70  77   6   0  12 0.00  0.0    0 10.6 18 100   M    M   3        22  90
10  84  74  79   8   0  14    T  0.0    0 13.6 23 130   M    M   6        28 140
11  86  75  81   9   0  16 0.01  0.0    0 11.8 22 150   M    M   6        27 130
12  85  72  79   7   0  14 0.00  0.0    0 12.4 21 110   M    M   4        26 130
13  83  72  78   6   0  13 0.08  0.0    0 13.9 24 110   M    M   6 1      31  80
14  84  72  78   6   0  13 0.15  0.0    0 11.0 20 140   M    M   3 1      25 150
15  85  69  77   5   0  12 0.00  0.0    0  4.6 13 120   M    M   2        17 170
16  84  70  77   5   0  12 0.00  0.0    0  7.6 17  80   M    M   3        21  80
17  88  68  78   6   0  13 0.00  0.0    0  5.9 17 160   M    M   1        22 150
18  87  65  76   4   0  11 0.00  0.0    0  8.5 16 170   M    M   2        20 160
19  86  69  78   6   0  13    T  0.0    0  6.8 17 160   M    M   4 18     22 140
20  87  66  77   5   0  12 0.00  0.0    0  5.8 15 250   M    M   2        21 280
21  89  67  78   6   0  13 0.00  0.0    0  5.9 14 250   M    M   0        20 130
22  87  68  78   6   0  13 0.00  0.0    0  7.1 17 290   M    M   2        27 250
23  90  68  79   6   0  14    T  0.0    0  8.6 22 260   M    M   3 1      29 260
24  84  71  78   5   0  13 0.32  0.0    0  6.2 15 280   M    M   5 1      22  40
25  89  68  79   6   0  14    T  0.0    0  5.2 13 160   M    M   4 1      16 150
26  88  70  79   6   0  14 0.00  0.0    0  9.7 23 170   M    M   3        29 160
27  92  68  80   7   0  15 0.27  0.0    0 13.7 39 300   M    M   4        48 300
28  74  62  68  -5   0   3    T  0.0    0 10.8 21 330   M    M   1        27 330
================================================================================
SM 2375 1942         0 346  1.05     0.0 260.9          M      103
================================================================================
AV 84.8 69.4                               9.3 FASTST   M    M   4    MAX(MPH)
                                 MISC ---->  # 39 300               # 48  300
================================================================================
NOTES:
# LAST OF SEVERAL OCCURRENCES

COLUMN 17 PEAK WIND IN M.P.H.

PRELIMINARY LOCAL CLIMATOLOGICAL DATA (WS FORM: F-6) , PAGE 2

                                          STATION:  OPA-LOCKA ARPT
                                          MONTH:    MARCH
                                          YEAR:     2015
                                          LATITUDE:   25 53 N
                                          LONGITUDE:  80 17 W

[TEMPERATURE DATA]      [PRECIPITATION DATA]       SYMBOLS USED IN COLUMN 16

AVERAGE MONTHLY: 77.1   TOTAL FOR MONTH:   1.05    1 = FOG OR MIST
DPTR FM NORMAL:   5.2   DPTR FM NORMAL:   -1.60    2 = FOG REDUCING VISIBILITY
HIGHEST:    92 ON 27    GRTST 24HR  0.32 ON 24-24      TO 1/4 MILE OR LESS
LOWEST:     62 ON 28                               3 = THUNDER
                        SNOW, ICE PELLETS, HAIL    4 = ICE PELLETS
                        TOTAL MONTH:   0.0 INCH    5 = HAIL
                        GRTST 24HR     0.0         6 = FREEZING RAIN OR DRIZZLE
                        GRTST DEPTH:   0           7 = DUSTSTORM OR SANDSTORM:
                                                       VSBY 1/2 MILE OR LESS
                                                   8 = SMOKE OR HAZE
[NO. OF DAYS WITH]      [WEATHER - DAYS WITH]      9 = BLOWING SNOW
                                                   X = TORNADO
MAX 32 OR BELOW:   0    0.01 INCH OR MORE:   8
MAX 90 OR ABOVE:   2    0.10 INCH OR MORE:   4
MIN 32 OR BELOW:   0    0.50 INCH OR MORE:   0
MIN  0 OR BELOW:   0    1.00 INCH OR MORE:   0

[HDD (BASE 65) ]
TOTAL THIS MO.     0    CLEAR  (SCALE 0-3)  11
DPTR FM NORMAL    -9    PTCLDY (SCALE 4-7)  15
TOTAL FM JUL 1   105    CLOUDY (SCALE 8-10)  2
DPTR FM NORMAL   -32

[CDD (BASE 65) ]
TOTAL THIS MO.   346
DPTR FM NORMAL   143    [PRESSURE DATA]
TOTAL FM JAN 1   636    HIGHEST SLP M ON M
DPTR FM NORMAL   161    LOWEST  SLP 29.83 ON 27

[REMARKS]
