000
CXUS51 KBOX 240930
CF6ORH
PRELIMINARY LOCAL CLIMATOLOGICAL DATA (WS FORM: F-6)

                                          STATION:   WORCESTER MA
                                          MONTH:     APRIL
                                          YEAR:      2017
                                          LATITUDE:   42 16 N
                                          LONGITUDE:  71 52 W

  TEMPERATURE IN F:       :PCPN:    SNOW:  WIND      :SUNSHINE: SKY     :PK WND
================================================================================
1   2   3   4   5  6A  6B    7    8   9   10  11  12  13   14  15   16   17  18
                                     12Z  AVG MX 2MIN
DY MAX MIN AVG DEP HDD CDD  WTR  SNW DPTH SPD SPD DIR MIN PSBL S-S WX    SPD DR
================================================================================

 1  33  30  32  -8  33   0 0.86  2.9    M 14.3 24  20   M    M  10 16     35  20
 2  53  31  42   1  23   0    T    T    M  8.4 22 300   M    M   5 1      28 300
 3  56  32  44   3  21   0 0.00  0.0    M  6.3 16 300   M    M   1 8      19 300
 4  45  35  40  -2  25   0 1.02  0.0    M 10.4 18 100   M    M  10 1      27 110
 5  48  33  41  -1  24   0 0.00  0.0    M  6.1 15  10   M    M  10 12     20  40
 6  41  34  38  -4  27   0 1.17  0.0    M 11.4 21  20   M    M  10 123    28  30
 7  47  35  41  -2  24   0 0.03  0.0    M 16.3 26 220   M    M   9 1      35 270
 8  45  33  39  -4  26   0 0.00  0.0    M 15.9 28 280   M    M   8        36 280
 9  63  32  48   4  17   0 0.00  0.0    M 10.4 17 290   M    M   0        23 310
10  75  46  61  17   4   0 0.00  0.0    M 15.9 24 220   M    M   0        32 190
11  83  53  68  24   0   3 0.00  0.0    M 12.6 23 250   M    M   0        28 250
12  69  44  57  12   8   0 0.06  0.0    M  9.4 25 290   M    M   3 1      33 290
13  55  38  47   2  18   0 0.00  0.0    M 10.7 23 300   M    M   1        30 290
14  59  40  50   4  15   0 0.00  0.0    M  6.7 17 360   M    M   0        22 350
15  65  40  53   7  12   0 0.01  0.0    M 15.7 30 220   M    M   3 1      38 210
16  82  54  68  22   0   3 0.03  0.0    M 17.9 31 300   M    M   2        41 220
17  68  47  58  11   7   0    T  0.0    M 13.6 28 300   M    M   1        35 320
18  55  36  46  -1  19   0 0.00  0.0    M  7.8 16 120   M    M   2        22 120
19  50  35  43  -5  22   0 0.06  0.0    M 11.5 22 190   M    M   6 1      28 180
20  61  41  51   3  14   0 0.04  0.0    M  7.7 17 210   M    M   9 1      23 200
21  45  40  43  -5  22   0 0.56  0.0    M  8.5 14 100   M    M  10 12     21  70
22  46  39  43  -6  22   0 0.03  0.0    M  6.6 13  50   M    M   9 12     18  30
23  65  36  51   2  14   0 0.00  0.0    M  8.2 17 190   M    M   1        22 190
================================================================================
SM 1309  884       397   6  3.87     2.9 252.3          M      110
================================================================================
AV 56.9 38.4                              11.0 FASTST   M    M   5    MAX(MPH)
                                 MISC ---->  # 31 300               # 41  220
================================================================================
NOTES:
# LAST OF SEVERAL OCCURRENCES

COLUMN 17 PEAK WIND IN M.P.H.

PRELIMINARY LOCAL CLIMATOLOGICAL DATA (WS FORM: F-6) , PAGE 2

                                          STATION:  WORCESTER MA
                                          MONTH:    APRIL
                                          YEAR:     2017
                                          LATITUDE:   42 16 N
                                          LONGITUDE:  71 52 W

[TEMPERATURE DATA]      [PRECIPITATION DATA]       SYMBOLS USED IN COLUMN 16

AVERAGE MONTHLY: 47.7   TOTAL FOR MONTH:   3.87    1 = FOG OR MIST
DPTR FM NORMAL:   3.0   DPTR FM NORMAL:    0.66    2 = FOG REDUCING VISIBILITY
HIGHEST:    83 ON 11    GRTST 24HR  1.17 ON  6- 6      TO 1/4 MILE OR LESS
LOWEST:     30 ON  1                               3 = THUNDER
                        SNOW, ICE PELLETS, HAIL    4 = ICE PELLETS
                        TOTAL MONTH:   2.9 INCHES  5 = HAIL
                        GRTST 24HR   2.9 ON  1- 1  6 = FREEZING RAIN OR DRIZZLE
                        GRTST DEPTH:  M  ON   M    7 = DUSTSTORM OR SANDSTORM:
                                                       VSBY 1/2 MILE OR LESS
                                                   8 = SMOKE OR HAZE
[NO. OF DAYS WITH]      [WEATHER - DAYS WITH]      9 = BLOWING SNOW
                                                   X = TORNADO
MAX 32 OR BELOW:   0    0.01 INCH OR MORE:  11
MAX 90 OR ABOVE:   0    0.10 INCH OR MORE:   4
MIN 32 OR BELOW:   4    0.50 INCH OR MORE:   4
MIN  0 OR BELOW:   0    1.00 INCH OR MORE:   2

[HDD (BASE 65) ]
TOTAL THIS MO.   397    CLEAR  (SCALE 0-3)  11
DPTR FM NORMAL   -71    PTCLDY (SCALE 4-7)   4
TOTAL FM JUL 1  5754    CLOUDY (SCALE 8-10)  8
DPTR FM NORMAL  -490

[CDD (BASE 65) ]
TOTAL THIS MO.     6
DPTR FM NORMAL     6    [PRESSURE DATA]
TOTAL FM JAN 1     6    HIGHEST SLP M ON M
DPTR FM NORMAL     6    LOWEST  SLP 29.23 ON  6

[REMARKS]
