000
CXUS53 KDMX 010920
CF6OTM
PRELIMINARY LOCAL CLIMATOLOGICAL DATA (WS FORM: F-6)

                                          STATION:   OTTUMWA IA
                                          MONTH:     JUNE
                                          YEAR:      2015
                                          LATITUDE:   41  6 N
                                          LONGITUDE:  92 27 W

  TEMPERATURE IN F:       :PCPN:    SNOW:  WIND      :SUNSHINE: SKY     :PK WND
================================================================================
1   2   3   4   5  6A  6B    7    8   9   10  11  12  13   14  15   16   17  18
                                     12Z  AVG MX 2MIN
DY MAX MIN AVG DEP HDD CDD  WTR  SNW DPTH SPD SPD DIR MIN PSBL S-S WX    SPD DR
================================================================================

 1  70  49  60  -7   5   0 0.00  0.0    0  6.7 15 120   M    M   3        19  90
 2  70  50  60  -7   5   0 0.00  0.0    0  7.4 16 140   M    M   4 12     21 170
 3  73  56  65  -2   0   0    T  0.0    0 10.0 22 180   M    M   3 1      26 180
 4  81  60  71   3   0   6 0.00  0.0    0  4.8 14 190   M    M   0 1      18 210
 5  87  63  75   7   0  10 0.00  0.0    0  8.1 16  70   M    M   3        21  70
 6  77  60  69   1   0   4 0.00  0.0    0 10.2 16 120   M    M   1        24 120
 7  86  65  76   7   0  11 0.74  0.0    0  9.9 35 340   M    M   4 13     41 350
 8  85  59  72   3   0   7 0.00  0.0    0  8.4 20 320   M    M   1        26 320
 9  91  60  76   7   0  11 0.00  0.0    0  8.6 17 240   M    M   0        22 240
10  92  69  81  11   0  16 0.38  0.0    0  6.6 30 210   M    M   2 3      39 210
11  77  68  73   3   0   8 0.48  0.0    0  9.4 28 190   M    M   6 13     34 190
12  71  67  69  -1   0   4 0.00  0.0    0  6.5 15 320   M    M  10 1      17 310
13  75  64  70   0   0   5 0.17  0.0    0  2.3  8 160   M    M   8 12     10 200
14  84  66  75   4   0  10 1.64  0.0    0  5.0 35 310   M    M   7 123    43 330
15  82  63  73   2   0   8 0.45  0.0    0  8.7 20 340   M    M   7 1      23 340
16  79  60  70  -1   0   5    T  0.0    0  8.4 14 100   M    M   2        20  70
17  82  64  73   1   0   8    T  0.0    0  5.9 12  70   M    M   5 1      13 220
18  79  63  71  -1   0   6 0.00  0.0    0  6.7 15 360   M    M   3        18 350
19  81  61  71  -1   0   6 0.00  0.0    0 10.0 18  80   M    M   0        25  80
20  90  57  74   2   0   9 1.14  0.0    0 10.4 33 280   M    M   1 13     45 270
21  82  65  74   1   0   9    T  0.0    0  4.3 13 130   M    M   5 12     15 120
22  87  68  78   5   0  13 0.42  0.0    0 12.1 25 170   M    M   4 13     29 210
23  79  61  70  -3   0   5 0.00  0.0    0  6.0 14  50   M    M   1        17  40
24  75  64  70  -3   0   5 0.64  0.0    0 10.0 22 120   M    M   7 13     28 160
25  79  66  73  -1   0   8 0.64  0.0    0  5.9 25 180   M    M   6 13     30 180
26  74  60  67  -7   0   2 0.05  0.0    0  9.0 17  10   M    M   6 1      23  30
27  81  56  69  -5   0   4 0.00  0.0    0  5.2 13 330   M    M   1 1      16 330
28  82  61  72  -2   0   7 1.04  0.0    0  7.2 23  40   M    M   4 1238   32  40
29  82  65  74   0   0   9 0.00  0.0    0  7.3 17 330   M    M   4 12     21 330
30  81  64  73  -1   0   8 0.00  0.0    0  6.5 14 330   M    M   0 18     17 340
================================================================================
SM 2414 1854        10 204  7.79     0.0 227.5          M      108
================================================================================
AV 80.5 61.8                               7.6 FASTST   M    M   4    MAX(MPH)
                                 MISC ---->  # 35 340               # 45  270
================================================================================
NOTES:
# LAST OF SEVERAL OCCURRENCES

COLUMN 17 PEAK WIND IN M.P.H.

PRELIMINARY LOCAL CLIMATOLOGICAL DATA (WS FORM: F-6) , PAGE 2

                                          STATION:  OTTUMWA IA
                                          MONTH:    JUNE
                                          YEAR:     2015
                                          LATITUDE:   41  6 N
                                          LONGITUDE:  92 27 W

[TEMPERATURE DATA]      [PRECIPITATION DATA]       SYMBOLS USED IN COLUMN 16

AVERAGE MONTHLY: 71.1   TOTAL FOR MONTH:   7.79    1 = FOG OR MIST
DPTR FM NORMAL:   0.1   DPTR FM NORMAL:    2.70    2 = FOG REDUCING VISIBILITY
HIGHEST:    92 ON 10    GRTST 24HR  2.08 ON 14-15      TO 1/4 MILE OR LESS
LOWEST:     49 ON  1                               3 = THUNDER
                        SNOW, ICE PELLETS, HAIL    4 = ICE PELLETS
                        TOTAL MONTH:   0.0 INCH    5 = HAIL
                        GRTST 24HR     0.0         6 = FREEZING RAIN OR DRIZZLE
                        GRTST DEPTH:   0           7 = DUSTSTORM OR SANDSTORM:
                                                       VSBY 1/2 MILE OR LESS
                                                   8 = SMOKE OR HAZE
[NO. OF DAYS WITH]      [WEATHER - DAYS WITH]      9 = BLOWING SNOW
                                                   X = TORNADO
MAX 32 OR BELOW:   0    0.01 INCH OR MORE:  12
MAX 90 OR ABOVE:   3    0.10 INCH OR MORE:  11
MIN 32 OR BELOW:   0    0.50 INCH OR MORE:   6
MIN  0 OR BELOW:   0    1.00 INCH OR MORE:   3

[HDD (BASE 65) ]
TOTAL THIS MO.    10    CLEAR  (SCALE 0-3)  15
DPTR FM NORMAL   -11    PTCLDY (SCALE 4-7)  13
TOTAL FM JUL 1  6379    CLOUDY (SCALE 8-10)  2
DPTR FM NORMAL    62

[CDD (BASE 65) ]
TOTAL THIS MO.   204
DPTR FM NORMAL     3    [PRESSURE DATA]
TOTAL FM JAN 1   265    HIGHEST SLP 30.22 ON  1
DPTR FM NORMAL     0    LOWEST  SLP 29.57 ON 11

[REMARKS]
#FINAL-06-15#
