013
CXAK56 PAFG 231311
CF6OTZ
PRELIMINARY LOCAL CLIMATOLOGICAL DATA (WS FORM: F-6)

                                          STATION:   KOTZEBUE AK
                                          MONTH:     MARCH
                                          YEAR:      2017
                                          LATITUDE:   66 52 N
                                          LONGITUDE: 162 38 W

  TEMPERATURE IN F:       :PCPN:    SNOW:  WIND      :SUNSHINE: SKY     :PK WND
================================================================================
1   2   3   4   5  6A  6B    7    8   9   10  11  12  13   14  15   16   17  18
                                     12Z  AVG MX 2MIN
DY MAX MIN AVG DEP HDD CDD  WTR  SNW DPTH SPD SPD DIR MIN PSBL S-S WX    SPD DR
================================================================================

 1   M -20   M   M   M   M 0.00  0.0   45  2.9 10 220   M    M   3 18     12 230
 2   M   M   M   M   M   M 0.00  0.0   45  7.9 14 310   M    M   0 8       M  M
 3  -4 -23 -13 -13  78   0 0.01  0.1   45  3.3 10 250   M    M   7 8      11 250
 4   6 -12  -3  -3  68   0    T    T   45 12.2 24 290   M    M   6 189    26 290
 5  -9 -23 -16 -16  81   0 0.00  0.0   45  6.1 20 320   M    M   1 8      22 310
 6 -14 -28 -21 -21  86   0 0.00  0.0   45  3.9 10 280   M    M   0 18     12 300
 7 -10 -27 -18 -18  83   0 0.00  0.0   45  3.5 12 120   M    M   1 18     13 120
 8  -1 -22 -11 -11  76   0 0.00  0.0   45 16.2 26 120   M    M   2 189    30 130
 9  12  -1   6   6  59   0 0.00  0.0   45 24.2 29 120   M    M   7 89     34 120
10  15   1   8   8  57   0 0.00  0.0   45 13.9 22 130   M    M   7 189    25 130
11  22   8  15  15  50   0    T    T   45  5.6 13 280   M    M  10 12     13 280
12  12  -5   4   4  61   0 0.00  0.0   45  2.8  9 290   M    M   5 128    11 310
13  11  -6   3   3  62   0    T    T   45  8.5 25 350   M    M   3 18     29 350
14  -3 -20 -11 -11  76   0 0.02  0.4   46  3.9 15 330   M    M   3 18     18 330
15  -5 -19 -12 -12  77   0 0.00  0.0   46  4.7 13 340   M    M   0        16 330
16  -8 -24 -16 -16  81   0 0.00  0.0   46  9.1 18 100   M    M   1 18     21 100
17   4 -11  -3  -4  68   0 0.00  0.0   46 13.8 21 110   M    M   7        23 110
18   1 -15  -7  -8  72   0 0.00  0.0   46  4.1 12  40   M    M   0        13  50
19  -8 -23 -15 -16  80   0 0.00  0.0   46  2.7  9  60   M    M   2 18      9  60
20  -1 -16  -8  -9  73   0 0.00  0.0   46  6.7 16 300   M    M   3 18     18 300
21  -1 -15  -8  -9  73   0 0.00  0.0   46  2.4 10 300   M    M   2 128    13 300
22   4 -16  -6  -7  71   0    T  0.2   46  3.1  9 110   M    M   7 18     12 110
================================================================================
SM   23 -317      1432   0  0.03     0.7 161.5          M       77
================================================================================
AV  1.2-15.1                               7.3 FASTST   M    M   4    MAX(MPH)
                                 MISC ---->  # 29 120               # 34  120
================================================================================
NOTES:
# LAST OF SEVERAL OCCURRENCES

COLUMN 17 PEAK WIND IN M.P.H.

PRELIMINARY LOCAL CLIMATOLOGICAL DATA (WS FORM: F-6) , PAGE 2

                                          STATION:  KOTZEBUE AK
                                          MONTH:    MARCH
                                          YEAR:     2017
                                          LATITUDE:   66 52 N
                                          LONGITUDE: 162 38 W

[TEMPERATURE DATA]      [PRECIPITATION DATA]       SYMBOLS USED IN COLUMN 16

AVERAGE MONTHLY: -7.0   TOTAL FOR MONTH:   0.03    1 = FOG OR MIST
DPTR FM NORMAL:  -7.2   DPTR FM NORMAL:   -0.31    2 = FOG REDUCING VISIBILITY
HIGHEST:    22 ON 11    GRTST 24HR  0.02 ON 14-14      TO 1/4 MILE OR LESS
LOWEST:    -28 ON  6                               3 = THUNDER
                        SNOW, ICE PELLETS, HAIL    4 = ICE PELLETS
                        TOTAL MONTH:   0.7 INCH    5 = HAIL
                        GRTST 24HR   0.4 ON   M    6 = FREEZING RAIN OR DRIZZLE
                        GRTST DEPTH:  46 ON 22,21  7 = DUSTSTORM OR SANDSTORM:
                                                       VSBY 1/2 MILE OR LESS
                                                   8 = SMOKE OR HAZE
[NO. OF DAYS WITH]      [WEATHER - DAYS WITH]      9 = BLOWING SNOW
                                                   X = TORNADO
MAX 32 OR BELOW:  20    0.01 INCH OR MORE:   2
MAX 90 OR ABOVE:   0    0.10 INCH OR MORE:   0
MIN 32 OR BELOW:  21    0.50 INCH OR MORE:   0
MIN  0 OR BELOW:  19    1.00 INCH OR MORE:   0

[HDD (BASE 65) ]
TOTAL THIS MO.  1432    CLEAR  (SCALE 0-3)  12
DPTR FM NORMAL     8    PTCLDY (SCALE 4-7)   9
TOTAL FM JUL 1 10291    CLOUDY (SCALE 8-10)  1
DPTR FM NORMAL -1378

[CDD (BASE 65) ]
TOTAL THIS MO.     0
DPTR FM NORMAL     0    [PRESSURE DATA]
TOTAL FM JAN 1     0    HIGHEST SLP M ON M
DPTR FM NORMAL     0    LOWEST  SLP 29.89 ON 22

[REMARKS]
