000
CXUS53 KARX 200930
CF6OVS
PRELIMINARY LOCAL CLIMATOLOGICAL DATA (WS FORM: F-6)

                                          STATION:   BOSCOBEL_(ASOS) WI
                                          MONTH:     JANUARY
                                          YEAR:      2018
                                          LATITUDE:   43  9 N
                                          LONGITUDE:  90 41 W

  TEMPERATURE IN F:       :PCPN:    SNOW:  WIND      :SUNSHINE: SKY     :PK WND
================================================================================
1   2   3   4   5  6A  6B    7    8   9   10  11  12  13   14  15   16   17  18
                                     12Z  AVG MX 2MIN
DY MAX MIN AVG DEP HDD CDD  WTR  SNW DPTH SPD SPD DIR MIN PSBL S-S WX    SPD DR
================================================================================

 1   4 -15  -5 -25  70   0 0.00  0.0    M  5.9  9 220   M    M   0        13 290
 2  13 -13   0 -20  65   0    T    M    M  9.4 18 220   M    M   1        26 240
 3  16  -9   4 -15  61   0    T    M    M  5.9 17 350   M    M   3 18     25 360
 4  13 -16  -1 -20  66   0 0.00  0.0    M  1.3 10 310   M    M   0 18     14 360
 5  12 -17  -2 -21  67   0 0.00  0.0    M  1.6 12 320   M    M   0 18     15 340
 6  13 -18  -2 -21  67   0 0.00  0.0    M  2.9 12 210   M    M   1 18     17 200
 7  34  11  23   4  42   0    T    T    0  8.2 16 210   M    M   5        23 210
 8  44  24  34  15  31   0 0.00  0.0    M  6.5 14 270   M    M   3 1      20 240
 9  43  22  33  14  32   0 0.00  0.0    M  2.7  9 180   M    M   0 18     15 180
10  46  33  40  21  25   0    T  0.0    M  6.5 14 190   M    M   9 18     23 200
11  50  11  31  12  34   0 0.05    M    0  8.7 18 320   M    M  10 1      26 290
12  18   1  10  -8  55   0 0.00  0.0    M  8.5 18 350   M    M   3        29 350
13  12  -9   2 -16  63   0 0.00  0.0    M  2.2 10 310   M    M   0 18     16 310
14  21 -13   4 -14  61   0 0.04    M    M  2.0 13 190   M    M   6 18     22 170
15  21   5  13  -5  52   0 0.02    M    M  4.9 15 300   M    M  10        21 290
16  19  -2   9  -9  56   0    T    M    M  4.1 12 300   M    M   3 18     15 290
17  25  -5  10  -8  55   0 0.00  0.0    M  9.0 18 220   M    M   0        29 220
18  37  15  26   8  39   0 0.00  0.0    M  7.3 15 210   M    M   0        22 210
19  45  18  32  14  33   0 0.00  0.0    0  6.7 17 210   M    M   0        24 210
================================================================================
SM  486   23       974   0  0.11    T    104.3          M       54
================================================================================
AV 25.6  1.2                               5.5 FASTST   M    M   3    MAX(MPH)
                                 MISC ---->  # 18 220               # 29  350
================================================================================
NOTES:
# LAST OF SEVERAL OCCURRENCES

COLUMN 17 PEAK WIND IN M.P.H.

PRELIMINARY LOCAL CLIMATOLOGICAL DATA (WS FORM: F-6) , PAGE 2

                                          STATION:  BOSCOBEL_(ASOS) WI
                                          MONTH:    JANUARY
                                          YEAR:     2018
                                          LATITUDE:   43  9 N
                                          LONGITUDE:  90 41 W

[TEMPERATURE DATA]      [PRECIPITATION DATA]       SYMBOLS USED IN COLUMN 16

AVERAGE MONTHLY: 13.4   TOTAL FOR MONTH:   0.11    1 = FOG OR MIST
DPTR FM NORMAL:  -5.3   DPTR FM NORMAL:   -0.39    2 = FOG REDUCING VISIBILITY
HIGHEST:    50 ON 11    GRTST 24HR  0.05 ON 11-11      TO 1/4 MILE OR LESS
LOWEST:    -18 ON  6                               3 = THUNDER
                        SNOW, ICE PELLETS, HAIL    4 = ICE PELLETS
                        TOTAL MONTH:    T          5 = HAIL
                        GRTST 24HR    T  ON  7- 7  6 = FREEZING RAIN OR DRIZZLE
                        GRTST DEPTH:   0           7 = DUSTSTORM OR SANDSTORM:
                                                       VSBY 1/2 MILE OR LESS
                                                   8 = SMOKE OR HAZE
[NO. OF DAYS WITH]      [WEATHER - DAYS WITH]      9 = BLOWING SNOW
                                                   X = TORNADO
MAX 32 OR BELOW:  12    0.01 INCH OR MORE:   3
MAX 90 OR ABOVE:   0    0.10 INCH OR MORE:   0
MIN 32 OR BELOW:  18    0.50 INCH OR MORE:   0
MIN  0 OR BELOW:  10    1.00 INCH OR MORE:   0

[HDD (BASE 65) ]
TOTAL THIS MO.   974    CLEAR  (SCALE 0-3)  12
DPTR FM NORMAL    96    PTCLDY (SCALE 4-7)   4
TOTAL FM JUL 1  3549    CLOUDY (SCALE 8-10)  3
DPTR FM NORMAL  -133

[CDD (BASE 65) ]
TOTAL THIS MO.     0
DPTR FM NORMAL     0    [PRESSURE DATA]
TOTAL FM JAN 1     0    HIGHEST SLP M ON M
DPTR FM NORMAL     0    LOWEST  SLP 29.61 ON 19

[REMARKS]
