000
CXUS56 KLKN 171001
CF6P68
PRELIMINARY LOCAL CLIMATOLOGICAL DATA (WS FORM: F-6)

                                          STATION:   EUREKA AIRPORT NV
                                          MONTH:     APRIL
                                          YEAR:      2014
                                          LATITUDE:   39 30 N
                                          LONGITUDE: 115 58 W

  TEMPERATURE IN F:       :PCPN:    SNOW:  WIND      :SUNSHINE: SKY     :PK WND
================================================================================
1   2   3   4   5  6A  6B    7    8   9   10  11  12  13   14  15   16   17  18
                                     12Z  AVG MX 2MIN
DY MAX MIN AVG DEP HDD CDD  WTR  SNW DPTH SPD SPD DIR MIN PSBL S-S WX    SPD DR
================================================================================

 1  41  26  34  -6  31   0 0.03    M    M  8.2 25 250   M    M   M        31 250
 2  43  21  32  -8  33   0 0.01    M    M  7.9 22 270   M    M   M        27 270
 3  49  23  36  -4  29   0 0.00    M    M  3.2 10 150   M    M   M        13 140
 4  50  26  38  -3  27   0 0.07    M    M  4.6 23 250   M    M   M        30 210
 5  46  28  37  -4  28   0 0.02    M    M  5.3 24 330   M    M   M        30 320
 6  57  26  42   1  23   0 0.00    M    M  8.2 21 360   M    M   M        27 350
 7  66  26  46   5  19   0 0.00    M    M  5.7 12  10   M    M   M        17  30
 8  76  32  54  13  11   0 0.00    M    M  6.4 16 270   M    M   M        22 200
 9  73  35  54  12  11   0 0.00    M    M  7.1 20 300   M    M   M        26 240
10  73  33  53  11  12   0 0.00    M    M  7.4 20 280   M    M   M        30 260
11  73  29  51   9  14   0 0.00    M    M  6.6 18  50   M    M   M        25  50
12  68  39  54  12  11   0 0.00    M    M  8.8 35 330   M    M   M        51 340
13  55  26  41  -2  24   0 0.00    M    M 14.9 30 340   M    M   M        37 360
14  66  18  42  -1  23   0 0.00    M    M  5.2 12 170   M    M   M        16  20
15  70  31  51   8  14   0 0.00    M    M 11.2 28 300   M    M   M        37 280
16  61  29  45   2  20   0 0.00  0.0    0  6.9 20 360   M    M   0        24 350
================================================================================
SM  967  448       330   0  0.13     0.0 117.6          M        0
================================================================================
AV 60.4 28.0                               7.3 FASTST   M    M   0    MAX(MPH)
                                 MISC ---->  # 35 330               # 51  340
================================================================================
NOTES:
# LAST OF SEVERAL OCCURRENCES

COLUMN 17 PEAK WIND IN M.P.H.

PRELIMINARY LOCAL CLIMATOLOGICAL DATA (WS FORM: F-6) , PAGE 2

                                          STATION:  EUREKA AIRPORT NV
                                          MONTH:    APRIL
                                          YEAR:     2014
                                          LATITUDE:   39 30 N
                                          LONGITUDE: 115 58 W

[TEMPERATURE DATA]      [PRECIPITATION DATA]       SYMBOLS USED IN COLUMN 16

AVERAGE MONTHLY: 44.2   TOTAL FOR MONTH:   0.13    1 = FOG OR MIST
DPTR FM NORMAL:   2.7   DPTR FM NORMAL:   -0.37    2 = FOG REDUCING VISIBILITY
HIGHEST:    76 ON  8    GRTST 24HR  0.09 ON  4- 5      TO 1/4 MILE OR LESS
LOWEST:     18 ON 14                               3 = THUNDER
                        SNOW, ICE PELLETS, HAIL    4 = ICE PELLETS
                        TOTAL MONTH:   0.0 INCH    5 = HAIL
                        GRTST 24HR     0.0         6 = FREEZING RAIN OR DRIZZLE
                        GRTST DEPTH:   0           7 = DUSTSTORM OR SANDSTORM:
                                                       VSBY 1/2 MILE OR LESS
                                                   8 = SMOKE OR HAZE
[NO. OF DAYS WITH]      [WEATHER - DAYS WITH]      9 = BLOWING SNOW
                                                   X = TORNADO
MAX 32 OR BELOW:   0    0.01 INCH OR MORE:   4
MAX 90 OR ABOVE:   0    0.10 INCH OR MORE:   0
MIN 32 OR BELOW:  13    0.50 INCH OR MORE:   0
MIN  0 OR BELOW:   0    1.00 INCH OR MORE:   0

[HDD (BASE 65) ]
TOTAL THIS MO.   330    CLEAR  (SCALE 0-3)   1
DPTR FM NORMAL   -45    PTCLDY (SCALE 4-7)   0
TOTAL FM JUL 1  5912    CLOUDY (SCALE 8-10)  0
DPTR FM NORMAL  -619

[CDD (BASE 65) ]
TOTAL THIS MO.     0
DPTR FM NORMAL     0    [PRESSURE DATA]
TOTAL FM JAN 1     0    HIGHEST SLP M ON M
DPTR FM NORMAL     0    LOWEST  SLP 29.58 ON  1

[REMARKS]
