000
CXUS56 KLKN 251009
CF6P68
PRELIMINARY LOCAL CLIMATOLOGICAL DATA (WS FORM: F-6)

                                          STATION:   EUREKA AIRPORT NV
                                          MONTH:     AUGUST
                                          YEAR:      2016
                                          LATITUDE:   39 30 N
                                          LONGITUDE: 115 58 W

  TEMPERATURE IN F:       :PCPN:    SNOW:  WIND      :SUNSHINE: SKY     :PK WND
================================================================================
1   2   3   4   5  6A  6B    7    8   9   10  11  12  13   14  15   16   17  18
                                     12Z  AVG MX 2MIN
DY MAX MIN AVG DEP HDD CDD  WTR  SNW DPTH SPD SPD DIR MIN PSBL S-S WX    SPD DR
================================================================================

 1  97  53  75   5   0  10 0.00    M    M  6.2 20 170   M    M   M        24 290
 2  95  55  75   5   0  10 0.00    M    M  7.0 23 150   M    M   M        28 160
 3  93  49  71   1   0   6 0.00    M    M  6.6 23  20   M    M   M        28  20
 4  93  45  69  -1   0   4 0.00    M    M  9.4 38 130   M    M   M        48 130
 5  83  60  72   2   0   7 0.00    M    M  7.6 21  20   M    M   M        27  20
 6  91  46  69   0   0   4 0.00    M    M 11.2 26 190   M    M   M        39 150
 7  89  47  68  -1   0   3 0.00    M    M  7.9 20 240   M    M   M        24 260
 8  91  44  68  -1   0   3 0.00    M    M  9.0 24 240   M    M   M        35 260
 9  88  43  66  -3   0   1 0.00    M    M  6.4 20 300   M    M   M        26 320
10  86  42  64  -5   1   0 0.00    M    M  5.6 26 280   M    M   M        34 280
11  87  44  66  -2   0   1 0.00    M    M  5.8 14  30   M    M   M        21  10
12  89  44  67  -1   0   2 0.00    M    M  6.2 17  10   M    M   M        21  10
13  91  45  68   0   0   3 0.00    M    M  6.0 15  20   M    M   M        21  30
14  95  48  72   4   0   7 0.00    M    M  7.0 16 290   M    M   M        24 220
15  91  54  73   5   0   8 0.00    M    M  6.9 32 170   M    M   M        39 150
16  92  47  70   3   0   5 0.00    M    M  6.8 18 170   M    M   M        26 170
17  92  51  72   5   0   7 0.00    M    M  9.0 23 150   M    M   M        30 170
18  93  49  71   4   0   6 0.00    M    M  6.7 14 330   M    M   M        19  40
19  91  49  70   3   0   5 0.00    M    M  7.5 18  20   M    M   M        23  40
20  91  44  68   2   0   3 0.00    M    M  7.6 18 340   M    M   M        25  30
21  92  49  71   5   0   6 0.00    M    M  7.9 21 300   M    M   M        28 310
22  87  50  69   3   0   4 0.00    M    M  7.9 30 320   M    M   M        40 320
23  87  52  70   4   0   5 0.00    M    M  7.9 25 300   M    M   M        35 280
24  85  41  63  -3   2   0 0.00    M    M  5.6 22 290   M    M   M        27 300
================================================================================
SM 2169 1151         3 110  0.00    M    175.7          M        M
================================================================================
AV 90.4 48.0                               7.3 FASTST   M    M   0    MAX(MPH)
                                 MISC ---->  # 38 130               # 48  130
================================================================================
NOTES:
# LAST OF SEVERAL OCCURRENCES

COLUMN 17 PEAK WIND IN M.P.H.

PRELIMINARY LOCAL CLIMATOLOGICAL DATA (WS FORM: F-6) , PAGE 2

                                          STATION:  EUREKA AIRPORT NV
                                          MONTH:    AUGUST
                                          YEAR:     2016
                                          LATITUDE:   39 30 N
                                          LONGITUDE: 115 58 W

[TEMPERATURE DATA]      [PRECIPITATION DATA]       SYMBOLS USED IN COLUMN 16

AVERAGE MONTHLY: 69.2   TOTAL FOR MONTH:   0.00    1 = FOG OR MIST
DPTR FM NORMAL:   1.1   DPTR FM NORMAL:   -0.44    2 = FOG REDUCING VISIBILITY
HIGHEST:    97 ON  1    GRTST 24HR  0.00 ON 24-24      TO 1/4 MILE OR LESS
LOWEST:     41 ON 24                               3 = THUNDER
                        SNOW, ICE PELLETS, HAIL    4 = ICE PELLETS
                        TOTAL MONTH:    M          5 = HAIL
                        GRTST 24HR    M  ON   M    6 = FREEZING RAIN OR DRIZZLE
                        GRTST DEPTH:  M  ON   M    7 = DUSTSTORM OR SANDSTORM:
                                                       VSBY 1/2 MILE OR LESS
                                                   8 = SMOKE OR HAZE
[NO. OF DAYS WITH]      [WEATHER - DAYS WITH]      9 = BLOWING SNOW
                                                   X = TORNADO
MAX 32 OR BELOW:   0    0.01 INCH OR MORE:   0
MAX 90 OR ABOVE:  15    0.10 INCH OR MORE:   0
MIN 32 OR BELOW:   0    0.50 INCH OR MORE:   0
MIN  0 OR BELOW:   0    1.00 INCH OR MORE:   0

[HDD (BASE 65) ]
TOTAL THIS MO.     3    CLEAR  (SCALE 0-3)   0
DPTR FM NORMAL   -15    PTCLDY (SCALE 4-7)   0
TOTAL FM JUL 1    16    CLOUDY (SCALE 8-10)  0
DPTR FM NORMAL   -15

[CDD (BASE 65) ]
TOTAL THIS MO.   110
DPTR FM NORMAL    21    [PRESSURE DATA]
TOTAL FM JAN 1   400    HIGHEST SLP M ON M
DPTR FM NORMAL   136    LOWEST  SLP 29.67 ON  8

[REMARKS]
